{"version":"1.0","provider_name":"Office de Tourisme Aspres-Thuir","provider_url":"https:\/\/aspres-thuir.com\/ca\/","author_name":"Office de Tourisme Aspres-Thuir","author_url":"https:\/\/aspres-thuir.com\/ca\/","title":"LES BAINS DOUCHES - Office de Tourisme Aspres-Thuir","type":"rich","width":600,"height":338,"html":"<blockquote class=\"wp-embedded-content\" data-secret=\"Pyuywn4DTk\"><a href=\"https:\/\/aspres-thuir.com\/ca\/meubles-classes\/les-bains-douches\/\">LES BAINS DOUCHES<\/a><\/blockquote><iframe sandbox=\"allow-scripts\" security=\"restricted\" src=\"https:\/\/aspres-thuir.com\/ca\/meubles-classes\/les-bains-douches\/embed\/#?secret=Pyuywn4DTk\" width=\"600\" height=\"338\" title=\"&#8220;LES BAINS DOUCHES&#8221; &#8212; Office de Tourisme Aspres-Thuir\" data-secret=\"Pyuywn4DTk\" frameborder=\"0\" marginwidth=\"0\" marginheight=\"0\" scrolling=\"no\" class=\"wp-embedded-content\"><\/iframe><script type=\"text\/javascript\">\n\/* <![CDATA[ *\/\n\/*! This file is auto-generated *\/\n!function(d,l){\"use strict\";l.querySelector&&d.addEventListener&&\"undefined\"!=typeof URL&&(d.wp=d.wp||{},d.wp.receiveEmbedMessage||(d.wp.receiveEmbedMessage=function(e){var t=e.data;if((t||t.secret||t.message||t.value)&&!\/[^a-zA-Z0-9]\/.test(t.secret)){for(var s,r,n,a=l.querySelectorAll('iframe[data-secret=\"'+t.secret+'\"]'),o=l.querySelectorAll('blockquote[data-secret=\"'+t.secret+'\"]'),c=new RegExp(\"^https?:$\",\"i\"),i=0;i<o.length;i++)o[i].style.display=\"none\";for(i=0;i<a.length;i++)s=a[i],e.source===s.contentWindow&&(s.removeAttribute(\"style\"),\"height\"===t.message?(1e3<(r=parseInt(t.value,10))?r=1e3:~~r<200&&(r=200),s.height=r):\"link\"===t.message&&(r=new URL(s.getAttribute(\"src\")),n=new URL(t.value),c.test(n.protocol))&&n.host===r.host&&l.activeElement===s&&(d.top.location.href=t.value))}},d.addEventListener(\"message\",d.wp.receiveEmbedMessage,!1),l.addEventListener(\"DOMContentLoaded\",function(){for(var e,t,s=l.querySelectorAll(\"iframe.wp-embedded-content\"),r=0;r<s.length;r++)(t=(e=s[r]).getAttribute(\"data-secret\"))||(t=Math.random().toString(36).substring(2,12),e.src+=\"#?secret=\"+t,e.setAttribute(\"data-secret\",t)),e.contentWindow.postMessage({message:\"ready\",secret:t},\"*\")},!1)))}(window,document);\n\/* ]]> *\/\n<\/script>\n","thumbnail_url":"https:\/\/aspres-thuir.com\/wp-content\/uploads\/2026\/03\/66G121406.jpg","thumbnail_width":1440,"thumbnail_height":1080,"description":"Le village de Tresserre a gard\u00e9 son caract\u00e8re viticole et est entour\u00e9 de paysages vallonn\u00e9s au pied du massif du Canigo, alternant vignes et oliviers. Nombreuses balades au d\u00e9part du g\u00eete. Les plages de la M\u00e9diterran\u00e9e (23 km), Espagne (16 km), C\u00e9ret (15 km). Le g\u00eete est de plain-pied mais quelques marches sont n\u00e9cessaires pour [&hellip;]"}

Le village de Tresserre a gardé son caractère viticole et est entouré de paysages vallonnés au pied du massif du Canigo, alternant vignes et oliviers. Nombreuses balades au départ du gîte. Les plages de la Méditerranée (23 km), Espagne (16 km), Céret (15 km). Le gîte est de plain-pied mais quelques marches sont nécessaires pour [&hellip;]
