{"id":84245,"date":"2026-04-22T17:26:28","date_gmt":"2026-04-22T15:26:28","guid":{"rendered":"https:\/\/aspres-thuir.com\/evenement\/pellicu-live-festival\/"},"modified":"2026-04-22T17:26:28","modified_gmt":"2026-04-22T15:26:28","slug":"pellicu-live-festival","status":"publish","type":"tsc_evenement","link":"https:\/\/aspres-thuir.com\/ca\/evenement\/pellicu-live-festival\/","title":{"rendered":"PELLICU-LIVE FESTIVAL"},"content":{"rendered":"<p>Llums, c\u00e0mera, acci\u00f3!<\/p>\n<p>Despr\u00e9s d&#8217;una edici\u00f3 inoblidable del 2025, Pellicu-Live torna el 2026 al cor del Parc Palauda de Thuir <br \/>\n Un espai \u00fanic, nits atemporals i la mateixa promesa de sempre: cinema, m\u00fasica i gastronomia reunits sota les estrelles <\/p>\n<p> Les dates ja s\u00f3n aqu\u00ed\u2026 assegura&#8217;t de reservar-les ara! <\/p>\n<p> I estigues atent, perqu\u00e8 la setmana vinent arribaran algunes meravelloses sorpreses\u2026<\/p>\n","protected":false},"featured_media":0,"template":"","meta":{"_acf_changed":false,"_et_pb_use_builder":"","_et_pb_old_content":"","_et_gb_content_width":""},"tsc_cat_evenement":[],"class_list":["post-84245","tsc_evenement","type-tsc_evenement","status-publish","hentry"],"acf":[],"yoast_head":"<!-- This site is optimized with the Yoast SEO plugin v26.9 - https:\/\/yoast.com\/product\/yoast-seo-wordpress\/ -->\n<title>PELLICU-LIVE FESTIVAL - Office de Tourisme Aspres-Thuir<\/title>\n<meta name=\"robots\" content=\"index, follow, max-snippet:-1, max-image-preview:large, max-video-preview:-1\" \/>\n<link rel=\"canonical\" href=\"https:\/\/aspres-thuir.com\/ca\/evenement\/pellicu-live-festival\/\" \/>\n<meta property=\"og:locale\" content=\"ca_ES\" \/>\n<meta property=\"og:type\" content=\"article\" \/>\n<meta property=\"og:title\" content=\"PELLICU-LIVE FESTIVAL - Office de Tourisme Aspres-Thuir\" \/>\n<meta property=\"og:description\" content=\"Llums, c\u00e0mera, acci\u00f3! Despr\u00e9s d&#8217;una edici\u00f3 inoblidable del 2025, Pellicu-Live torna el 2026 al cor del Parc Palauda de Thuir Un espai \u00fanic, nits atemporals i la mateixa promesa de sempre: cinema, m\u00fasica i gastronomia reunits sota les estrelles Les dates ja s\u00f3n aqu\u00ed\u2026 assegura&#8217;t de reservar-les ara! I estigues atent, perqu\u00e8 la setmana vinent [&hellip;]\" \/>\n<meta property=\"og:site_name\" content=\"Office de Tourisme Aspres-Thuir\" \/>\n<meta name=\"twitter:card\" content=\"summary_large_image\" \/>\n<script type=\"application\/ld+json\" class=\"yoast-schema-graph\">{\"@context\":\"https:\/\/schema.org\",\"@graph\":[{\"@type\":\"WebPage\",\"@id\":\"https:\/\/aspres-thuir.com\/ca\/evenement\/pellicu-live-festival\/\",\"url\":\"https:\/\/aspres-thuir.com\/ca\/evenement\/pellicu-live-festival\/\",\"name\":\"PELLICU-LIVE FESTIVAL - Office de Tourisme Aspres-Thuir\",\"isPartOf\":{\"@id\":\"https:\/\/aspres-thuir.com\/ca\/#website\"},\"datePublished\":\"2026-04-22T15:26:28+00:00\",\"breadcrumb\":{\"@id\":\"https:\/\/aspres-thuir.com\/ca\/evenement\/pellicu-live-festival\/#breadcrumb\"},\"inLanguage\":\"ca\",\"potentialAction\":[{\"@type\":\"ReadAction\",\"target\":[\"https:\/\/aspres-thuir.com\/ca\/evenement\/pellicu-live-festival\/\"]}]},{\"@type\":\"BreadcrumbList\",\"@id\":\"https:\/\/aspres-thuir.com\/ca\/evenement\/pellicu-live-festival\/#breadcrumb\",\"itemListElement\":[{\"@type\":\"ListItem\",\"position\":1,\"name\":\"\",\"item\":\"https:\/\/aspres-thuir.com\/ca\/\"},{\"@type\":\"ListItem\",\"position\":2,\"name\":\"\u00c9v\u00e9nements\",\"item\":\"https:\/\/aspres-thuir.com\/ca\/evenement\/\"},{\"@type\":\"ListItem\",\"position\":3,\"name\":\"PELLICU-LIVE FESTIVAL\"}]},{\"@type\":\"WebSite\",\"@id\":\"https:\/\/aspres-thuir.com\/ca\/#website\",\"url\":\"https:\/\/aspres-thuir.com\/ca\/\",\"name\":\"Office de Tourisme Aspres-Thuir\",\"description\":\"\",\"potentialAction\":[{\"@type\":\"SearchAction\",\"target\":{\"@type\":\"EntryPoint\",\"urlTemplate\":\"https:\/\/aspres-thuir.com\/ca\/?s={search_term_string}\"},\"query-input\":{\"@type\":\"PropertyValueSpecification\",\"valueRequired\":true,\"valueName\":\"search_term_string\"}}],\"inLanguage\":\"ca\"}]}<\/script>\n<!-- \/ Yoast SEO plugin. -->","yoast_head_json":{"title":"PELLICU-LIVE FESTIVAL - Office de Tourisme Aspres-Thuir","robots":{"index":"index","follow":"follow","max-snippet":"max-snippet:-1","max-image-preview":"max-image-preview:large","max-video-preview":"max-video-preview:-1"},"canonical":"https:\/\/aspres-thuir.com\/ca\/evenement\/pellicu-live-festival\/","og_locale":"ca_ES","og_type":"article","og_title":"PELLICU-LIVE FESTIVAL - Office de Tourisme Aspres-Thuir","og_description":"Llums, c\u00e0mera, acci\u00f3! Despr\u00e9s d&#8217;una edici\u00f3 inoblidable del 2025, Pellicu-Live torna el 2026 al cor del Parc Palauda de Thuir Un espai \u00fanic, nits atemporals i la mateixa promesa de sempre: cinema, m\u00fasica i gastronomia reunits sota les estrelles Les dates ja s\u00f3n aqu\u00ed\u2026 assegura&#8217;t de reservar-les ara! I estigues atent, perqu\u00e8 la setmana vinent [&hellip;]","og_site_name":"Office de Tourisme Aspres-Thuir","twitter_card":"summary_large_image","schema":{"@context":"https:\/\/schema.org","@graph":[{"@type":"WebPage","@id":"https:\/\/aspres-thuir.com\/ca\/evenement\/pellicu-live-festival\/","url":"https:\/\/aspres-thuir.com\/ca\/evenement\/pellicu-live-festival\/","name":"PELLICU-LIVE FESTIVAL - Office de Tourisme Aspres-Thuir","isPartOf":{"@id":"https:\/\/aspres-thuir.com\/ca\/#website"},"datePublished":"2026-04-22T15:26:28+00:00","breadcrumb":{"@id":"https:\/\/aspres-thuir.com\/ca\/evenement\/pellicu-live-festival\/#breadcrumb"},"inLanguage":"ca","potentialAction":[{"@type":"ReadAction","target":["https:\/\/aspres-thuir.com\/ca\/evenement\/pellicu-live-festival\/"]}]},{"@type":"BreadcrumbList","@id":"https:\/\/aspres-thuir.com\/ca\/evenement\/pellicu-live-festival\/#breadcrumb","itemListElement":[{"@type":"ListItem","position":1,"name":"","item":"https:\/\/aspres-thuir.com\/ca\/"},{"@type":"ListItem","position":2,"name":"\u00c9v\u00e9nements","item":"https:\/\/aspres-thuir.com\/ca\/evenement\/"},{"@type":"ListItem","position":3,"name":"PELLICU-LIVE FESTIVAL"}]},{"@type":"WebSite","@id":"https:\/\/aspres-thuir.com\/ca\/#website","url":"https:\/\/aspres-thuir.com\/ca\/","name":"Office de Tourisme Aspres-Thuir","description":"","potentialAction":[{"@type":"SearchAction","target":{"@type":"EntryPoint","urlTemplate":"https:\/\/aspres-thuir.com\/ca\/?s={search_term_string}"},"query-input":{"@type":"PropertyValueSpecification","valueRequired":true,"valueName":"search_term_string"}}],"inLanguage":"ca"}]}},"_links":{"self":[{"href":"https:\/\/aspres-thuir.com\/ca\/wp-json\/wp\/v2\/tsc_evenement\/84245","targetHints":{"allow":["GET"]}}],"collection":[{"href":"https:\/\/aspres-thuir.com\/ca\/wp-json\/wp\/v2\/tsc_evenement"}],"about":[{"href":"https:\/\/aspres-thuir.com\/ca\/wp-json\/wp\/v2\/types\/tsc_evenement"}],"wp:attachment":[{"href":"https:\/\/aspres-thuir.com\/ca\/wp-json\/wp\/v2\/media?parent=84245"}],"wp:term":[{"taxonomy":"tsc_cat_evenement","embeddable":true,"href":"https:\/\/aspres-thuir.com\/ca\/wp-json\/wp\/v2\/tsc_cat_evenement?post=84245"}],"curies":[{"name":"wp","href":"https:\/\/api.w.org\/{rel}","templated":true}]}}

<p>Llums, càmera, acció!</p>
<p>Després d&#8217;una edició inoblidable del 2025, Pellicu-Live torna el 2026 al cor del Parc Palauda de Thuir <br />
 Un espai únic, nits atemporals i la mateixa promesa de sempre: cinema, música i gastronomia reunits sota les estrelles </p>
<p> Les dates ja són aquí… assegura&#8217;t de reservar-les ara! </p>
<p> I estigues atent, perquè la setmana vinent arribaran algunes meravelloses sorpreses…</p>

<!-- This site is optimized with the Yoast SEO plugin v26.9 - https://yoast.com/product/yoast-seo-wordpress/ -->
<title>PELLICU-LIVE FESTIVAL - Office de Tourisme Aspres-Thuir</title>
<meta name="robots" content="index, follow, max-snippet:-1, max-image-preview:large, max-video-preview:-1" />
<link rel="canonical" href="https://aspres-thuir.com/ca/evenement/pellicu-live-festival/" />
<meta property="og:locale" content="ca_ES" />
<meta property="og:type" content="article" />
<meta property="og:title" content="PELLICU-LIVE FESTIVAL - Office de Tourisme Aspres-Thuir" />
<meta property="og:description" content="Llums, càmera, acció! Després d&#8217;una edició inoblidable del 2025, Pellicu-Live torna el 2026 al cor del Parc Palauda de Thuir Un espai únic, nits atemporals i la mateixa promesa de sempre: cinema, música i gastronomia reunits sota les estrelles Les dates ja són aquí… assegura&#8217;t de reservar-les ara! I estigues atent, perquè la setmana vinent [&hellip;]" />
<meta property="og:site_name" content="Office de Tourisme Aspres-Thuir" />
<meta name="twitter:card" content="summary_large_image" />
<script type="application/ld+json" class="yoast-schema-graph">{"@context":"https://schema.org","@graph":[{"@type":"WebPage","@id":"https://aspres-thuir.com/ca/evenement/pellicu-live-festival/","url":"https://aspres-thuir.com/ca/evenement/pellicu-live-festival/","name":"PELLICU-LIVE FESTIVAL - Office de Tourisme Aspres-Thuir","isPartOf":{"@id":"https://aspres-thuir.com/ca/#website"},"datePublished":"2026-04-22T15:26:28+00:00","breadcrumb":{"@id":"https://aspres-thuir.com/ca/evenement/pellicu-live-festival/#breadcrumb"},"inLanguage":"ca","potentialAction":[{"@type":"ReadAction","target":["https://aspres-thuir.com/ca/evenement/pellicu-live-festival/"]}]},{"@type":"BreadcrumbList","@id":"https://aspres-thuir.com/ca/evenement/pellicu-live-festival/#breadcrumb","itemListElement":[{"@type":"ListItem","position":1,"name":"","item":"https://aspres-thuir.com/ca/"},{"@type":"ListItem","position":2,"name":"Événements","item":"https://aspres-thuir.com/ca/evenement/"},{"@type":"ListItem","position":3,"name":"PELLICU-LIVE FESTIVAL"}]},{"@type":"WebSite","@id":"https://aspres-thuir.com/ca/#website","url":"https://aspres-thuir.com/ca/","name":"Office de Tourisme Aspres-Thuir","description":"","potentialAction":[{"@type":"SearchAction","target":{"@type":"EntryPoint","urlTemplate":"https://aspres-thuir.com/ca/?s={search_term_string}"},"query-input":{"@type":"PropertyValueSpecification","valueRequired":true,"valueName":"search_term_string"}}],"inLanguage":"ca"}]}</script>
<!-- / Yoast SEO plugin. -->

Llums, càmera, acció! Després d&#8217;una edició inoblidable del 2025, Pellicu-Live torna el 2026 al cor del Parc Palauda de Thuir Un espai únic, nits atemporals i la mateixa promesa de sempre: cinema, música i gastronomia reunits sota les estrelles Les dates ja són aquí… assegura&#8217;t de reservar-les ara! I estigues atent, perquè la setmana vinent [&hellip;]

Événements
