{"id":84248,"date":"2026-04-22T17:26:28","date_gmt":"2026-04-22T15:26:28","guid":{"rendered":"https:\/\/aspres-thuir.com\/evenement\/castell-de-castelnou\/"},"modified":"2026-04-22T17:26:28","modified_gmt":"2026-04-22T15:26:28","slug":"castell-de-castelnou","status":"publish","type":"tsc_evenement","link":"https:\/\/aspres-thuir.com\/ca\/evenement\/castell-de-castelnou\/","title":{"rendered":"CASTELL DE CASTELNOU"},"content":{"rendered":"<p>Estem encantats de tornar-vos a donar la benvinguda un any m\u00e9s.<\/p>\n<p>El parc, el Cam\u00ed Bot\u00e0nic i els interiors del castell estaran oberts, aix\u00ed com la terrassa del terrat, que us oferir\u00e0 una vista impressionant!<\/p>\n<p> El Departament ha organitzat un programa complet d&#8217;activitats per a totes les edats: Cap de setmana de Carnaval, Dia del Circ, Primavera al Castell, Dia del Goss, Festival de la Natura, Nit Rom\u00e0ntica, Festival del Castell, Vesprades al Castell, Sortida al sol, Jornades Europees del Patrimoni i altres esdeveniments per celebrar Halloween i el Nadal!<\/p>\n<p>Per a la vostra visita: <\/p>\n<p>Visita autoguiada d&#8217;aproximadament 1 hora (Castell + Parc), amb una guia de visitant i una audioguia disponible al vostre tel\u00e8fon intel\u00b7ligent o mitjan\u00e7ant una tauleta que us proporcionaran a la recepci\u00f3 del recinte.<\/p>\n<p> El nostre equip ofereix una visita guiada cada dimarts a les 11.45 h i els diumenges a les 11 h, 14 h i 16 h.<\/p>\n<p>Grups benvinguts amb reserva pr\u00e8via<\/p>\n<p>\u00c0udio guia disponible en: franc\u00e8s \u2013 angl\u00e8s \u2013 catal\u00e0 \u2013 espanyol \u2013 alemany \u2013 neerland\u00e8s i LSF<\/p>\n<p>Guia tur\u00edstic disponible en: franc\u00e8s \u2013 angl\u00e8s \u2013 catal\u00e0 \u2013 espanyol \u2013 alemany \u2013 neerland\u00e8s \u2013 rus \u2013 itali\u00e0<\/p>\n<p>\u2028Enlla\u00e7 a l&#8217;audioguia: https:\/\/app.castelnou.ledepartement66.fr\/<\/p>\n<p>\nTamb\u00e9 oferim un quadern d&#8217;activitats per a nens, aix\u00ed com un fullet de la visita en braille, els fullets \u00abF\u00e0cil de Llegir\u00bb i \u00abPatrimoni en Imatges\u00bb (en franc\u00e8s).<\/p>\n<p>Hi ha disponible una visita virtual del recinte i els seus voltants a la nostra pantalla t\u00e0ctil de la recepci\u00f3.<\/p>\n<p>Durant la vostra visita, descobriu els antics propietaris del castell i la seva hist\u00f2ria mitjan\u00e7ant una aplicaci\u00f3 que podeu descarregar abans de la visita:<\/p>\n<p>Escanegeu o descarregueu l&#8217;aplicaci\u00f3 REAL ILLUSION (disponible per a iOS i Android)<\/p>\n<p>Horaris: <\/p>\n<p>&#8220;HORARIS:<br \/>\nD&#8217;11 a 17 h de gener a mar\u00e7 i d&#8217;octubre a desembre<br \/>\nDe 10 a 18 h d&#8217;abril a juny i al setembre<br \/>\nDe 10 a 19 h al juliol i agost<\/p>\n<p>Tancament anual del 2 de novembre de 2026 al 18 de desembre de 2026 i del 3 de gener de 2027 al 6 de febrer de 2027&#8243;<\/p>\n<p>Per als preus d&#8217;entrada: <br \/>\n&#8220;Entrada normal: 6,50 \u20ac<br \/>\nTarifa de grup (m\u00e9s de 15 persones): 4 \u20ac visita lliure \/ 5 \u20ac visita guiada<br \/>\nTarifa de pass: 5,50 \u20ac<br \/>\nSuplement per a activitats: +1 \u20ac<br \/>\nSuplement per a visita guiada: +1 \u20ac<br \/>\nSuplement per a la Nit Rom\u00e0ntica: +8,50 \u20ac<br \/>\nGratu\u00eft per a nens menors de 8 anys i persones amb discapacitat<br \/>\nGrups escolars: Gratu\u00eft per a visites autoguiades o tarifa plana de 70 \u20ac per grup de classe amb guia (cal reserva pr\u00e8via)<\/p>\n<p>Aparcament a l&#8217;entrada del poble de Castelnou \u2013 de pagament<\/p>\n<p>3 places d&#8217;aparcament reservades per a persones amb discapacitat a la recepci\u00f3 del Ch\u00e2teau<\/p>\n<p>Admesos els gossos<\/p>\n<p>Zona de p\u00edcnic<\/p>\n","protected":false},"featured_media":0,"template":"","meta":{"_acf_changed":false,"_et_pb_use_builder":"","_et_pb_old_content":"","_et_gb_content_width":""},"tsc_cat_evenement":[],"class_list":["post-84248","tsc_evenement","type-tsc_evenement","status-publish","hentry"],"acf":[],"yoast_head":"<!-- This site is optimized with the Yoast SEO plugin v26.9 - https:\/\/yoast.com\/product\/yoast-seo-wordpress\/ -->\n<title>CASTELL DE CASTELNOU - Office de Tourisme Aspres-Thuir<\/title>\n<meta name=\"robots\" content=\"index, follow, max-snippet:-1, max-image-preview:large, max-video-preview:-1\" \/>\n<link rel=\"canonical\" href=\"https:\/\/aspres-thuir.com\/ca\/evenement\/castell-de-castelnou\/\" \/>\n<meta property=\"og:locale\" content=\"ca_ES\" \/>\n<meta property=\"og:type\" content=\"article\" \/>\n<meta property=\"og:title\" content=\"CASTELL DE CASTELNOU - Office de Tourisme Aspres-Thuir\" \/>\n<meta property=\"og:description\" content=\"Estem encantats de tornar-vos a donar la benvinguda un any m\u00e9s. El parc, el Cam\u00ed Bot\u00e0nic i els interiors del castell estaran oberts, aix\u00ed com la terrassa del terrat, que us oferir\u00e0 una vista impressionant! El Departament ha organitzat un programa complet d&#8217;activitats per a totes les edats: Cap de setmana de Carnaval, Dia del [&hellip;]\" \/>\n<meta property=\"og:site_name\" content=\"Office de Tourisme Aspres-Thuir\" \/>\n<meta name=\"twitter:card\" content=\"summary_large_image\" \/>\n<meta name=\"twitter:label1\" content=\"Est. reading time\" \/>\n\t<meta name=\"twitter:data1\" content=\"2 minutes\" \/>\n<script type=\"application\/ld+json\" class=\"yoast-schema-graph\">{\"@context\":\"https:\/\/schema.org\",\"@graph\":[{\"@type\":\"WebPage\",\"@id\":\"https:\/\/aspres-thuir.com\/ca\/evenement\/castell-de-castelnou\/\",\"url\":\"https:\/\/aspres-thuir.com\/ca\/evenement\/castell-de-castelnou\/\",\"name\":\"CASTELL DE CASTELNOU - Office de Tourisme Aspres-Thuir\",\"isPartOf\":{\"@id\":\"https:\/\/aspres-thuir.com\/ca\/#website\"},\"datePublished\":\"2026-04-22T15:26:28+00:00\",\"breadcrumb\":{\"@id\":\"https:\/\/aspres-thuir.com\/ca\/evenement\/castell-de-castelnou\/#breadcrumb\"},\"inLanguage\":\"ca\",\"potentialAction\":[{\"@type\":\"ReadAction\",\"target\":[\"https:\/\/aspres-thuir.com\/ca\/evenement\/castell-de-castelnou\/\"]}]},{\"@type\":\"BreadcrumbList\",\"@id\":\"https:\/\/aspres-thuir.com\/ca\/evenement\/castell-de-castelnou\/#breadcrumb\",\"itemListElement\":[{\"@type\":\"ListItem\",\"position\":1,\"name\":\"\",\"item\":\"https:\/\/aspres-thuir.com\/ca\/\"},{\"@type\":\"ListItem\",\"position\":2,\"name\":\"\u00c9v\u00e9nements\",\"item\":\"https:\/\/aspres-thuir.com\/ca\/evenement\/\"},{\"@type\":\"ListItem\",\"position\":3,\"name\":\"CASTELL DE CASTELNOU\"}]},{\"@type\":\"WebSite\",\"@id\":\"https:\/\/aspres-thuir.com\/ca\/#website\",\"url\":\"https:\/\/aspres-thuir.com\/ca\/\",\"name\":\"Office de Tourisme Aspres-Thuir\",\"description\":\"\",\"potentialAction\":[{\"@type\":\"SearchAction\",\"target\":{\"@type\":\"EntryPoint\",\"urlTemplate\":\"https:\/\/aspres-thuir.com\/ca\/?s={search_term_string}\"},\"query-input\":{\"@type\":\"PropertyValueSpecification\",\"valueRequired\":true,\"valueName\":\"search_term_string\"}}],\"inLanguage\":\"ca\"}]}<\/script>\n<!-- \/ Yoast SEO plugin. -->","yoast_head_json":{"title":"CASTELL DE CASTELNOU - Office de Tourisme Aspres-Thuir","robots":{"index":"index","follow":"follow","max-snippet":"max-snippet:-1","max-image-preview":"max-image-preview:large","max-video-preview":"max-video-preview:-1"},"canonical":"https:\/\/aspres-thuir.com\/ca\/evenement\/castell-de-castelnou\/","og_locale":"ca_ES","og_type":"article","og_title":"CASTELL DE CASTELNOU - Office de Tourisme Aspres-Thuir","og_description":"Estem encantats de tornar-vos a donar la benvinguda un any m\u00e9s. El parc, el Cam\u00ed Bot\u00e0nic i els interiors del castell estaran oberts, aix\u00ed com la terrassa del terrat, que us oferir\u00e0 una vista impressionant! El Departament ha organitzat un programa complet d&#8217;activitats per a totes les edats: Cap de setmana de Carnaval, Dia del [&hellip;]","og_site_name":"Office de Tourisme Aspres-Thuir","twitter_card":"summary_large_image","twitter_misc":{"Est. reading time":"2 minutes"},"schema":{"@context":"https:\/\/schema.org","@graph":[{"@type":"WebPage","@id":"https:\/\/aspres-thuir.com\/ca\/evenement\/castell-de-castelnou\/","url":"https:\/\/aspres-thuir.com\/ca\/evenement\/castell-de-castelnou\/","name":"CASTELL DE CASTELNOU - Office de Tourisme Aspres-Thuir","isPartOf":{"@id":"https:\/\/aspres-thuir.com\/ca\/#website"},"datePublished":"2026-04-22T15:26:28+00:00","breadcrumb":{"@id":"https:\/\/aspres-thuir.com\/ca\/evenement\/castell-de-castelnou\/#breadcrumb"},"inLanguage":"ca","potentialAction":[{"@type":"ReadAction","target":["https:\/\/aspres-thuir.com\/ca\/evenement\/castell-de-castelnou\/"]}]},{"@type":"BreadcrumbList","@id":"https:\/\/aspres-thuir.com\/ca\/evenement\/castell-de-castelnou\/#breadcrumb","itemListElement":[{"@type":"ListItem","position":1,"name":"","item":"https:\/\/aspres-thuir.com\/ca\/"},{"@type":"ListItem","position":2,"name":"\u00c9v\u00e9nements","item":"https:\/\/aspres-thuir.com\/ca\/evenement\/"},{"@type":"ListItem","position":3,"name":"CASTELL DE CASTELNOU"}]},{"@type":"WebSite","@id":"https:\/\/aspres-thuir.com\/ca\/#website","url":"https:\/\/aspres-thuir.com\/ca\/","name":"Office de Tourisme Aspres-Thuir","description":"","potentialAction":[{"@type":"SearchAction","target":{"@type":"EntryPoint","urlTemplate":"https:\/\/aspres-thuir.com\/ca\/?s={search_term_string}"},"query-input":{"@type":"PropertyValueSpecification","valueRequired":true,"valueName":"search_term_string"}}],"inLanguage":"ca"}]}},"_links":{"self":[{"href":"https:\/\/aspres-thuir.com\/ca\/wp-json\/wp\/v2\/tsc_evenement\/84248","targetHints":{"allow":["GET"]}}],"collection":[{"href":"https:\/\/aspres-thuir.com\/ca\/wp-json\/wp\/v2\/tsc_evenement"}],"about":[{"href":"https:\/\/aspres-thuir.com\/ca\/wp-json\/wp\/v2\/types\/tsc_evenement"}],"wp:attachment":[{"href":"https:\/\/aspres-thuir.com\/ca\/wp-json\/wp\/v2\/media?parent=84248"}],"wp:term":[{"taxonomy":"tsc_cat_evenement","embeddable":true,"href":"https:\/\/aspres-thuir.com\/ca\/wp-json\/wp\/v2\/tsc_cat_evenement?post=84248"}],"curies":[{"name":"wp","href":"https:\/\/api.w.org\/{rel}","templated":true}]}}

<p>Estem encantats de tornar-vos a donar la benvinguda un any més.</p>
<p>El parc, el Camí Botànic i els interiors del castell estaran oberts, així com la terrassa del terrat, que us oferirà una vista impressionant!</p>
<p> El Departament ha organitzat un programa complet d&#8217;activitats per a totes les edats: Cap de setmana de Carnaval, Dia del Circ, Primavera al Castell, Dia del Goss, Festival de la Natura, Nit Romàntica, Festival del Castell, Vesprades al Castell, Sortida al sol, Jornades Europees del Patrimoni i altres esdeveniments per celebrar Halloween i el Nadal!</p>
<p>Per a la vostra visita: </p>
<p>Visita autoguiada d&#8217;aproximadament 1 hora (Castell + Parc), amb una guia de visitant i una audioguia disponible al vostre telèfon intel·ligent o mitjançant una tauleta que us proporcionaran a la recepció del recinte.</p>
<p> El nostre equip ofereix una visita guiada cada dimarts a les 11.45 h i els diumenges a les 11 h, 14 h i 16 h.</p>
<p>Grups benvinguts amb reserva prèvia</p>
<p>Àudio guia disponible en: francès – anglès – català – espanyol – alemany – neerlandès i LSF</p>
<p>Guia turístic disponible en: francès – anglès – català – espanyol – alemany – neerlandès – rus – italià</p>
<p> Enllaç a l&#8217;audioguia: https://app.castelnou.ledepartement66.fr/</p>
<p>
També oferim un quadern d&#8217;activitats per a nens, així com un fullet de la visita en braille, els fullets «Fàcil de Llegir» i «Patrimoni en Imatges» (en francès).</p>
<p>Hi ha disponible una visita virtual del recinte i els seus voltants a la nostra pantalla tàctil de la recepció.</p>
<p>Durant la vostra visita, descobriu els antics propietaris del castell i la seva història mitjançant una aplicació que podeu descarregar abans de la visita:</p>
<p>Escanegeu o descarregueu l&#8217;aplicació REAL ILLUSION (disponible per a iOS i Android)</p>
<p>Horaris: </p>
<p>&#8220;HORARIS:<br />
D&#8217;11 a 17 h de gener a març i d&#8217;octubre a desembre<br />
De 10 a 18 h d&#8217;abril a juny i al setembre<br />
De 10 a 19 h al juliol i agost</p>
<p>Tancament anual del 2 de novembre de 2026 al 18 de desembre de 2026 i del 3 de gener de 2027 al 6 de febrer de 2027&#8243;</p>
<p>Per als preus d&#8217;entrada: <br />
&#8220;Entrada normal: 6,50 €<br />
Tarifa de grup (més de 15 persones): 4 € visita lliure / 5 € visita guiada<br />
Tarifa de pass: 5,50 €<br />
Suplement per a activitats: +1 €<br />
Suplement per a visita guiada: +1 €<br />
Suplement per a la Nit Romàntica: +8,50 €<br />
Gratuït per a nens menors de 8 anys i persones amb discapacitat<br />
Grups escolars: Gratuït per a visites autoguiades o tarifa plana de 70 € per grup de classe amb guia (cal reserva prèvia)</p>
<p>Aparcament a l&#8217;entrada del poble de Castelnou – de pagament</p>
<p>3 places d&#8217;aparcament reservades per a persones amb discapacitat a la recepció del Château</p>
<p>Admesos els gossos</p>
<p>Zona de pícnic</p>

<!-- This site is optimized with the Yoast SEO plugin v26.9 - https://yoast.com/product/yoast-seo-wordpress/ -->
<title>CASTELL DE CASTELNOU - Office de Tourisme Aspres-Thuir</title>
<meta name="robots" content="index, follow, max-snippet:-1, max-image-preview:large, max-video-preview:-1" />
<link rel="canonical" href="https://aspres-thuir.com/ca/evenement/castell-de-castelnou/" />
<meta property="og:locale" content="ca_ES" />
<meta property="og:type" content="article" />
<meta property="og:title" content="CASTELL DE CASTELNOU - Office de Tourisme Aspres-Thuir" />
<meta property="og:description" content="Estem encantats de tornar-vos a donar la benvinguda un any més. El parc, el Camí Botànic i els interiors del castell estaran oberts, així com la terrassa del terrat, que us oferirà una vista impressionant! El Departament ha organitzat un programa complet d&#8217;activitats per a totes les edats: Cap de setmana de Carnaval, Dia del [&hellip;]" />
<meta property="og:site_name" content="Office de Tourisme Aspres-Thuir" />
<meta name="twitter:card" content="summary_large_image" />
<meta name="twitter:label1" content="Est. reading time" />
	<meta name="twitter:data1" content="2 minutes" />
<script type="application/ld+json" class="yoast-schema-graph">{"@context":"https://schema.org","@graph":[{"@type":"WebPage","@id":"https://aspres-thuir.com/ca/evenement/castell-de-castelnou/","url":"https://aspres-thuir.com/ca/evenement/castell-de-castelnou/","name":"CASTELL DE CASTELNOU - Office de Tourisme Aspres-Thuir","isPartOf":{"@id":"https://aspres-thuir.com/ca/#website"},"datePublished":"2026-04-22T15:26:28+00:00","breadcrumb":{"@id":"https://aspres-thuir.com/ca/evenement/castell-de-castelnou/#breadcrumb"},"inLanguage":"ca","potentialAction":[{"@type":"ReadAction","target":["https://aspres-thuir.com/ca/evenement/castell-de-castelnou/"]}]},{"@type":"BreadcrumbList","@id":"https://aspres-thuir.com/ca/evenement/castell-de-castelnou/#breadcrumb","itemListElement":[{"@type":"ListItem","position":1,"name":"","item":"https://aspres-thuir.com/ca/"},{"@type":"ListItem","position":2,"name":"Événements","item":"https://aspres-thuir.com/ca/evenement/"},{"@type":"ListItem","position":3,"name":"CASTELL DE CASTELNOU"}]},{"@type":"WebSite","@id":"https://aspres-thuir.com/ca/#website","url":"https://aspres-thuir.com/ca/","name":"Office de Tourisme Aspres-Thuir","description":"","potentialAction":[{"@type":"SearchAction","target":{"@type":"EntryPoint","urlTemplate":"https://aspres-thuir.com/ca/?s={search_term_string}"},"query-input":{"@type":"PropertyValueSpecification","valueRequired":true,"valueName":"search_term_string"}}],"inLanguage":"ca"}]}</script>
<!-- / Yoast SEO plugin. -->

Estem encantats de tornar-vos a donar la benvinguda un any més. El parc, el Camí Botànic i els interiors del castell estaran oberts, així com la terrassa del terrat, que us oferirà una vista impressionant! El Departament ha organitzat un programa complet d&#8217;activitats per a totes les edats: Cap de setmana de Carnaval, Dia del [&hellip;]

Événements
