{"id":84249,"date":"2026-04-22T17:26:28","date_gmt":"2026-04-22T15:26:28","guid":{"rendered":"https:\/\/aspres-thuir.com\/evenement\/festival-de-joves-veus-mixtes\/"},"modified":"2026-04-22T17:26:28","modified_gmt":"2026-04-22T15:26:28","slug":"festival-de-joves-veus-mixtes","status":"publish","type":"tsc_evenement","link":"https:\/\/aspres-thuir.com\/ca\/evenement\/festival-de-joves-veus-mixtes\/","title":{"rendered":"Festival de joves veus mixtes"},"content":{"rendered":"<p>Les preparacions ja estan en ple apogeu per a la segona edici\u00f3 del Festival Europeu de Cors Juvenils Mixts, que tindr\u00e0 lloc del 13 al 17 de maig de 2026 a Thuir, Fran\u00e7a.<\/p>\n<p>El festival reunir\u00e0 nou cors, formats per un total de 300 nens i adolescents de Fran\u00e7a i d&#8217;arreu d&#8217;Europa. Aquests cors no s\u00f3n aliens a actuar en escenaris europeus.<\/p>\n<p>El punt culminant del festival tindr\u00e0 lloc la tarda del dijous 9 de maig, durant l&#8217;esdeveniment \u00abCoeur de ville en choeur\u00bb, que comptar\u00e0 amb la participaci\u00f3 de 25 cors de tot el departament i uns 500 cantaires.<\/p>\n<p>Directors de cors de renom internacional oferiran tallers als cantaires i ajudaran a garantir el bon funcionament de l&#8217;esdeveniment.<\/p>\n<p>El programa del concert s&#8217;anunciar\u00e0 aviat!<\/p>\n<p>\nEls joves cantaires estaran ocupats durant tot el dia amb assajos i concerts a la tarda o al vespre.<\/p>\n<p>Els voluntaris seran essencials per supervisar els joves, organitzar els seus \u00e0pats, rebre i guiar el p\u00fablic&#8230;<\/p>\n<p>M\u00e9s informaci\u00f3:<br \/>\nhttps:\/\/choralethuir.wixsite.com\/chanterie-cantilene\/copie-de-festival-jvm-2024<\/p>\n","protected":false},"featured_media":0,"template":"","meta":{"_acf_changed":false,"_et_pb_use_builder":"","_et_pb_old_content":"","_et_gb_content_width":""},"tsc_cat_evenement":[],"class_list":["post-84249","tsc_evenement","type-tsc_evenement","status-publish","hentry"],"acf":[],"yoast_head":"<!-- This site is optimized with the Yoast SEO plugin v26.9 - https:\/\/yoast.com\/product\/yoast-seo-wordpress\/ -->\n<title>Festival de joves veus mixtes - Office de Tourisme Aspres-Thuir<\/title>\n<meta name=\"robots\" content=\"index, follow, max-snippet:-1, max-image-preview:large, max-video-preview:-1\" \/>\n<link rel=\"canonical\" href=\"https:\/\/aspres-thuir.com\/ca\/evenement\/festival-de-joves-veus-mixtes\/\" \/>\n<meta property=\"og:locale\" content=\"ca_ES\" \/>\n<meta property=\"og:type\" content=\"article\" \/>\n<meta property=\"og:title\" content=\"Festival de joves veus mixtes - Office de Tourisme Aspres-Thuir\" \/>\n<meta property=\"og:description\" content=\"Les preparacions ja estan en ple apogeu per a la segona edici\u00f3 del Festival Europeu de Cors Juvenils Mixts, que tindr\u00e0 lloc del 13 al 17 de maig de 2026 a Thuir, Fran\u00e7a. El festival reunir\u00e0 nou cors, formats per un total de 300 nens i adolescents de Fran\u00e7a i d&#8217;arreu d&#8217;Europa. Aquests cors no [&hellip;]\" \/>\n<meta property=\"og:site_name\" content=\"Office de Tourisme Aspres-Thuir\" \/>\n<meta name=\"twitter:card\" content=\"summary_large_image\" \/>\n<meta name=\"twitter:label1\" content=\"Est. reading time\" \/>\n\t<meta name=\"twitter:data1\" content=\"1 minute\" \/>\n<script type=\"application\/ld+json\" class=\"yoast-schema-graph\">{\"@context\":\"https:\/\/schema.org\",\"@graph\":[{\"@type\":\"WebPage\",\"@id\":\"https:\/\/aspres-thuir.com\/ca\/evenement\/festival-de-joves-veus-mixtes\/\",\"url\":\"https:\/\/aspres-thuir.com\/ca\/evenement\/festival-de-joves-veus-mixtes\/\",\"name\":\"Festival de joves veus mixtes - Office de Tourisme Aspres-Thuir\",\"isPartOf\":{\"@id\":\"https:\/\/aspres-thuir.com\/ca\/#website\"},\"datePublished\":\"2026-04-22T15:26:28+00:00\",\"breadcrumb\":{\"@id\":\"https:\/\/aspres-thuir.com\/ca\/evenement\/festival-de-joves-veus-mixtes\/#breadcrumb\"},\"inLanguage\":\"ca\",\"potentialAction\":[{\"@type\":\"ReadAction\",\"target\":[\"https:\/\/aspres-thuir.com\/ca\/evenement\/festival-de-joves-veus-mixtes\/\"]}]},{\"@type\":\"BreadcrumbList\",\"@id\":\"https:\/\/aspres-thuir.com\/ca\/evenement\/festival-de-joves-veus-mixtes\/#breadcrumb\",\"itemListElement\":[{\"@type\":\"ListItem\",\"position\":1,\"name\":\"\",\"item\":\"https:\/\/aspres-thuir.com\/ca\/\"},{\"@type\":\"ListItem\",\"position\":2,\"name\":\"\u00c9v\u00e9nements\",\"item\":\"https:\/\/aspres-thuir.com\/ca\/evenement\/\"},{\"@type\":\"ListItem\",\"position\":3,\"name\":\"Festival de joves veus mixtes\"}]},{\"@type\":\"WebSite\",\"@id\":\"https:\/\/aspres-thuir.com\/ca\/#website\",\"url\":\"https:\/\/aspres-thuir.com\/ca\/\",\"name\":\"Office de Tourisme Aspres-Thuir\",\"description\":\"\",\"potentialAction\":[{\"@type\":\"SearchAction\",\"target\":{\"@type\":\"EntryPoint\",\"urlTemplate\":\"https:\/\/aspres-thuir.com\/ca\/?s={search_term_string}\"},\"query-input\":{\"@type\":\"PropertyValueSpecification\",\"valueRequired\":true,\"valueName\":\"search_term_string\"}}],\"inLanguage\":\"ca\"}]}<\/script>\n<!-- \/ Yoast SEO plugin. -->","yoast_head_json":{"title":"Festival de joves veus mixtes - Office de Tourisme Aspres-Thuir","robots":{"index":"index","follow":"follow","max-snippet":"max-snippet:-1","max-image-preview":"max-image-preview:large","max-video-preview":"max-video-preview:-1"},"canonical":"https:\/\/aspres-thuir.com\/ca\/evenement\/festival-de-joves-veus-mixtes\/","og_locale":"ca_ES","og_type":"article","og_title":"Festival de joves veus mixtes - Office de Tourisme Aspres-Thuir","og_description":"Les preparacions ja estan en ple apogeu per a la segona edici\u00f3 del Festival Europeu de Cors Juvenils Mixts, que tindr\u00e0 lloc del 13 al 17 de maig de 2026 a Thuir, Fran\u00e7a. El festival reunir\u00e0 nou cors, formats per un total de 300 nens i adolescents de Fran\u00e7a i d&#8217;arreu d&#8217;Europa. Aquests cors no [&hellip;]","og_site_name":"Office de Tourisme Aspres-Thuir","twitter_card":"summary_large_image","twitter_misc":{"Est. reading time":"1 minute"},"schema":{"@context":"https:\/\/schema.org","@graph":[{"@type":"WebPage","@id":"https:\/\/aspres-thuir.com\/ca\/evenement\/festival-de-joves-veus-mixtes\/","url":"https:\/\/aspres-thuir.com\/ca\/evenement\/festival-de-joves-veus-mixtes\/","name":"Festival de joves veus mixtes - Office de Tourisme Aspres-Thuir","isPartOf":{"@id":"https:\/\/aspres-thuir.com\/ca\/#website"},"datePublished":"2026-04-22T15:26:28+00:00","breadcrumb":{"@id":"https:\/\/aspres-thuir.com\/ca\/evenement\/festival-de-joves-veus-mixtes\/#breadcrumb"},"inLanguage":"ca","potentialAction":[{"@type":"ReadAction","target":["https:\/\/aspres-thuir.com\/ca\/evenement\/festival-de-joves-veus-mixtes\/"]}]},{"@type":"BreadcrumbList","@id":"https:\/\/aspres-thuir.com\/ca\/evenement\/festival-de-joves-veus-mixtes\/#breadcrumb","itemListElement":[{"@type":"ListItem","position":1,"name":"","item":"https:\/\/aspres-thuir.com\/ca\/"},{"@type":"ListItem","position":2,"name":"\u00c9v\u00e9nements","item":"https:\/\/aspres-thuir.com\/ca\/evenement\/"},{"@type":"ListItem","position":3,"name":"Festival de joves veus mixtes"}]},{"@type":"WebSite","@id":"https:\/\/aspres-thuir.com\/ca\/#website","url":"https:\/\/aspres-thuir.com\/ca\/","name":"Office de Tourisme Aspres-Thuir","description":"","potentialAction":[{"@type":"SearchAction","target":{"@type":"EntryPoint","urlTemplate":"https:\/\/aspres-thuir.com\/ca\/?s={search_term_string}"},"query-input":{"@type":"PropertyValueSpecification","valueRequired":true,"valueName":"search_term_string"}}],"inLanguage":"ca"}]}},"_links":{"self":[{"href":"https:\/\/aspres-thuir.com\/ca\/wp-json\/wp\/v2\/tsc_evenement\/84249","targetHints":{"allow":["GET"]}}],"collection":[{"href":"https:\/\/aspres-thuir.com\/ca\/wp-json\/wp\/v2\/tsc_evenement"}],"about":[{"href":"https:\/\/aspres-thuir.com\/ca\/wp-json\/wp\/v2\/types\/tsc_evenement"}],"wp:attachment":[{"href":"https:\/\/aspres-thuir.com\/ca\/wp-json\/wp\/v2\/media?parent=84249"}],"wp:term":[{"taxonomy":"tsc_cat_evenement","embeddable":true,"href":"https:\/\/aspres-thuir.com\/ca\/wp-json\/wp\/v2\/tsc_cat_evenement?post=84249"}],"curies":[{"name":"wp","href":"https:\/\/api.w.org\/{rel}","templated":true}]}}

<p>Les preparacions ja estan en ple apogeu per a la segona edició del Festival Europeu de Cors Juvenils Mixts, que tindrà lloc del 13 al 17 de maig de 2026 a Thuir, França.</p>
<p>El festival reunirà nou cors, formats per un total de 300 nens i adolescents de França i d&#8217;arreu d&#8217;Europa. Aquests cors no són aliens a actuar en escenaris europeus.</p>
<p>El punt culminant del festival tindrà lloc la tarda del dijous 9 de maig, durant l&#8217;esdeveniment «Coeur de ville en choeur», que comptarà amb la participació de 25 cors de tot el departament i uns 500 cantaires.</p>
<p>Directors de cors de renom internacional oferiran tallers als cantaires i ajudaran a garantir el bon funcionament de l&#8217;esdeveniment.</p>
<p>El programa del concert s&#8217;anunciarà aviat!</p>
<p>
Els joves cantaires estaran ocupats durant tot el dia amb assajos i concerts a la tarda o al vespre.</p>
<p>Els voluntaris seran essencials per supervisar els joves, organitzar els seus àpats, rebre i guiar el públic&#8230;</p>
<p>Més informació:<br />
https://choralethuir.wixsite.com/chanterie-cantilene/copie-de-festival-jvm-2024</p>

<!-- This site is optimized with the Yoast SEO plugin v26.9 - https://yoast.com/product/yoast-seo-wordpress/ -->
<title>Festival de joves veus mixtes - Office de Tourisme Aspres-Thuir</title>
<meta name="robots" content="index, follow, max-snippet:-1, max-image-preview:large, max-video-preview:-1" />
<link rel="canonical" href="https://aspres-thuir.com/ca/evenement/festival-de-joves-veus-mixtes/" />
<meta property="og:locale" content="ca_ES" />
<meta property="og:type" content="article" />
<meta property="og:title" content="Festival de joves veus mixtes - Office de Tourisme Aspres-Thuir" />
<meta property="og:description" content="Les preparacions ja estan en ple apogeu per a la segona edició del Festival Europeu de Cors Juvenils Mixts, que tindrà lloc del 13 al 17 de maig de 2026 a Thuir, França. El festival reunirà nou cors, formats per un total de 300 nens i adolescents de França i d&#8217;arreu d&#8217;Europa. Aquests cors no [&hellip;]" />
<meta property="og:site_name" content="Office de Tourisme Aspres-Thuir" />
<meta name="twitter:card" content="summary_large_image" />
<meta name="twitter:label1" content="Est. reading time" />
	<meta name="twitter:data1" content="1 minute" />
<script type="application/ld+json" class="yoast-schema-graph">{"@context":"https://schema.org","@graph":[{"@type":"WebPage","@id":"https://aspres-thuir.com/ca/evenement/festival-de-joves-veus-mixtes/","url":"https://aspres-thuir.com/ca/evenement/festival-de-joves-veus-mixtes/","name":"Festival de joves veus mixtes - Office de Tourisme Aspres-Thuir","isPartOf":{"@id":"https://aspres-thuir.com/ca/#website"},"datePublished":"2026-04-22T15:26:28+00:00","breadcrumb":{"@id":"https://aspres-thuir.com/ca/evenement/festival-de-joves-veus-mixtes/#breadcrumb"},"inLanguage":"ca","potentialAction":[{"@type":"ReadAction","target":["https://aspres-thuir.com/ca/evenement/festival-de-joves-veus-mixtes/"]}]},{"@type":"BreadcrumbList","@id":"https://aspres-thuir.com/ca/evenement/festival-de-joves-veus-mixtes/#breadcrumb","itemListElement":[{"@type":"ListItem","position":1,"name":"","item":"https://aspres-thuir.com/ca/"},{"@type":"ListItem","position":2,"name":"Événements","item":"https://aspres-thuir.com/ca/evenement/"},{"@type":"ListItem","position":3,"name":"Festival de joves veus mixtes"}]},{"@type":"WebSite","@id":"https://aspres-thuir.com/ca/#website","url":"https://aspres-thuir.com/ca/","name":"Office de Tourisme Aspres-Thuir","description":"","potentialAction":[{"@type":"SearchAction","target":{"@type":"EntryPoint","urlTemplate":"https://aspres-thuir.com/ca/?s={search_term_string}"},"query-input":{"@type":"PropertyValueSpecification","valueRequired":true,"valueName":"search_term_string"}}],"inLanguage":"ca"}]}</script>
<!-- / Yoast SEO plugin. -->

Les preparacions ja estan en ple apogeu per a la segona edició del Festival Europeu de Cors Juvenils Mixts, que tindrà lloc del 13 al 17 de maig de 2026 a Thuir, França. El festival reunirà nou cors, formats per un total de 300 nens i adolescents de França i d&#8217;arreu d&#8217;Europa. Aquests cors no [&hellip;]

Événements
