{"id":84255,"date":"2026-04-22T17:26:29","date_gmt":"2026-04-22T15:26:29","guid":{"rendered":"https:\/\/aspres-thuir.com\/evenement\/23e-festival-le-printemps-de-laspre-mario-tovar-trio\/"},"modified":"2026-04-22T17:26:29","modified_gmt":"2026-04-22T15:26:29","slug":"23e-festival-le-printemps-de-laspre-mario-tovar-trio","status":"publish","type":"tsc_evenement","link":"https:\/\/aspres-thuir.com\/ca\/evenement\/23e-festival-le-printemps-de-laspre-mario-tovar-trio\/","title":{"rendered":"23\u00e8 Festival Le Printemps de l&#8217;Aspre: &#8220;Mario Tovar Trio&#8221;"},"content":{"rendered":"<p>M\u00fasica popular mexicana i llatina<br \/>\nDos guitarristes i un vocalista \u2013 Valentiana, Ivan i Mario \u2013 formen un trio dedicat a la m\u00fasica llatina, que interpreta un repertori mexic\u00e0 adaptat a aquest format: boleros, vals i ranxeres. L&#8217;Ivan, a la guitarra cl\u00e0ssica, i en Mario, a la guitarra folk, tots dos mexicans, ofereixen arranjaments mel\u00f2dics precisos. La Valentina, origin\u00e0ria de Xile, amb la seva veu \u00e0gil i expressiva, hi aporta sensibilitat i precisi\u00f3. El trio ofereix una actuaci\u00f3 refinada, portada per una est\u00e8tica ac\u00fastica refinada, amb ritmes que conviden a ballar i a gaudir de l&#8217;escolta.<br \/>\nDegustaci\u00f3 de vins de Domaine des Conques, Villemolaque.<br \/>\nExposici\u00f3 d&#8217;aquarel\u00b7les de B\u00e9a Bouquet a les 19 h \u2013 servei de restauraci\u00f3 a l&#8217;acte a c\u00e0rrec d&#8217;O&#8217;Passionis<\/p>\n","protected":false},"featured_media":0,"template":"","meta":{"_acf_changed":false,"_et_pb_use_builder":"","_et_pb_old_content":"","_et_gb_content_width":""},"tsc_cat_evenement":[],"class_list":["post-84255","tsc_evenement","type-tsc_evenement","status-publish","hentry"],"acf":[],"yoast_head":"<!-- This site is optimized with the Yoast SEO plugin v26.9 - https:\/\/yoast.com\/product\/yoast-seo-wordpress\/ -->\n<title>23\u00e8 Festival Le Printemps de l&#039;Aspre: &quot;Mario Tovar Trio&quot; - Office de Tourisme Aspres-Thuir<\/title>\n<meta name=\"robots\" content=\"index, follow, max-snippet:-1, max-image-preview:large, max-video-preview:-1\" \/>\n<link rel=\"canonical\" href=\"https:\/\/aspres-thuir.com\/ca\/evenement\/23e-festival-le-printemps-de-laspre-mario-tovar-trio\/\" \/>\n<meta property=\"og:locale\" content=\"ca_ES\" \/>\n<meta property=\"og:type\" content=\"article\" \/>\n<meta property=\"og:title\" content=\"23\u00e8 Festival Le Printemps de l&#039;Aspre: &quot;Mario Tovar Trio&quot; - Office de Tourisme Aspres-Thuir\" \/>\n<meta property=\"og:description\" content=\"M\u00fasica popular mexicana i llatina Dos guitarristes i un vocalista \u2013 Valentiana, Ivan i Mario \u2013 formen un trio dedicat a la m\u00fasica llatina, que interpreta un repertori mexic\u00e0 adaptat a aquest format: boleros, vals i ranxeres. L&#8217;Ivan, a la guitarra cl\u00e0ssica, i en Mario, a la guitarra folk, tots dos mexicans, ofereixen arranjaments mel\u00f2dics [&hellip;]\" \/>\n<meta property=\"og:site_name\" content=\"Office de Tourisme Aspres-Thuir\" \/>\n<meta name=\"twitter:card\" content=\"summary_large_image\" \/>\n<meta name=\"twitter:label1\" content=\"Est. reading time\" \/>\n\t<meta name=\"twitter:data1\" content=\"1 minute\" \/>\n<script type=\"application\/ld+json\" class=\"yoast-schema-graph\">{\"@context\":\"https:\/\/schema.org\",\"@graph\":[{\"@type\":\"WebPage\",\"@id\":\"https:\/\/aspres-thuir.com\/ca\/evenement\/23e-festival-le-printemps-de-laspre-mario-tovar-trio\/\",\"url\":\"https:\/\/aspres-thuir.com\/ca\/evenement\/23e-festival-le-printemps-de-laspre-mario-tovar-trio\/\",\"name\":\"23\u00e8 Festival Le Printemps de l'Aspre: \\\"Mario Tovar Trio\\\" - Office de Tourisme Aspres-Thuir\",\"isPartOf\":{\"@id\":\"https:\/\/aspres-thuir.com\/ca\/#website\"},\"datePublished\":\"2026-04-22T15:26:29+00:00\",\"breadcrumb\":{\"@id\":\"https:\/\/aspres-thuir.com\/ca\/evenement\/23e-festival-le-printemps-de-laspre-mario-tovar-trio\/#breadcrumb\"},\"inLanguage\":\"ca\",\"potentialAction\":[{\"@type\":\"ReadAction\",\"target\":[\"https:\/\/aspres-thuir.com\/ca\/evenement\/23e-festival-le-printemps-de-laspre-mario-tovar-trio\/\"]}]},{\"@type\":\"BreadcrumbList\",\"@id\":\"https:\/\/aspres-thuir.com\/ca\/evenement\/23e-festival-le-printemps-de-laspre-mario-tovar-trio\/#breadcrumb\",\"itemListElement\":[{\"@type\":\"ListItem\",\"position\":1,\"name\":\"\",\"item\":\"https:\/\/aspres-thuir.com\/ca\/\"},{\"@type\":\"ListItem\",\"position\":2,\"name\":\"\u00c9v\u00e9nements\",\"item\":\"https:\/\/aspres-thuir.com\/ca\/evenement\/\"},{\"@type\":\"ListItem\",\"position\":3,\"name\":\"23\u00e8 Festival Le Printemps de l&#8217;Aspre: &#8220;Mario Tovar Trio&#8221;\"}]},{\"@type\":\"WebSite\",\"@id\":\"https:\/\/aspres-thuir.com\/ca\/#website\",\"url\":\"https:\/\/aspres-thuir.com\/ca\/\",\"name\":\"Office de Tourisme Aspres-Thuir\",\"description\":\"\",\"potentialAction\":[{\"@type\":\"SearchAction\",\"target\":{\"@type\":\"EntryPoint\",\"urlTemplate\":\"https:\/\/aspres-thuir.com\/ca\/?s={search_term_string}\"},\"query-input\":{\"@type\":\"PropertyValueSpecification\",\"valueRequired\":true,\"valueName\":\"search_term_string\"}}],\"inLanguage\":\"ca\"}]}<\/script>\n<!-- \/ Yoast SEO plugin. -->","yoast_head_json":{"title":"23\u00e8 Festival Le Printemps de l'Aspre: \"Mario Tovar Trio\" - Office de Tourisme Aspres-Thuir","robots":{"index":"index","follow":"follow","max-snippet":"max-snippet:-1","max-image-preview":"max-image-preview:large","max-video-preview":"max-video-preview:-1"},"canonical":"https:\/\/aspres-thuir.com\/ca\/evenement\/23e-festival-le-printemps-de-laspre-mario-tovar-trio\/","og_locale":"ca_ES","og_type":"article","og_title":"23\u00e8 Festival Le Printemps de l'Aspre: \"Mario Tovar Trio\" - Office de Tourisme Aspres-Thuir","og_description":"M\u00fasica popular mexicana i llatina Dos guitarristes i un vocalista \u2013 Valentiana, Ivan i Mario \u2013 formen un trio dedicat a la m\u00fasica llatina, que interpreta un repertori mexic\u00e0 adaptat a aquest format: boleros, vals i ranxeres. L&#8217;Ivan, a la guitarra cl\u00e0ssica, i en Mario, a la guitarra folk, tots dos mexicans, ofereixen arranjaments mel\u00f2dics [&hellip;]","og_site_name":"Office de Tourisme Aspres-Thuir","twitter_card":"summary_large_image","twitter_misc":{"Est. reading time":"1 minute"},"schema":{"@context":"https:\/\/schema.org","@graph":[{"@type":"WebPage","@id":"https:\/\/aspres-thuir.com\/ca\/evenement\/23e-festival-le-printemps-de-laspre-mario-tovar-trio\/","url":"https:\/\/aspres-thuir.com\/ca\/evenement\/23e-festival-le-printemps-de-laspre-mario-tovar-trio\/","name":"23\u00e8 Festival Le Printemps de l'Aspre: \"Mario Tovar Trio\" - Office de Tourisme Aspres-Thuir","isPartOf":{"@id":"https:\/\/aspres-thuir.com\/ca\/#website"},"datePublished":"2026-04-22T15:26:29+00:00","breadcrumb":{"@id":"https:\/\/aspres-thuir.com\/ca\/evenement\/23e-festival-le-printemps-de-laspre-mario-tovar-trio\/#breadcrumb"},"inLanguage":"ca","potentialAction":[{"@type":"ReadAction","target":["https:\/\/aspres-thuir.com\/ca\/evenement\/23e-festival-le-printemps-de-laspre-mario-tovar-trio\/"]}]},{"@type":"BreadcrumbList","@id":"https:\/\/aspres-thuir.com\/ca\/evenement\/23e-festival-le-printemps-de-laspre-mario-tovar-trio\/#breadcrumb","itemListElement":[{"@type":"ListItem","position":1,"name":"","item":"https:\/\/aspres-thuir.com\/ca\/"},{"@type":"ListItem","position":2,"name":"\u00c9v\u00e9nements","item":"https:\/\/aspres-thuir.com\/ca\/evenement\/"},{"@type":"ListItem","position":3,"name":"23\u00e8 Festival Le Printemps de l&#8217;Aspre: &#8220;Mario Tovar Trio&#8221;"}]},{"@type":"WebSite","@id":"https:\/\/aspres-thuir.com\/ca\/#website","url":"https:\/\/aspres-thuir.com\/ca\/","name":"Office de Tourisme Aspres-Thuir","description":"","potentialAction":[{"@type":"SearchAction","target":{"@type":"EntryPoint","urlTemplate":"https:\/\/aspres-thuir.com\/ca\/?s={search_term_string}"},"query-input":{"@type":"PropertyValueSpecification","valueRequired":true,"valueName":"search_term_string"}}],"inLanguage":"ca"}]}},"_links":{"self":[{"href":"https:\/\/aspres-thuir.com\/ca\/wp-json\/wp\/v2\/tsc_evenement\/84255","targetHints":{"allow":["GET"]}}],"collection":[{"href":"https:\/\/aspres-thuir.com\/ca\/wp-json\/wp\/v2\/tsc_evenement"}],"about":[{"href":"https:\/\/aspres-thuir.com\/ca\/wp-json\/wp\/v2\/types\/tsc_evenement"}],"wp:attachment":[{"href":"https:\/\/aspres-thuir.com\/ca\/wp-json\/wp\/v2\/media?parent=84255"}],"wp:term":[{"taxonomy":"tsc_cat_evenement","embeddable":true,"href":"https:\/\/aspres-thuir.com\/ca\/wp-json\/wp\/v2\/tsc_cat_evenement?post=84255"}],"curies":[{"name":"wp","href":"https:\/\/api.w.org\/{rel}","templated":true}]}}

23è Festival Le Printemps de l&#8217;Aspre: &#8220;Mario Tovar Trio&#8221;

<p>Música popular mexicana i llatina<br />
Dos guitarristes i un vocalista – Valentiana, Ivan i Mario – formen un trio dedicat a la música llatina, que interpreta un repertori mexicà adaptat a aquest format: boleros, vals i ranxeres. L&#8217;Ivan, a la guitarra clàssica, i en Mario, a la guitarra folk, tots dos mexicans, ofereixen arranjaments melòdics precisos. La Valentina, originària de Xile, amb la seva veu àgil i expressiva, hi aporta sensibilitat i precisió. El trio ofereix una actuació refinada, portada per una estètica acústica refinada, amb ritmes que conviden a ballar i a gaudir de l&#8217;escolta.<br />
Degustació de vins de Domaine des Conques, Villemolaque.<br />
Exposició d&#8217;aquarel·les de Béa Bouquet a les 19 h – servei de restauració a l&#8217;acte a càrrec d&#8217;O&#8217;Passionis</p>

<!-- This site is optimized with the Yoast SEO plugin v26.9 - https://yoast.com/product/yoast-seo-wordpress/ -->
<title>23è Festival Le Printemps de l&#039;Aspre: &quot;Mario Tovar Trio&quot; - Office de Tourisme Aspres-Thuir</title>
<meta name="robots" content="index, follow, max-snippet:-1, max-image-preview:large, max-video-preview:-1" />
<link rel="canonical" href="https://aspres-thuir.com/ca/evenement/23e-festival-le-printemps-de-laspre-mario-tovar-trio/" />
<meta property="og:locale" content="ca_ES" />
<meta property="og:type" content="article" />
<meta property="og:title" content="23è Festival Le Printemps de l&#039;Aspre: &quot;Mario Tovar Trio&quot; - Office de Tourisme Aspres-Thuir" />
<meta property="og:description" content="Música popular mexicana i llatina Dos guitarristes i un vocalista – Valentiana, Ivan i Mario – formen un trio dedicat a la música llatina, que interpreta un repertori mexicà adaptat a aquest format: boleros, vals i ranxeres. L&#8217;Ivan, a la guitarra clàssica, i en Mario, a la guitarra folk, tots dos mexicans, ofereixen arranjaments melòdics [&hellip;]" />
<meta property="og:site_name" content="Office de Tourisme Aspres-Thuir" />
<meta name="twitter:card" content="summary_large_image" />
<meta name="twitter:label1" content="Est. reading time" />
	<meta name="twitter:data1" content="1 minute" />
<script type="application/ld+json" class="yoast-schema-graph">{"@context":"https://schema.org","@graph":[{"@type":"WebPage","@id":"https://aspres-thuir.com/ca/evenement/23e-festival-le-printemps-de-laspre-mario-tovar-trio/","url":"https://aspres-thuir.com/ca/evenement/23e-festival-le-printemps-de-laspre-mario-tovar-trio/","name":"23è Festival Le Printemps de l'Aspre: \"Mario Tovar Trio\" - Office de Tourisme Aspres-Thuir","isPartOf":{"@id":"https://aspres-thuir.com/ca/#website"},"datePublished":"2026-04-22T15:26:29+00:00","breadcrumb":{"@id":"https://aspres-thuir.com/ca/evenement/23e-festival-le-printemps-de-laspre-mario-tovar-trio/#breadcrumb"},"inLanguage":"ca","potentialAction":[{"@type":"ReadAction","target":["https://aspres-thuir.com/ca/evenement/23e-festival-le-printemps-de-laspre-mario-tovar-trio/"]}]},{"@type":"BreadcrumbList","@id":"https://aspres-thuir.com/ca/evenement/23e-festival-le-printemps-de-laspre-mario-tovar-trio/#breadcrumb","itemListElement":[{"@type":"ListItem","position":1,"name":"","item":"https://aspres-thuir.com/ca/"},{"@type":"ListItem","position":2,"name":"Événements","item":"https://aspres-thuir.com/ca/evenement/"},{"@type":"ListItem","position":3,"name":"23è Festival Le Printemps de l&#8217;Aspre: &#8220;Mario Tovar Trio&#8221;"}]},{"@type":"WebSite","@id":"https://aspres-thuir.com/ca/#website","url":"https://aspres-thuir.com/ca/","name":"Office de Tourisme Aspres-Thuir","description":"","potentialAction":[{"@type":"SearchAction","target":{"@type":"EntryPoint","urlTemplate":"https://aspres-thuir.com/ca/?s={search_term_string}"},"query-input":{"@type":"PropertyValueSpecification","valueRequired":true,"valueName":"search_term_string"}}],"inLanguage":"ca"}]}</script>
<!-- / Yoast SEO plugin. -->

23è Festival Le Printemps de l'Aspre: "Mario Tovar Trio" - Office de Tourisme Aspres-Thuir

Música popular mexicana i llatina Dos guitarristes i un vocalista – Valentiana, Ivan i Mario – formen un trio dedicat a la música llatina, que interpreta un repertori mexicà adaptat a aquest format: boleros, vals i ranxeres. L&#8217;Ivan, a la guitarra clàssica, i en Mario, a la guitarra folk, tots dos mexicans, ofereixen arranjaments melòdics [&hellip;]

Événements
