{"id":84258,"date":"2026-04-22T17:26:29","date_gmt":"2026-04-22T15:26:29","guid":{"rendered":"https:\/\/aspres-thuir.com\/evenement\/monestir-del-camp\/"},"modified":"2026-04-22T17:26:29","modified_gmt":"2026-04-22T15:26:29","slug":"monestir-del-camp","status":"publish","type":"tsc_evenement","link":"https:\/\/aspres-thuir.com\/ca\/evenement\/monestir-del-camp\/","title":{"rendered":"Monestir del Camp"},"content":{"rendered":"<p>HORARI DE VISITES.<br \/>\nDe novembre a febrer: pr\u00e8via cita.<br \/>\nDe mar\u00e7 a mitjans de setembre: caps de setmana de 15 a 18 h.<br \/>\nDel 15 de juny al 15 de setembre: de dilluns a diumenge, de 15 a 18 h (excepte dijous).<br \/>\nDel 16 de setembre al 31 d&#8217;octubre: caps de setmana de 15 a 18 h.<\/p>\n<p>Tel\u00e8fon 06 70 40 07 89<\/p>\n<p>El Monastir del Camp \u00e9s un antic monestir que, segons la llegenda, va ser constru\u00eft a finals del segle VIII o principis del IX per ordre de Carlemany a Passa, a prop de Thuir.  <br \/>\nTot i que \u00e9s poc conegut, \u00e9s una de les joies de l&#8217;art rom\u00e0nic catal\u00e0. Hist\u00f2ricament, el priorat de Monastir Del Camp va acollir la comunitat de Canonges Regulars de Sant Agust\u00ed cap al 1116. Posteriorment, el priorat es va convertir en un monestir benedict\u00ed.  Despr\u00e9s de la marxa de la comunitat de can\u00f2nesses de Sant Agust\u00ed, el priorat va ser venut per Llu\u00eds XVI a la fam\u00edlia Jaubert de Passa. Al final de la Revoluci\u00f3, els habitants del priorat es van refugiar a Espanya i el monestir es va convertir en un hospital. El 1826, Prosper M\u00e9rim\u00e9e, aleshores ministre, va catalogar el conjunt com a Monument Hist\u00f2ric.<\/p>\n","protected":false},"featured_media":0,"template":"","meta":{"_acf_changed":false,"_et_pb_use_builder":"","_et_pb_old_content":"","_et_gb_content_width":""},"tsc_cat_evenement":[],"class_list":["post-84258","tsc_evenement","type-tsc_evenement","status-publish","hentry"],"acf":[],"yoast_head":"<!-- This site is optimized with the Yoast SEO plugin v26.9 - https:\/\/yoast.com\/product\/yoast-seo-wordpress\/ -->\n<title>Monestir del Camp - Office de Tourisme Aspres-Thuir<\/title>\n<meta name=\"robots\" content=\"index, follow, max-snippet:-1, max-image-preview:large, max-video-preview:-1\" \/>\n<link rel=\"canonical\" href=\"https:\/\/aspres-thuir.com\/ca\/evenement\/monestir-del-camp\/\" \/>\n<meta property=\"og:locale\" content=\"ca_ES\" \/>\n<meta property=\"og:type\" content=\"article\" \/>\n<meta property=\"og:title\" content=\"Monestir del Camp - Office de Tourisme Aspres-Thuir\" \/>\n<meta property=\"og:description\" content=\"HORARI DE VISITES. De novembre a febrer: pr\u00e8via cita. De mar\u00e7 a mitjans de setembre: caps de setmana de 15 a 18 h. Del 15 de juny al 15 de setembre: de dilluns a diumenge, de 15 a 18 h (excepte dijous). Del 16 de setembre al 31 d&#8217;octubre: caps de setmana de 15 a [&hellip;]\" \/>\n<meta property=\"og:site_name\" content=\"Office de Tourisme Aspres-Thuir\" \/>\n<meta name=\"twitter:card\" content=\"summary_large_image\" \/>\n<meta name=\"twitter:label1\" content=\"Est. reading time\" \/>\n\t<meta name=\"twitter:data1\" content=\"1 minute\" \/>\n<script type=\"application\/ld+json\" class=\"yoast-schema-graph\">{\"@context\":\"https:\/\/schema.org\",\"@graph\":[{\"@type\":\"WebPage\",\"@id\":\"https:\/\/aspres-thuir.com\/ca\/evenement\/monestir-del-camp\/\",\"url\":\"https:\/\/aspres-thuir.com\/ca\/evenement\/monestir-del-camp\/\",\"name\":\"Monestir del Camp - Office de Tourisme Aspres-Thuir\",\"isPartOf\":{\"@id\":\"https:\/\/aspres-thuir.com\/ca\/#website\"},\"datePublished\":\"2026-04-22T15:26:29+00:00\",\"breadcrumb\":{\"@id\":\"https:\/\/aspres-thuir.com\/ca\/evenement\/monestir-del-camp\/#breadcrumb\"},\"inLanguage\":\"ca\",\"potentialAction\":[{\"@type\":\"ReadAction\",\"target\":[\"https:\/\/aspres-thuir.com\/ca\/evenement\/monestir-del-camp\/\"]}]},{\"@type\":\"BreadcrumbList\",\"@id\":\"https:\/\/aspres-thuir.com\/ca\/evenement\/monestir-del-camp\/#breadcrumb\",\"itemListElement\":[{\"@type\":\"ListItem\",\"position\":1,\"name\":\"\",\"item\":\"https:\/\/aspres-thuir.com\/ca\/\"},{\"@type\":\"ListItem\",\"position\":2,\"name\":\"\u00c9v\u00e9nements\",\"item\":\"https:\/\/aspres-thuir.com\/ca\/evenement\/\"},{\"@type\":\"ListItem\",\"position\":3,\"name\":\"Monestir del Camp\"}]},{\"@type\":\"WebSite\",\"@id\":\"https:\/\/aspres-thuir.com\/ca\/#website\",\"url\":\"https:\/\/aspres-thuir.com\/ca\/\",\"name\":\"Office de Tourisme Aspres-Thuir\",\"description\":\"\",\"potentialAction\":[{\"@type\":\"SearchAction\",\"target\":{\"@type\":\"EntryPoint\",\"urlTemplate\":\"https:\/\/aspres-thuir.com\/ca\/?s={search_term_string}\"},\"query-input\":{\"@type\":\"PropertyValueSpecification\",\"valueRequired\":true,\"valueName\":\"search_term_string\"}}],\"inLanguage\":\"ca\"}]}<\/script>\n<!-- \/ Yoast SEO plugin. -->","yoast_head_json":{"title":"Monestir del Camp - Office de Tourisme Aspres-Thuir","robots":{"index":"index","follow":"follow","max-snippet":"max-snippet:-1","max-image-preview":"max-image-preview:large","max-video-preview":"max-video-preview:-1"},"canonical":"https:\/\/aspres-thuir.com\/ca\/evenement\/monestir-del-camp\/","og_locale":"ca_ES","og_type":"article","og_title":"Monestir del Camp - Office de Tourisme Aspres-Thuir","og_description":"HORARI DE VISITES. De novembre a febrer: pr\u00e8via cita. De mar\u00e7 a mitjans de setembre: caps de setmana de 15 a 18 h. Del 15 de juny al 15 de setembre: de dilluns a diumenge, de 15 a 18 h (excepte dijous). Del 16 de setembre al 31 d&#8217;octubre: caps de setmana de 15 a [&hellip;]","og_site_name":"Office de Tourisme Aspres-Thuir","twitter_card":"summary_large_image","twitter_misc":{"Est. reading time":"1 minute"},"schema":{"@context":"https:\/\/schema.org","@graph":[{"@type":"WebPage","@id":"https:\/\/aspres-thuir.com\/ca\/evenement\/monestir-del-camp\/","url":"https:\/\/aspres-thuir.com\/ca\/evenement\/monestir-del-camp\/","name":"Monestir del Camp - Office de Tourisme Aspres-Thuir","isPartOf":{"@id":"https:\/\/aspres-thuir.com\/ca\/#website"},"datePublished":"2026-04-22T15:26:29+00:00","breadcrumb":{"@id":"https:\/\/aspres-thuir.com\/ca\/evenement\/monestir-del-camp\/#breadcrumb"},"inLanguage":"ca","potentialAction":[{"@type":"ReadAction","target":["https:\/\/aspres-thuir.com\/ca\/evenement\/monestir-del-camp\/"]}]},{"@type":"BreadcrumbList","@id":"https:\/\/aspres-thuir.com\/ca\/evenement\/monestir-del-camp\/#breadcrumb","itemListElement":[{"@type":"ListItem","position":1,"name":"","item":"https:\/\/aspres-thuir.com\/ca\/"},{"@type":"ListItem","position":2,"name":"\u00c9v\u00e9nements","item":"https:\/\/aspres-thuir.com\/ca\/evenement\/"},{"@type":"ListItem","position":3,"name":"Monestir del Camp"}]},{"@type":"WebSite","@id":"https:\/\/aspres-thuir.com\/ca\/#website","url":"https:\/\/aspres-thuir.com\/ca\/","name":"Office de Tourisme Aspres-Thuir","description":"","potentialAction":[{"@type":"SearchAction","target":{"@type":"EntryPoint","urlTemplate":"https:\/\/aspres-thuir.com\/ca\/?s={search_term_string}"},"query-input":{"@type":"PropertyValueSpecification","valueRequired":true,"valueName":"search_term_string"}}],"inLanguage":"ca"}]}},"_links":{"self":[{"href":"https:\/\/aspres-thuir.com\/ca\/wp-json\/wp\/v2\/tsc_evenement\/84258","targetHints":{"allow":["GET"]}}],"collection":[{"href":"https:\/\/aspres-thuir.com\/ca\/wp-json\/wp\/v2\/tsc_evenement"}],"about":[{"href":"https:\/\/aspres-thuir.com\/ca\/wp-json\/wp\/v2\/types\/tsc_evenement"}],"wp:attachment":[{"href":"https:\/\/aspres-thuir.com\/ca\/wp-json\/wp\/v2\/media?parent=84258"}],"wp:term":[{"taxonomy":"tsc_cat_evenement","embeddable":true,"href":"https:\/\/aspres-thuir.com\/ca\/wp-json\/wp\/v2\/tsc_cat_evenement?post=84258"}],"curies":[{"name":"wp","href":"https:\/\/api.w.org\/{rel}","templated":true}]}}

<p>HORARI DE VISITES.<br />
De novembre a febrer: prèvia cita.<br />
De març a mitjans de setembre: caps de setmana de 15 a 18 h.<br />
Del 15 de juny al 15 de setembre: de dilluns a diumenge, de 15 a 18 h (excepte dijous).<br />
Del 16 de setembre al 31 d&#8217;octubre: caps de setmana de 15 a 18 h.</p>
<p>Telèfon 06 70 40 07 89</p>
<p>El Monastir del Camp és un antic monestir que, segons la llegenda, va ser construït a finals del segle VIII o principis del IX per ordre de Carlemany a Passa, a prop de Thuir.  <br />
Tot i que és poc conegut, és una de les joies de l&#8217;art romànic català. Històricament, el priorat de Monastir Del Camp va acollir la comunitat de Canonges Regulars de Sant Agustí cap al 1116. Posteriorment, el priorat es va convertir en un monestir benedictí.  Després de la marxa de la comunitat de canònesses de Sant Agustí, el priorat va ser venut per Lluís XVI a la família Jaubert de Passa. Al final de la Revolució, els habitants del priorat es van refugiar a Espanya i el monestir es va convertir en un hospital. El 1826, Prosper Mérimée, aleshores ministre, va catalogar el conjunt com a Monument Històric.</p>

<!-- This site is optimized with the Yoast SEO plugin v26.9 - https://yoast.com/product/yoast-seo-wordpress/ -->
<title>Monestir del Camp - Office de Tourisme Aspres-Thuir</title>
<meta name="robots" content="index, follow, max-snippet:-1, max-image-preview:large, max-video-preview:-1" />
<link rel="canonical" href="https://aspres-thuir.com/ca/evenement/monestir-del-camp/" />
<meta property="og:locale" content="ca_ES" />
<meta property="og:type" content="article" />
<meta property="og:title" content="Monestir del Camp - Office de Tourisme Aspres-Thuir" />
<meta property="og:description" content="HORARI DE VISITES. De novembre a febrer: prèvia cita. De març a mitjans de setembre: caps de setmana de 15 a 18 h. Del 15 de juny al 15 de setembre: de dilluns a diumenge, de 15 a 18 h (excepte dijous). Del 16 de setembre al 31 d&#8217;octubre: caps de setmana de 15 a [&hellip;]" />
<meta property="og:site_name" content="Office de Tourisme Aspres-Thuir" />
<meta name="twitter:card" content="summary_large_image" />
<meta name="twitter:label1" content="Est. reading time" />
	<meta name="twitter:data1" content="1 minute" />
<script type="application/ld+json" class="yoast-schema-graph">{"@context":"https://schema.org","@graph":[{"@type":"WebPage","@id":"https://aspres-thuir.com/ca/evenement/monestir-del-camp/","url":"https://aspres-thuir.com/ca/evenement/monestir-del-camp/","name":"Monestir del Camp - Office de Tourisme Aspres-Thuir","isPartOf":{"@id":"https://aspres-thuir.com/ca/#website"},"datePublished":"2026-04-22T15:26:29+00:00","breadcrumb":{"@id":"https://aspres-thuir.com/ca/evenement/monestir-del-camp/#breadcrumb"},"inLanguage":"ca","potentialAction":[{"@type":"ReadAction","target":["https://aspres-thuir.com/ca/evenement/monestir-del-camp/"]}]},{"@type":"BreadcrumbList","@id":"https://aspres-thuir.com/ca/evenement/monestir-del-camp/#breadcrumb","itemListElement":[{"@type":"ListItem","position":1,"name":"","item":"https://aspres-thuir.com/ca/"},{"@type":"ListItem","position":2,"name":"Événements","item":"https://aspres-thuir.com/ca/evenement/"},{"@type":"ListItem","position":3,"name":"Monestir del Camp"}]},{"@type":"WebSite","@id":"https://aspres-thuir.com/ca/#website","url":"https://aspres-thuir.com/ca/","name":"Office de Tourisme Aspres-Thuir","description":"","potentialAction":[{"@type":"SearchAction","target":{"@type":"EntryPoint","urlTemplate":"https://aspres-thuir.com/ca/?s={search_term_string}"},"query-input":{"@type":"PropertyValueSpecification","valueRequired":true,"valueName":"search_term_string"}}],"inLanguage":"ca"}]}</script>
<!-- / Yoast SEO plugin. -->

HORARI DE VISITES. De novembre a febrer: prèvia cita. De març a mitjans de setembre: caps de setmana de 15 a 18 h. Del 15 de juny al 15 de setembre: de dilluns a diumenge, de 15 a 18 h (excepte dijous). Del 16 de setembre al 31 d&#8217;octubre: caps de setmana de 15 a [&hellip;]

Événements
