{"id":84263,"date":"2026-04-22T17:26:35","date_gmt":"2026-04-22T15:26:35","guid":{"rendered":"https:\/\/aspres-thuir.com\/evenement\/projeccions-de-pel%c2%b7licules-documentals-a-la-biblioteca-multimedia-de-thuir\/"},"modified":"2026-04-22T17:26:35","modified_gmt":"2026-04-22T15:26:35","slug":"projeccions-de-pel%c2%b7licules-documentals-a-la-biblioteca-multimedia-de-thuir","status":"publish","type":"tsc_evenement","link":"https:\/\/aspres-thuir.com\/ca\/evenement\/projeccions-de-pel%c2%b7licules-documentals-a-la-biblioteca-multimedia-de-thuir\/","title":{"rendered":"PROJECCIONS DE PEL\u00b7L\u00cdCULES DOCUMENTALS A LA BIBLIOTECA MULTIM\u00c8DIA DE THUIR"},"content":{"rendered":"<p>\u00c9s el Mes del Documental al Centre de Mitjans Municipal de Thuir.<\/p>\n<p>Al programa:<br \/>\n&#8211; Dimecres 6 de maig a les 18.30 h: &#8216;Petite fille&#8217;. Amb motiu del Dia Internacional contra l&#8217;homof\u00f2bia, la transf\u00f2bia i la bif\u00f2bia.<\/p>\n<p>&#8211; Dimecres 3 de juny a les 18.30 h: &#8216;La Rivi\u00e8re&#8217;. Entre els Pirineus i l&#8217;Atl\u00e0ntic flueixen rius potents coneguts com a gaves. Els camps de blat de moro els desguassen; les preses bloquegen el pas del salm\u00f3. L&#8217;activitat humana altera el cicle de l&#8217;aigua i la biodiversitat del riu. Homes i dones contemplen amb curiositat i afecte aquest m\u00f3n fascinant de bellesa i desastre. <\/p>\n<p>Entrada gratu\u00efta a la sala Jeantet Violet<\/p>\n","protected":false},"featured_media":0,"template":"","meta":{"_acf_changed":false,"_et_pb_use_builder":"","_et_pb_old_content":"","_et_gb_content_width":""},"tsc_cat_evenement":[],"class_list":["post-84263","tsc_evenement","type-tsc_evenement","status-publish","hentry"],"acf":[],"yoast_head":"<!-- This site is optimized with the Yoast SEO plugin v26.9 - https:\/\/yoast.com\/product\/yoast-seo-wordpress\/ -->\n<title>PROJECCIONS DE PEL\u00b7L\u00cdCULES DOCUMENTALS A LA BIBLIOTECA MULTIM\u00c8DIA DE THUIR - Office de Tourisme Aspres-Thuir<\/title>\n<meta name=\"robots\" content=\"index, follow, max-snippet:-1, max-image-preview:large, max-video-preview:-1\" \/>\n<link rel=\"canonical\" href=\"https:\/\/aspres-thuir.com\/ca\/evenement\/projeccions-de-pel%c2%b7licules-documentals-a-la-biblioteca-multimedia-de-thuir\/\" \/>\n<meta property=\"og:locale\" content=\"ca_ES\" \/>\n<meta property=\"og:type\" content=\"article\" \/>\n<meta property=\"og:title\" content=\"PROJECCIONS DE PEL\u00b7L\u00cdCULES DOCUMENTALS A LA BIBLIOTECA MULTIM\u00c8DIA DE THUIR - Office de Tourisme Aspres-Thuir\" \/>\n<meta property=\"og:description\" content=\"\u00c9s el Mes del Documental al Centre de Mitjans Municipal de Thuir. Al programa: &#8211; Dimecres 6 de maig a les 18.30 h: &#8216;Petite fille&#8217;. Amb motiu del Dia Internacional contra l&#8217;homof\u00f2bia, la transf\u00f2bia i la bif\u00f2bia. &#8211; Dimecres 3 de juny a les 18.30 h: &#8216;La Rivi\u00e8re&#8217;. Entre els Pirineus i l&#8217;Atl\u00e0ntic flueixen rius [&hellip;]\" \/>\n<meta property=\"og:site_name\" content=\"Office de Tourisme Aspres-Thuir\" \/>\n<meta name=\"twitter:card\" content=\"summary_large_image\" \/>\n<meta name=\"twitter:label1\" content=\"Est. reading time\" \/>\n\t<meta name=\"twitter:data1\" content=\"1 minute\" \/>\n<script type=\"application\/ld+json\" class=\"yoast-schema-graph\">{\"@context\":\"https:\/\/schema.org\",\"@graph\":[{\"@type\":\"WebPage\",\"@id\":\"https:\/\/aspres-thuir.com\/ca\/evenement\/projeccions-de-pel%c2%b7licules-documentals-a-la-biblioteca-multimedia-de-thuir\/\",\"url\":\"https:\/\/aspres-thuir.com\/ca\/evenement\/projeccions-de-pel%c2%b7licules-documentals-a-la-biblioteca-multimedia-de-thuir\/\",\"name\":\"PROJECCIONS DE PEL\u00b7L\u00cdCULES DOCUMENTALS A LA BIBLIOTECA MULTIM\u00c8DIA DE THUIR - Office de Tourisme Aspres-Thuir\",\"isPartOf\":{\"@id\":\"https:\/\/aspres-thuir.com\/ca\/#website\"},\"datePublished\":\"2026-04-22T15:26:35+00:00\",\"breadcrumb\":{\"@id\":\"https:\/\/aspres-thuir.com\/ca\/evenement\/projeccions-de-pel%c2%b7licules-documentals-a-la-biblioteca-multimedia-de-thuir\/#breadcrumb\"},\"inLanguage\":\"ca\",\"potentialAction\":[{\"@type\":\"ReadAction\",\"target\":[\"https:\/\/aspres-thuir.com\/ca\/evenement\/projeccions-de-pel%c2%b7licules-documentals-a-la-biblioteca-multimedia-de-thuir\/\"]}]},{\"@type\":\"BreadcrumbList\",\"@id\":\"https:\/\/aspres-thuir.com\/ca\/evenement\/projeccions-de-pel%c2%b7licules-documentals-a-la-biblioteca-multimedia-de-thuir\/#breadcrumb\",\"itemListElement\":[{\"@type\":\"ListItem\",\"position\":1,\"name\":\"\",\"item\":\"https:\/\/aspres-thuir.com\/ca\/\"},{\"@type\":\"ListItem\",\"position\":2,\"name\":\"\u00c9v\u00e9nements\",\"item\":\"https:\/\/aspres-thuir.com\/ca\/evenement\/\"},{\"@type\":\"ListItem\",\"position\":3,\"name\":\"PROJECCIONS DE PEL\u00b7L\u00cdCULES DOCUMENTALS A LA BIBLIOTECA MULTIM\u00c8DIA DE THUIR\"}]},{\"@type\":\"WebSite\",\"@id\":\"https:\/\/aspres-thuir.com\/ca\/#website\",\"url\":\"https:\/\/aspres-thuir.com\/ca\/\",\"name\":\"Office de Tourisme Aspres-Thuir\",\"description\":\"\",\"potentialAction\":[{\"@type\":\"SearchAction\",\"target\":{\"@type\":\"EntryPoint\",\"urlTemplate\":\"https:\/\/aspres-thuir.com\/ca\/?s={search_term_string}\"},\"query-input\":{\"@type\":\"PropertyValueSpecification\",\"valueRequired\":true,\"valueName\":\"search_term_string\"}}],\"inLanguage\":\"ca\"}]}<\/script>\n<!-- \/ Yoast SEO plugin. -->","yoast_head_json":{"title":"PROJECCIONS DE PEL\u00b7L\u00cdCULES DOCUMENTALS A LA BIBLIOTECA MULTIM\u00c8DIA DE THUIR - Office de Tourisme Aspres-Thuir","robots":{"index":"index","follow":"follow","max-snippet":"max-snippet:-1","max-image-preview":"max-image-preview:large","max-video-preview":"max-video-preview:-1"},"canonical":"https:\/\/aspres-thuir.com\/ca\/evenement\/projeccions-de-pel%c2%b7licules-documentals-a-la-biblioteca-multimedia-de-thuir\/","og_locale":"ca_ES","og_type":"article","og_title":"PROJECCIONS DE PEL\u00b7L\u00cdCULES DOCUMENTALS A LA BIBLIOTECA MULTIM\u00c8DIA DE THUIR - Office de Tourisme Aspres-Thuir","og_description":"\u00c9s el Mes del Documental al Centre de Mitjans Municipal de Thuir. Al programa: &#8211; Dimecres 6 de maig a les 18.30 h: &#8216;Petite fille&#8217;. Amb motiu del Dia Internacional contra l&#8217;homof\u00f2bia, la transf\u00f2bia i la bif\u00f2bia. &#8211; Dimecres 3 de juny a les 18.30 h: &#8216;La Rivi\u00e8re&#8217;. Entre els Pirineus i l&#8217;Atl\u00e0ntic flueixen rius [&hellip;]","og_site_name":"Office de Tourisme Aspres-Thuir","twitter_card":"summary_large_image","twitter_misc":{"Est. reading time":"1 minute"},"schema":{"@context":"https:\/\/schema.org","@graph":[{"@type":"WebPage","@id":"https:\/\/aspres-thuir.com\/ca\/evenement\/projeccions-de-pel%c2%b7licules-documentals-a-la-biblioteca-multimedia-de-thuir\/","url":"https:\/\/aspres-thuir.com\/ca\/evenement\/projeccions-de-pel%c2%b7licules-documentals-a-la-biblioteca-multimedia-de-thuir\/","name":"PROJECCIONS DE PEL\u00b7L\u00cdCULES DOCUMENTALS A LA BIBLIOTECA MULTIM\u00c8DIA DE THUIR - Office de Tourisme Aspres-Thuir","isPartOf":{"@id":"https:\/\/aspres-thuir.com\/ca\/#website"},"datePublished":"2026-04-22T15:26:35+00:00","breadcrumb":{"@id":"https:\/\/aspres-thuir.com\/ca\/evenement\/projeccions-de-pel%c2%b7licules-documentals-a-la-biblioteca-multimedia-de-thuir\/#breadcrumb"},"inLanguage":"ca","potentialAction":[{"@type":"ReadAction","target":["https:\/\/aspres-thuir.com\/ca\/evenement\/projeccions-de-pel%c2%b7licules-documentals-a-la-biblioteca-multimedia-de-thuir\/"]}]},{"@type":"BreadcrumbList","@id":"https:\/\/aspres-thuir.com\/ca\/evenement\/projeccions-de-pel%c2%b7licules-documentals-a-la-biblioteca-multimedia-de-thuir\/#breadcrumb","itemListElement":[{"@type":"ListItem","position":1,"name":"","item":"https:\/\/aspres-thuir.com\/ca\/"},{"@type":"ListItem","position":2,"name":"\u00c9v\u00e9nements","item":"https:\/\/aspres-thuir.com\/ca\/evenement\/"},{"@type":"ListItem","position":3,"name":"PROJECCIONS DE PEL\u00b7L\u00cdCULES DOCUMENTALS A LA BIBLIOTECA MULTIM\u00c8DIA DE THUIR"}]},{"@type":"WebSite","@id":"https:\/\/aspres-thuir.com\/ca\/#website","url":"https:\/\/aspres-thuir.com\/ca\/","name":"Office de Tourisme Aspres-Thuir","description":"","potentialAction":[{"@type":"SearchAction","target":{"@type":"EntryPoint","urlTemplate":"https:\/\/aspres-thuir.com\/ca\/?s={search_term_string}"},"query-input":{"@type":"PropertyValueSpecification","valueRequired":true,"valueName":"search_term_string"}}],"inLanguage":"ca"}]}},"_links":{"self":[{"href":"https:\/\/aspres-thuir.com\/ca\/wp-json\/wp\/v2\/tsc_evenement\/84263","targetHints":{"allow":["GET"]}}],"collection":[{"href":"https:\/\/aspres-thuir.com\/ca\/wp-json\/wp\/v2\/tsc_evenement"}],"about":[{"href":"https:\/\/aspres-thuir.com\/ca\/wp-json\/wp\/v2\/types\/tsc_evenement"}],"wp:attachment":[{"href":"https:\/\/aspres-thuir.com\/ca\/wp-json\/wp\/v2\/media?parent=84263"}],"wp:term":[{"taxonomy":"tsc_cat_evenement","embeddable":true,"href":"https:\/\/aspres-thuir.com\/ca\/wp-json\/wp\/v2\/tsc_cat_evenement?post=84263"}],"curies":[{"name":"wp","href":"https:\/\/api.w.org\/{rel}","templated":true}]}}

PROJECCIONS DE PEL·LÍCULES DOCUMENTALS A LA BIBLIOTECA MULTIMÈDIA DE THUIR

<p>És el Mes del Documental al Centre de Mitjans Municipal de Thuir.</p>
<p>Al programa:<br />
&#8211; Dimecres 6 de maig a les 18.30 h: &#8216;Petite fille&#8217;. Amb motiu del Dia Internacional contra l&#8217;homofòbia, la transfòbia i la bifòbia.</p>
<p>&#8211; Dimecres 3 de juny a les 18.30 h: &#8216;La Rivière&#8217;. Entre els Pirineus i l&#8217;Atlàntic flueixen rius potents coneguts com a gaves. Els camps de blat de moro els desguassen; les preses bloquegen el pas del salmó. L&#8217;activitat humana altera el cicle de l&#8217;aigua i la biodiversitat del riu. Homes i dones contemplen amb curiositat i afecte aquest món fascinant de bellesa i desastre. </p>
<p>Entrada gratuïta a la sala Jeantet Violet</p>

<!-- This site is optimized with the Yoast SEO plugin v26.9 - https://yoast.com/product/yoast-seo-wordpress/ -->
<title>PROJECCIONS DE PEL·LÍCULES DOCUMENTALS A LA BIBLIOTECA MULTIMÈDIA DE THUIR - Office de Tourisme Aspres-Thuir</title>
<meta name="robots" content="index, follow, max-snippet:-1, max-image-preview:large, max-video-preview:-1" />
<link rel="canonical" href="https://aspres-thuir.com/ca/evenement/projeccions-de-pel%c2%b7licules-documentals-a-la-biblioteca-multimedia-de-thuir/" />
<meta property="og:locale" content="ca_ES" />
<meta property="og:type" content="article" />
<meta property="og:title" content="PROJECCIONS DE PEL·LÍCULES DOCUMENTALS A LA BIBLIOTECA MULTIMÈDIA DE THUIR - Office de Tourisme Aspres-Thuir" />
<meta property="og:description" content="És el Mes del Documental al Centre de Mitjans Municipal de Thuir. Al programa: &#8211; Dimecres 6 de maig a les 18.30 h: &#8216;Petite fille&#8217;. Amb motiu del Dia Internacional contra l&#8217;homofòbia, la transfòbia i la bifòbia. &#8211; Dimecres 3 de juny a les 18.30 h: &#8216;La Rivière&#8217;. Entre els Pirineus i l&#8217;Atlàntic flueixen rius [&hellip;]" />
<meta property="og:site_name" content="Office de Tourisme Aspres-Thuir" />
<meta name="twitter:card" content="summary_large_image" />
<meta name="twitter:label1" content="Est. reading time" />
	<meta name="twitter:data1" content="1 minute" />
<script type="application/ld+json" class="yoast-schema-graph">{"@context":"https://schema.org","@graph":[{"@type":"WebPage","@id":"https://aspres-thuir.com/ca/evenement/projeccions-de-pel%c2%b7licules-documentals-a-la-biblioteca-multimedia-de-thuir/","url":"https://aspres-thuir.com/ca/evenement/projeccions-de-pel%c2%b7licules-documentals-a-la-biblioteca-multimedia-de-thuir/","name":"PROJECCIONS DE PEL·LÍCULES DOCUMENTALS A LA BIBLIOTECA MULTIMÈDIA DE THUIR - Office de Tourisme Aspres-Thuir","isPartOf":{"@id":"https://aspres-thuir.com/ca/#website"},"datePublished":"2026-04-22T15:26:35+00:00","breadcrumb":{"@id":"https://aspres-thuir.com/ca/evenement/projeccions-de-pel%c2%b7licules-documentals-a-la-biblioteca-multimedia-de-thuir/#breadcrumb"},"inLanguage":"ca","potentialAction":[{"@type":"ReadAction","target":["https://aspres-thuir.com/ca/evenement/projeccions-de-pel%c2%b7licules-documentals-a-la-biblioteca-multimedia-de-thuir/"]}]},{"@type":"BreadcrumbList","@id":"https://aspres-thuir.com/ca/evenement/projeccions-de-pel%c2%b7licules-documentals-a-la-biblioteca-multimedia-de-thuir/#breadcrumb","itemListElement":[{"@type":"ListItem","position":1,"name":"","item":"https://aspres-thuir.com/ca/"},{"@type":"ListItem","position":2,"name":"Événements","item":"https://aspres-thuir.com/ca/evenement/"},{"@type":"ListItem","position":3,"name":"PROJECCIONS DE PEL·LÍCULES DOCUMENTALS A LA BIBLIOTECA MULTIMÈDIA DE THUIR"}]},{"@type":"WebSite","@id":"https://aspres-thuir.com/ca/#website","url":"https://aspres-thuir.com/ca/","name":"Office de Tourisme Aspres-Thuir","description":"","potentialAction":[{"@type":"SearchAction","target":{"@type":"EntryPoint","urlTemplate":"https://aspres-thuir.com/ca/?s={search_term_string}"},"query-input":{"@type":"PropertyValueSpecification","valueRequired":true,"valueName":"search_term_string"}}],"inLanguage":"ca"}]}</script>
<!-- / Yoast SEO plugin. -->

PROJECCIONS DE PEL·LÍCULES DOCUMENTALS A LA BIBLIOTECA MULTIMÈDIA DE THUIR - Office de Tourisme Aspres-Thuir

És el Mes del Documental al Centre de Mitjans Municipal de Thuir. Al programa: &#8211; Dimecres 6 de maig a les 18.30 h: &#8216;Petite fille&#8217;. Amb motiu del Dia Internacional contra l&#8217;homofòbia, la transfòbia i la bifòbia. &#8211; Dimecres 3 de juny a les 18.30 h: &#8216;La Rivière&#8217;. Entre els Pirineus i l&#8217;Atlàntic flueixen rius [&hellip;]

Événements
