{"id":84265,"date":"2026-04-22T17:26:35","date_gmt":"2026-04-22T15:26:35","guid":{"rendered":"https:\/\/aspres-thuir.com\/evenement\/festival-del-llibre-vivent\/"},"modified":"2026-04-22T17:26:35","modified_gmt":"2026-04-22T15:26:35","slug":"festival-del-llibre-vivent","status":"publish","type":"tsc_evenement","link":"https:\/\/aspres-thuir.com\/ca\/evenement\/festival-del-llibre-vivent\/","title":{"rendered":"Festival del Llibre Vivent"},"content":{"rendered":"<p>Per a la seva 23a edici\u00f3, la F\u00eate du Livre Vivant tindr\u00e0 lloc al magn\u00edfic Parc Palauda de Thuir el dissabte 27 de juny de 2025, de 9 a 18 h.<br \/>\nCelebrem junts la F\u00eate du Livre Vivant<br \/>\nEl Parc Palauda de Thuir obre les portes per a un dia festiu i gratu\u00eft en celebraci\u00f3 de la literatura infantil.<br \/>\nAquest any, aquest esdeveniment dedicat a les fam\u00edlies i els joves oferir\u00e0 un viatge al voltant del m\u00f3n, creuant fronteres i ponts, gr\u00e0cies als llibres del Premi del Llibre Vivent.<br \/>\nTots plegats, fem vol cap a mons acolorits centrats en la natura i els animals, en un esperit de compartir i de connexi\u00f3 intergeneracional!<br \/>\nAl llarg del dia, tindreu l&#8217;oportunitat de jugar, divertir-vos i participar en una varietat de tallers creatius.<br \/>\nTamb\u00e9 podreu descobrir espectacles creats per companyies locals basats en els llibres del Prix du Livre Vivant, en franc\u00e8s i catal\u00e0!<br \/>\nUs esperem per a una experi\u00e8ncia per compartir plegats!<\/p>\n","protected":false},"featured_media":0,"template":"","meta":{"_acf_changed":false,"_et_pb_use_builder":"","_et_pb_old_content":"","_et_gb_content_width":""},"tsc_cat_evenement":[],"class_list":["post-84265","tsc_evenement","type-tsc_evenement","status-publish","hentry"],"acf":[],"yoast_head":"<!-- This site is optimized with the Yoast SEO plugin v26.9 - https:\/\/yoast.com\/product\/yoast-seo-wordpress\/ -->\n<title>Festival del Llibre Vivent - Office de Tourisme Aspres-Thuir<\/title>\n<meta name=\"robots\" content=\"index, follow, max-snippet:-1, max-image-preview:large, max-video-preview:-1\" \/>\n<link rel=\"canonical\" href=\"https:\/\/aspres-thuir.com\/ca\/evenement\/festival-del-llibre-vivent\/\" \/>\n<meta property=\"og:locale\" content=\"ca_ES\" \/>\n<meta property=\"og:type\" content=\"article\" \/>\n<meta property=\"og:title\" content=\"Festival del Llibre Vivent - Office de Tourisme Aspres-Thuir\" \/>\n<meta property=\"og:description\" content=\"Per a la seva 23a edici\u00f3, la F\u00eate du Livre Vivant tindr\u00e0 lloc al magn\u00edfic Parc Palauda de Thuir el dissabte 27 de juny de 2025, de 9 a 18 h. Celebrem junts la F\u00eate du Livre Vivant El Parc Palauda de Thuir obre les portes per a un dia festiu i gratu\u00eft en celebraci\u00f3 [&hellip;]\" \/>\n<meta property=\"og:site_name\" content=\"Office de Tourisme Aspres-Thuir\" \/>\n<meta name=\"twitter:card\" content=\"summary_large_image\" \/>\n<meta name=\"twitter:label1\" content=\"Est. reading time\" \/>\n\t<meta name=\"twitter:data1\" content=\"1 minute\" \/>\n<script type=\"application\/ld+json\" class=\"yoast-schema-graph\">{\"@context\":\"https:\/\/schema.org\",\"@graph\":[{\"@type\":\"WebPage\",\"@id\":\"https:\/\/aspres-thuir.com\/ca\/evenement\/festival-del-llibre-vivent\/\",\"url\":\"https:\/\/aspres-thuir.com\/ca\/evenement\/festival-del-llibre-vivent\/\",\"name\":\"Festival del Llibre Vivent - Office de Tourisme Aspres-Thuir\",\"isPartOf\":{\"@id\":\"https:\/\/aspres-thuir.com\/ca\/#website\"},\"datePublished\":\"2026-04-22T15:26:35+00:00\",\"breadcrumb\":{\"@id\":\"https:\/\/aspres-thuir.com\/ca\/evenement\/festival-del-llibre-vivent\/#breadcrumb\"},\"inLanguage\":\"ca\",\"potentialAction\":[{\"@type\":\"ReadAction\",\"target\":[\"https:\/\/aspres-thuir.com\/ca\/evenement\/festival-del-llibre-vivent\/\"]}]},{\"@type\":\"BreadcrumbList\",\"@id\":\"https:\/\/aspres-thuir.com\/ca\/evenement\/festival-del-llibre-vivent\/#breadcrumb\",\"itemListElement\":[{\"@type\":\"ListItem\",\"position\":1,\"name\":\"\",\"item\":\"https:\/\/aspres-thuir.com\/ca\/\"},{\"@type\":\"ListItem\",\"position\":2,\"name\":\"\u00c9v\u00e9nements\",\"item\":\"https:\/\/aspres-thuir.com\/ca\/evenement\/\"},{\"@type\":\"ListItem\",\"position\":3,\"name\":\"Festival del Llibre Vivent\"}]},{\"@type\":\"WebSite\",\"@id\":\"https:\/\/aspres-thuir.com\/ca\/#website\",\"url\":\"https:\/\/aspres-thuir.com\/ca\/\",\"name\":\"Office de Tourisme Aspres-Thuir\",\"description\":\"\",\"potentialAction\":[{\"@type\":\"SearchAction\",\"target\":{\"@type\":\"EntryPoint\",\"urlTemplate\":\"https:\/\/aspres-thuir.com\/ca\/?s={search_term_string}\"},\"query-input\":{\"@type\":\"PropertyValueSpecification\",\"valueRequired\":true,\"valueName\":\"search_term_string\"}}],\"inLanguage\":\"ca\"}]}<\/script>\n<!-- \/ Yoast SEO plugin. -->","yoast_head_json":{"title":"Festival del Llibre Vivent - Office de Tourisme Aspres-Thuir","robots":{"index":"index","follow":"follow","max-snippet":"max-snippet:-1","max-image-preview":"max-image-preview:large","max-video-preview":"max-video-preview:-1"},"canonical":"https:\/\/aspres-thuir.com\/ca\/evenement\/festival-del-llibre-vivent\/","og_locale":"ca_ES","og_type":"article","og_title":"Festival del Llibre Vivent - Office de Tourisme Aspres-Thuir","og_description":"Per a la seva 23a edici\u00f3, la F\u00eate du Livre Vivant tindr\u00e0 lloc al magn\u00edfic Parc Palauda de Thuir el dissabte 27 de juny de 2025, de 9 a 18 h. Celebrem junts la F\u00eate du Livre Vivant El Parc Palauda de Thuir obre les portes per a un dia festiu i gratu\u00eft en celebraci\u00f3 [&hellip;]","og_site_name":"Office de Tourisme Aspres-Thuir","twitter_card":"summary_large_image","twitter_misc":{"Est. reading time":"1 minute"},"schema":{"@context":"https:\/\/schema.org","@graph":[{"@type":"WebPage","@id":"https:\/\/aspres-thuir.com\/ca\/evenement\/festival-del-llibre-vivent\/","url":"https:\/\/aspres-thuir.com\/ca\/evenement\/festival-del-llibre-vivent\/","name":"Festival del Llibre Vivent - Office de Tourisme Aspres-Thuir","isPartOf":{"@id":"https:\/\/aspres-thuir.com\/ca\/#website"},"datePublished":"2026-04-22T15:26:35+00:00","breadcrumb":{"@id":"https:\/\/aspres-thuir.com\/ca\/evenement\/festival-del-llibre-vivent\/#breadcrumb"},"inLanguage":"ca","potentialAction":[{"@type":"ReadAction","target":["https:\/\/aspres-thuir.com\/ca\/evenement\/festival-del-llibre-vivent\/"]}]},{"@type":"BreadcrumbList","@id":"https:\/\/aspres-thuir.com\/ca\/evenement\/festival-del-llibre-vivent\/#breadcrumb","itemListElement":[{"@type":"ListItem","position":1,"name":"","item":"https:\/\/aspres-thuir.com\/ca\/"},{"@type":"ListItem","position":2,"name":"\u00c9v\u00e9nements","item":"https:\/\/aspres-thuir.com\/ca\/evenement\/"},{"@type":"ListItem","position":3,"name":"Festival del Llibre Vivent"}]},{"@type":"WebSite","@id":"https:\/\/aspres-thuir.com\/ca\/#website","url":"https:\/\/aspres-thuir.com\/ca\/","name":"Office de Tourisme Aspres-Thuir","description":"","potentialAction":[{"@type":"SearchAction","target":{"@type":"EntryPoint","urlTemplate":"https:\/\/aspres-thuir.com\/ca\/?s={search_term_string}"},"query-input":{"@type":"PropertyValueSpecification","valueRequired":true,"valueName":"search_term_string"}}],"inLanguage":"ca"}]}},"_links":{"self":[{"href":"https:\/\/aspres-thuir.com\/ca\/wp-json\/wp\/v2\/tsc_evenement\/84265","targetHints":{"allow":["GET"]}}],"collection":[{"href":"https:\/\/aspres-thuir.com\/ca\/wp-json\/wp\/v2\/tsc_evenement"}],"about":[{"href":"https:\/\/aspres-thuir.com\/ca\/wp-json\/wp\/v2\/types\/tsc_evenement"}],"wp:attachment":[{"href":"https:\/\/aspres-thuir.com\/ca\/wp-json\/wp\/v2\/media?parent=84265"}],"wp:term":[{"taxonomy":"tsc_cat_evenement","embeddable":true,"href":"https:\/\/aspres-thuir.com\/ca\/wp-json\/wp\/v2\/tsc_cat_evenement?post=84265"}],"curies":[{"name":"wp","href":"https:\/\/api.w.org\/{rel}","templated":true}]}}

<p>Per a la seva 23a edició, la Fête du Livre Vivant tindrà lloc al magnífic Parc Palauda de Thuir el dissabte 27 de juny de 2025, de 9 a 18 h.<br />
Celebrem junts la Fête du Livre Vivant<br />
El Parc Palauda de Thuir obre les portes per a un dia festiu i gratuït en celebració de la literatura infantil.<br />
Aquest any, aquest esdeveniment dedicat a les famílies i els joves oferirà un viatge al voltant del món, creuant fronteres i ponts, gràcies als llibres del Premi del Llibre Vivent.<br />
Tots plegats, fem vol cap a mons acolorits centrats en la natura i els animals, en un esperit de compartir i de connexió intergeneracional!<br />
Al llarg del dia, tindreu l&#8217;oportunitat de jugar, divertir-vos i participar en una varietat de tallers creatius.<br />
També podreu descobrir espectacles creats per companyies locals basats en els llibres del Prix du Livre Vivant, en francès i català!<br />
Us esperem per a una experiència per compartir plegats!</p>

<!-- This site is optimized with the Yoast SEO plugin v26.9 - https://yoast.com/product/yoast-seo-wordpress/ -->
<title>Festival del Llibre Vivent - Office de Tourisme Aspres-Thuir</title>
<meta name="robots" content="index, follow, max-snippet:-1, max-image-preview:large, max-video-preview:-1" />
<link rel="canonical" href="https://aspres-thuir.com/ca/evenement/festival-del-llibre-vivent/" />
<meta property="og:locale" content="ca_ES" />
<meta property="og:type" content="article" />
<meta property="og:title" content="Festival del Llibre Vivent - Office de Tourisme Aspres-Thuir" />
<meta property="og:description" content="Per a la seva 23a edició, la Fête du Livre Vivant tindrà lloc al magnífic Parc Palauda de Thuir el dissabte 27 de juny de 2025, de 9 a 18 h. Celebrem junts la Fête du Livre Vivant El Parc Palauda de Thuir obre les portes per a un dia festiu i gratuït en celebració [&hellip;]" />
<meta property="og:site_name" content="Office de Tourisme Aspres-Thuir" />
<meta name="twitter:card" content="summary_large_image" />
<meta name="twitter:label1" content="Est. reading time" />
	<meta name="twitter:data1" content="1 minute" />
<script type="application/ld+json" class="yoast-schema-graph">{"@context":"https://schema.org","@graph":[{"@type":"WebPage","@id":"https://aspres-thuir.com/ca/evenement/festival-del-llibre-vivent/","url":"https://aspres-thuir.com/ca/evenement/festival-del-llibre-vivent/","name":"Festival del Llibre Vivent - Office de Tourisme Aspres-Thuir","isPartOf":{"@id":"https://aspres-thuir.com/ca/#website"},"datePublished":"2026-04-22T15:26:35+00:00","breadcrumb":{"@id":"https://aspres-thuir.com/ca/evenement/festival-del-llibre-vivent/#breadcrumb"},"inLanguage":"ca","potentialAction":[{"@type":"ReadAction","target":["https://aspres-thuir.com/ca/evenement/festival-del-llibre-vivent/"]}]},{"@type":"BreadcrumbList","@id":"https://aspres-thuir.com/ca/evenement/festival-del-llibre-vivent/#breadcrumb","itemListElement":[{"@type":"ListItem","position":1,"name":"","item":"https://aspres-thuir.com/ca/"},{"@type":"ListItem","position":2,"name":"Événements","item":"https://aspres-thuir.com/ca/evenement/"},{"@type":"ListItem","position":3,"name":"Festival del Llibre Vivent"}]},{"@type":"WebSite","@id":"https://aspres-thuir.com/ca/#website","url":"https://aspres-thuir.com/ca/","name":"Office de Tourisme Aspres-Thuir","description":"","potentialAction":[{"@type":"SearchAction","target":{"@type":"EntryPoint","urlTemplate":"https://aspres-thuir.com/ca/?s={search_term_string}"},"query-input":{"@type":"PropertyValueSpecification","valueRequired":true,"valueName":"search_term_string"}}],"inLanguage":"ca"}]}</script>
<!-- / Yoast SEO plugin. -->

Per a la seva 23a edició, la Fête du Livre Vivant tindrà lloc al magnífic Parc Palauda de Thuir el dissabte 27 de juny de 2025, de 9 a 18 h. Celebrem junts la Fête du Livre Vivant El Parc Palauda de Thuir obre les portes per a un dia festiu i gratuït en celebració [&hellip;]

Événements
