{"id":84279,"date":"2026-04-22T17:26:36","date_gmt":"2026-04-22T15:26:36","guid":{"rendered":"https:\/\/aspres-thuir.com\/evenement\/les-quatre-estacions-al-castell-de-castelnau-estiu\/"},"modified":"2026-04-22T17:26:36","modified_gmt":"2026-04-22T15:26:36","slug":"les-quatre-estacions-al-castell-de-castelnau-estiu","status":"publish","type":"tsc_evenement","link":"https:\/\/aspres-thuir.com\/ca\/evenement\/les-quatre-estacions-al-castell-de-castelnau-estiu\/","title":{"rendered":"Les quatre estacions al castell de Castelnau &#8211; Estiu"},"content":{"rendered":"<p>Les quatre estacions al castell \u2013 el programa d&#8217;estiu: <\/p>\n<p>\u00b7 La Nit Rom\u00e0ntica dels M\u00e9s Bells Pobles de Fran\u00e7a Dissabte 27 de juny (21:00\u201323:30) Una vetllada original i singular, reservada per a parelles. Una s\u00e8rie d&#8217;actuacions art\u00edstiques us transportar\u00e0 a un m\u00f3n de somni, on trobareu parelles llegend\u00e0ries que han deixat la seva empremta al castell. Una vetllada \u00fanica i po\u00e8tica plena de sorpreses. Inscripci\u00f3 obligat\u00f2ria \u2013 15 \u20ac per persona<\/p>\n<p> + Al poble &gt; Inauguraci\u00f3 dels mercats d&#8217;estiu Dg. 28 de juny, i despr\u00e9s cada dimarts del 30 de juny al 15 de setembre <\/p>\n<p>\u00b7 Ruta de contacontes \u00b7 Dm. 21 de juliol a les 15.00 h<\/p>\n<p> \u00b7 Festival del Castell Dissabte 25 i diumenge 26 de juliol (10 h \u2013 19 h) Campament medieval amb contes i llegendes Espectacle eq\u00fcestre \u00abAls temps dels cavallers\u00bb Combat amb espases \u00b7 Taller de teixit Trobador i espectacle de carrer \u00b7 Catapulta de dol\u00e7os Actuaci\u00f3 art\u00edstica \u00abRetrobant els antics propietaris del castell\u00bb &#8221;  Punt de pintacares per a nens <\/p>\n<p>+ Al poble &gt; Mercat Medieval \u00b7 Dg. 26 de juliol<\/p>\n<p> \u00b7 Esdeveniments nocturns Sg. 8, 15 i 22 d&#8217;agost (21:00\u201323:00) (Re)descobreix el castell i la seva hist\u00f2ria en un ambient nocturn \u00fanic i allarga l&#8217;experi\u00e8ncia amb una degustaci\u00f3 guiada! Reserves imprescindibles \u2013 7,50 \u20ac per persona<\/p>\n<p>\u00b7 Sortida del sol Dg. 30 d&#8217;agost (7.30 h \u2013 9 h) Una sessi\u00f3 introduct\u00f2ria en grup que combina meditaci\u00f3 i ioga a la terrassa del castell per gaudir de la sortida del sol i sentir la for\u00e7a plena dels Aspres mentre es desperten. Reserves imprescindibles \u2013 7,50 \u20ac per persona<\/p>\n<p> \u00b7 D\u00edas del Patrimoni Europeu Dissabte 19 i diumenge 20 de setembre Presentaci\u00f3 del projecte \u00abCastelnou &amp; Vous\u00bb: exposicions, testimonis, visites guiades Entrada gratu\u00efta<\/p>\n<p> + Al poble &gt; Mercat de Patrimoni i Sabors Diumenge 20 de setembre<\/p>\n","protected":false},"featured_media":0,"template":"","meta":{"_acf_changed":false,"_et_pb_use_builder":"","_et_pb_old_content":"","_et_gb_content_width":""},"tsc_cat_evenement":[],"class_list":["post-84279","tsc_evenement","type-tsc_evenement","status-publish","hentry"],"acf":[],"yoast_head":"<!-- This site is optimized with the Yoast SEO plugin v26.9 - https:\/\/yoast.com\/product\/yoast-seo-wordpress\/ -->\n<title>Les quatre estacions al castell de Castelnau - Estiu - Office de Tourisme Aspres-Thuir<\/title>\n<meta name=\"robots\" content=\"index, follow, max-snippet:-1, max-image-preview:large, max-video-preview:-1\" \/>\n<link rel=\"canonical\" href=\"https:\/\/aspres-thuir.com\/ca\/evenement\/les-quatre-estacions-al-castell-de-castelnau-estiu\/\" \/>\n<meta property=\"og:locale\" content=\"ca_ES\" \/>\n<meta property=\"og:type\" content=\"article\" \/>\n<meta property=\"og:title\" content=\"Les quatre estacions al castell de Castelnau - Estiu - Office de Tourisme Aspres-Thuir\" \/>\n<meta property=\"og:description\" content=\"Les quatre estacions al castell \u2013 el programa d&#8217;estiu: \u00b7 La Nit Rom\u00e0ntica dels M\u00e9s Bells Pobles de Fran\u00e7a Dissabte 27 de juny (21:00\u201323:30) Una vetllada original i singular, reservada per a parelles. Una s\u00e8rie d&#8217;actuacions art\u00edstiques us transportar\u00e0 a un m\u00f3n de somni, on trobareu parelles llegend\u00e0ries que han deixat la seva empremta al [&hellip;]\" \/>\n<meta property=\"og:site_name\" content=\"Office de Tourisme Aspres-Thuir\" \/>\n<meta name=\"twitter:card\" content=\"summary_large_image\" \/>\n<meta name=\"twitter:label1\" content=\"Est. reading time\" \/>\n\t<meta name=\"twitter:data1\" content=\"1 minute\" \/>\n<script type=\"application\/ld+json\" class=\"yoast-schema-graph\">{\"@context\":\"https:\/\/schema.org\",\"@graph\":[{\"@type\":\"WebPage\",\"@id\":\"https:\/\/aspres-thuir.com\/ca\/evenement\/les-quatre-estacions-al-castell-de-castelnau-estiu\/\",\"url\":\"https:\/\/aspres-thuir.com\/ca\/evenement\/les-quatre-estacions-al-castell-de-castelnau-estiu\/\",\"name\":\"Les quatre estacions al castell de Castelnau - Estiu - Office de Tourisme Aspres-Thuir\",\"isPartOf\":{\"@id\":\"https:\/\/aspres-thuir.com\/ca\/#website\"},\"datePublished\":\"2026-04-22T15:26:36+00:00\",\"breadcrumb\":{\"@id\":\"https:\/\/aspres-thuir.com\/ca\/evenement\/les-quatre-estacions-al-castell-de-castelnau-estiu\/#breadcrumb\"},\"inLanguage\":\"ca\",\"potentialAction\":[{\"@type\":\"ReadAction\",\"target\":[\"https:\/\/aspres-thuir.com\/ca\/evenement\/les-quatre-estacions-al-castell-de-castelnau-estiu\/\"]}]},{\"@type\":\"BreadcrumbList\",\"@id\":\"https:\/\/aspres-thuir.com\/ca\/evenement\/les-quatre-estacions-al-castell-de-castelnau-estiu\/#breadcrumb\",\"itemListElement\":[{\"@type\":\"ListItem\",\"position\":1,\"name\":\"\",\"item\":\"https:\/\/aspres-thuir.com\/ca\/\"},{\"@type\":\"ListItem\",\"position\":2,\"name\":\"\u00c9v\u00e9nements\",\"item\":\"https:\/\/aspres-thuir.com\/ca\/evenement\/\"},{\"@type\":\"ListItem\",\"position\":3,\"name\":\"Les quatre estacions al castell de Castelnau &#8211; Estiu\"}]},{\"@type\":\"WebSite\",\"@id\":\"https:\/\/aspres-thuir.com\/ca\/#website\",\"url\":\"https:\/\/aspres-thuir.com\/ca\/\",\"name\":\"Office de Tourisme Aspres-Thuir\",\"description\":\"\",\"potentialAction\":[{\"@type\":\"SearchAction\",\"target\":{\"@type\":\"EntryPoint\",\"urlTemplate\":\"https:\/\/aspres-thuir.com\/ca\/?s={search_term_string}\"},\"query-input\":{\"@type\":\"PropertyValueSpecification\",\"valueRequired\":true,\"valueName\":\"search_term_string\"}}],\"inLanguage\":\"ca\"}]}<\/script>\n<!-- \/ Yoast SEO plugin. -->","yoast_head_json":{"title":"Les quatre estacions al castell de Castelnau - Estiu - Office de Tourisme Aspres-Thuir","robots":{"index":"index","follow":"follow","max-snippet":"max-snippet:-1","max-image-preview":"max-image-preview:large","max-video-preview":"max-video-preview:-1"},"canonical":"https:\/\/aspres-thuir.com\/ca\/evenement\/les-quatre-estacions-al-castell-de-castelnau-estiu\/","og_locale":"ca_ES","og_type":"article","og_title":"Les quatre estacions al castell de Castelnau - Estiu - Office de Tourisme Aspres-Thuir","og_description":"Les quatre estacions al castell \u2013 el programa d&#8217;estiu: \u00b7 La Nit Rom\u00e0ntica dels M\u00e9s Bells Pobles de Fran\u00e7a Dissabte 27 de juny (21:00\u201323:30) Una vetllada original i singular, reservada per a parelles. Una s\u00e8rie d&#8217;actuacions art\u00edstiques us transportar\u00e0 a un m\u00f3n de somni, on trobareu parelles llegend\u00e0ries que han deixat la seva empremta al [&hellip;]","og_site_name":"Office de Tourisme Aspres-Thuir","twitter_card":"summary_large_image","twitter_misc":{"Est. reading time":"1 minute"},"schema":{"@context":"https:\/\/schema.org","@graph":[{"@type":"WebPage","@id":"https:\/\/aspres-thuir.com\/ca\/evenement\/les-quatre-estacions-al-castell-de-castelnau-estiu\/","url":"https:\/\/aspres-thuir.com\/ca\/evenement\/les-quatre-estacions-al-castell-de-castelnau-estiu\/","name":"Les quatre estacions al castell de Castelnau - Estiu - Office de Tourisme Aspres-Thuir","isPartOf":{"@id":"https:\/\/aspres-thuir.com\/ca\/#website"},"datePublished":"2026-04-22T15:26:36+00:00","breadcrumb":{"@id":"https:\/\/aspres-thuir.com\/ca\/evenement\/les-quatre-estacions-al-castell-de-castelnau-estiu\/#breadcrumb"},"inLanguage":"ca","potentialAction":[{"@type":"ReadAction","target":["https:\/\/aspres-thuir.com\/ca\/evenement\/les-quatre-estacions-al-castell-de-castelnau-estiu\/"]}]},{"@type":"BreadcrumbList","@id":"https:\/\/aspres-thuir.com\/ca\/evenement\/les-quatre-estacions-al-castell-de-castelnau-estiu\/#breadcrumb","itemListElement":[{"@type":"ListItem","position":1,"name":"","item":"https:\/\/aspres-thuir.com\/ca\/"},{"@type":"ListItem","position":2,"name":"\u00c9v\u00e9nements","item":"https:\/\/aspres-thuir.com\/ca\/evenement\/"},{"@type":"ListItem","position":3,"name":"Les quatre estacions al castell de Castelnau &#8211; Estiu"}]},{"@type":"WebSite","@id":"https:\/\/aspres-thuir.com\/ca\/#website","url":"https:\/\/aspres-thuir.com\/ca\/","name":"Office de Tourisme Aspres-Thuir","description":"","potentialAction":[{"@type":"SearchAction","target":{"@type":"EntryPoint","urlTemplate":"https:\/\/aspres-thuir.com\/ca\/?s={search_term_string}"},"query-input":{"@type":"PropertyValueSpecification","valueRequired":true,"valueName":"search_term_string"}}],"inLanguage":"ca"}]}},"_links":{"self":[{"href":"https:\/\/aspres-thuir.com\/ca\/wp-json\/wp\/v2\/tsc_evenement\/84279","targetHints":{"allow":["GET"]}}],"collection":[{"href":"https:\/\/aspres-thuir.com\/ca\/wp-json\/wp\/v2\/tsc_evenement"}],"about":[{"href":"https:\/\/aspres-thuir.com\/ca\/wp-json\/wp\/v2\/types\/tsc_evenement"}],"wp:attachment":[{"href":"https:\/\/aspres-thuir.com\/ca\/wp-json\/wp\/v2\/media?parent=84279"}],"wp:term":[{"taxonomy":"tsc_cat_evenement","embeddable":true,"href":"https:\/\/aspres-thuir.com\/ca\/wp-json\/wp\/v2\/tsc_cat_evenement?post=84279"}],"curies":[{"name":"wp","href":"https:\/\/api.w.org\/{rel}","templated":true}]}}

<p>Les quatre estacions al castell – el programa d&#8217;estiu: </p>
<p>· La Nit Romàntica dels Més Bells Pobles de França Dissabte 27 de juny (21:00–23:30) Una vetllada original i singular, reservada per a parelles. Una sèrie d&#8217;actuacions artístiques us transportarà a un món de somni, on trobareu parelles llegendàries que han deixat la seva empremta al castell. Una vetllada única i poètica plena de sorpreses. Inscripció obligatòria – 15 € per persona</p>
<p> + Al poble &gt; Inauguració dels mercats d&#8217;estiu Dg. 28 de juny, i després cada dimarts del 30 de juny al 15 de setembre </p>
<p>· Ruta de contacontes · Dm. 21 de juliol a les 15.00 h</p>
<p> · Festival del Castell Dissabte 25 i diumenge 26 de juliol (10 h – 19 h) Campament medieval amb contes i llegendes Espectacle eqüestre «Als temps dels cavallers» Combat amb espases · Taller de teixit Trobador i espectacle de carrer · Catapulta de dolços Actuació artística «Retrobant els antics propietaris del castell» &#8221;  Punt de pintacares per a nens </p>
<p>+ Al poble &gt; Mercat Medieval · Dg. 26 de juliol</p>
<p> · Esdeveniments nocturns Sg. 8, 15 i 22 d&#8217;agost (21:00–23:00) (Re)descobreix el castell i la seva història en un ambient nocturn únic i allarga l&#8217;experiència amb una degustació guiada! Reserves imprescindibles – 7,50 € per persona</p>
<p>· Sortida del sol Dg. 30 d&#8217;agost (7.30 h – 9 h) Una sessió introductòria en grup que combina meditació i ioga a la terrassa del castell per gaudir de la sortida del sol i sentir la força plena dels Aspres mentre es desperten. Reserves imprescindibles – 7,50 € per persona</p>
<p> · Días del Patrimoni Europeu Dissabte 19 i diumenge 20 de setembre Presentació del projecte «Castelnou &amp; Vous»: exposicions, testimonis, visites guiades Entrada gratuïta</p>
<p> + Al poble &gt; Mercat de Patrimoni i Sabors Diumenge 20 de setembre</p>

<!-- This site is optimized with the Yoast SEO plugin v26.9 - https://yoast.com/product/yoast-seo-wordpress/ -->
<title>Les quatre estacions al castell de Castelnau - Estiu - Office de Tourisme Aspres-Thuir</title>
<meta name="robots" content="index, follow, max-snippet:-1, max-image-preview:large, max-video-preview:-1" />
<link rel="canonical" href="https://aspres-thuir.com/ca/evenement/les-quatre-estacions-al-castell-de-castelnau-estiu/" />
<meta property="og:locale" content="ca_ES" />
<meta property="og:type" content="article" />
<meta property="og:title" content="Les quatre estacions al castell de Castelnau - Estiu - Office de Tourisme Aspres-Thuir" />
<meta property="og:description" content="Les quatre estacions al castell – el programa d&#8217;estiu: · La Nit Romàntica dels Més Bells Pobles de França Dissabte 27 de juny (21:00–23:30) Una vetllada original i singular, reservada per a parelles. Una sèrie d&#8217;actuacions artístiques us transportarà a un món de somni, on trobareu parelles llegendàries que han deixat la seva empremta al [&hellip;]" />
<meta property="og:site_name" content="Office de Tourisme Aspres-Thuir" />
<meta name="twitter:card" content="summary_large_image" />
<meta name="twitter:label1" content="Est. reading time" />
	<meta name="twitter:data1" content="1 minute" />
<script type="application/ld+json" class="yoast-schema-graph">{"@context":"https://schema.org","@graph":[{"@type":"WebPage","@id":"https://aspres-thuir.com/ca/evenement/les-quatre-estacions-al-castell-de-castelnau-estiu/","url":"https://aspres-thuir.com/ca/evenement/les-quatre-estacions-al-castell-de-castelnau-estiu/","name":"Les quatre estacions al castell de Castelnau - Estiu - Office de Tourisme Aspres-Thuir","isPartOf":{"@id":"https://aspres-thuir.com/ca/#website"},"datePublished":"2026-04-22T15:26:36+00:00","breadcrumb":{"@id":"https://aspres-thuir.com/ca/evenement/les-quatre-estacions-al-castell-de-castelnau-estiu/#breadcrumb"},"inLanguage":"ca","potentialAction":[{"@type":"ReadAction","target":["https://aspres-thuir.com/ca/evenement/les-quatre-estacions-al-castell-de-castelnau-estiu/"]}]},{"@type":"BreadcrumbList","@id":"https://aspres-thuir.com/ca/evenement/les-quatre-estacions-al-castell-de-castelnau-estiu/#breadcrumb","itemListElement":[{"@type":"ListItem","position":1,"name":"","item":"https://aspres-thuir.com/ca/"},{"@type":"ListItem","position":2,"name":"Événements","item":"https://aspres-thuir.com/ca/evenement/"},{"@type":"ListItem","position":3,"name":"Les quatre estacions al castell de Castelnau &#8211; Estiu"}]},{"@type":"WebSite","@id":"https://aspres-thuir.com/ca/#website","url":"https://aspres-thuir.com/ca/","name":"Office de Tourisme Aspres-Thuir","description":"","potentialAction":[{"@type":"SearchAction","target":{"@type":"EntryPoint","urlTemplate":"https://aspres-thuir.com/ca/?s={search_term_string}"},"query-input":{"@type":"PropertyValueSpecification","valueRequired":true,"valueName":"search_term_string"}}],"inLanguage":"ca"}]}</script>
<!-- / Yoast SEO plugin. -->

Les quatre estacions al castell – el programa d&#8217;estiu: · La Nit Romàntica dels Més Bells Pobles de França Dissabte 27 de juny (21:00–23:30) Una vetllada original i singular, reservada per a parelles. Una sèrie d&#8217;actuacions artístiques us transportarà a un món de somni, on trobareu parelles llegendàries que han deixat la seva empremta al [&hellip;]

Événements
