{"id":84368,"date":"2026-04-25T03:15:12","date_gmt":"2026-04-25T01:15:12","guid":{"rendered":"https:\/\/aspres-thuir.com\/evenement\/concert-artscen\/"},"modified":"2026-04-30T03:15:11","modified_gmt":"2026-04-30T01:15:11","slug":"concert-artscen","status":"publish","type":"tsc_evenement","link":"https:\/\/aspres-thuir.com\/ca\/evenement\/concert-artscen\/","title":{"rendered":"CONCERT ART&#8217;SCEN"},"content":{"rendered":"<p>L&#8217;ensemble vocal Art Sc\u00e8n&#8217; d\u00e9barque avec un nouveau spectacle!<\/p>\n<p>Retenez les dates dans les Aspres<br \/>\n31 mai \u00e0 17h30 &#8211; Villemolaque<br \/>\n4 juillet \u00e0 21h &#8211; Thuir<br \/>\n5 juillet \u00e0 17h -Thuir<br \/>\n3 octobre \u00e0 20h30 &#8211; Trouillas<\/p>\n<p>Venez nombreux! <\/p>\n","protected":false},"featured_media":0,"template":"","meta":{"_acf_changed":false,"_et_pb_use_builder":"","_et_pb_old_content":"","_et_gb_content_width":""},"tsc_cat_evenement":[1115,1113],"class_list":["post-84368","tsc_evenement","type-tsc_evenement","status-publish","hentry","tsc_cat_evenement-concert","tsc_cat_evenement-spectacle"],"acf":[],"yoast_head":"<!-- This site is optimized with the Yoast SEO plugin v26.9 - https:\/\/yoast.com\/product\/yoast-seo-wordpress\/ -->\n<title>CONCERT ART&#039;SCEN - Office de Tourisme Aspres-Thuir<\/title>\n<meta name=\"robots\" content=\"index, follow, max-snippet:-1, max-image-preview:large, max-video-preview:-1\" \/>\n<link rel=\"canonical\" href=\"https:\/\/aspres-thuir.com\/ca\/evenement\/concert-artscen\/\" \/>\n<meta property=\"og:locale\" content=\"ca_ES\" \/>\n<meta property=\"og:type\" content=\"article\" \/>\n<meta property=\"og:title\" content=\"CONCERT ART&#039;SCEN - Office de Tourisme Aspres-Thuir\" \/>\n<meta property=\"og:description\" content=\"L&#8217;ensemble vocal Art Sc\u00e8n&#8217; d\u00e9barque avec un nouveau spectacle! Retenez les dates dans les Aspres 31 mai \u00e0 17h30 &#8211; Villemolaque 4 juillet \u00e0 21h &#8211; Thuir 5 juillet \u00e0 17h -Thuir 3 octobre \u00e0 20h30 &#8211; Trouillas Venez nombreux!\" \/>\n<meta property=\"og:site_name\" content=\"Office de Tourisme Aspres-Thuir\" \/>\n<meta property=\"article:modified_time\" content=\"2026-04-30T01:15:11+00:00\" \/>\n<meta name=\"twitter:card\" content=\"summary_large_image\" \/>\n<script type=\"application\/ld+json\" class=\"yoast-schema-graph\">{\"@context\":\"https:\/\/schema.org\",\"@graph\":[{\"@type\":\"WebPage\",\"@id\":\"https:\/\/aspres-thuir.com\/ca\/evenement\/concert-artscen\/\",\"url\":\"https:\/\/aspres-thuir.com\/ca\/evenement\/concert-artscen\/\",\"name\":\"CONCERT ART'SCEN - Office de Tourisme Aspres-Thuir\",\"isPartOf\":{\"@id\":\"https:\/\/aspres-thuir.com\/ca\/#website\"},\"datePublished\":\"2026-04-25T01:15:12+00:00\",\"dateModified\":\"2026-04-30T01:15:11+00:00\",\"breadcrumb\":{\"@id\":\"https:\/\/aspres-thuir.com\/ca\/evenement\/concert-artscen\/#breadcrumb\"},\"inLanguage\":\"ca\",\"potentialAction\":[{\"@type\":\"ReadAction\",\"target\":[\"https:\/\/aspres-thuir.com\/ca\/evenement\/concert-artscen\/\"]}]},{\"@type\":\"BreadcrumbList\",\"@id\":\"https:\/\/aspres-thuir.com\/ca\/evenement\/concert-artscen\/#breadcrumb\",\"itemListElement\":[{\"@type\":\"ListItem\",\"position\":1,\"name\":\"\",\"item\":\"https:\/\/aspres-thuir.com\/ca\/\"},{\"@type\":\"ListItem\",\"position\":2,\"name\":\"\u00c9v\u00e9nements\",\"item\":\"https:\/\/aspres-thuir.com\/ca\/evenement\/\"},{\"@type\":\"ListItem\",\"position\":3,\"name\":\"CONCERT ART&#8217;SCEN\"}]},{\"@type\":\"WebSite\",\"@id\":\"https:\/\/aspres-thuir.com\/ca\/#website\",\"url\":\"https:\/\/aspres-thuir.com\/ca\/\",\"name\":\"Office de Tourisme Aspres-Thuir\",\"description\":\"\",\"potentialAction\":[{\"@type\":\"SearchAction\",\"target\":{\"@type\":\"EntryPoint\",\"urlTemplate\":\"https:\/\/aspres-thuir.com\/ca\/?s={search_term_string}\"},\"query-input\":{\"@type\":\"PropertyValueSpecification\",\"valueRequired\":true,\"valueName\":\"search_term_string\"}}],\"inLanguage\":\"ca\"}]}<\/script>\n<!-- \/ Yoast SEO plugin. -->","yoast_head_json":{"title":"CONCERT ART'SCEN - Office de Tourisme Aspres-Thuir","robots":{"index":"index","follow":"follow","max-snippet":"max-snippet:-1","max-image-preview":"max-image-preview:large","max-video-preview":"max-video-preview:-1"},"canonical":"https:\/\/aspres-thuir.com\/ca\/evenement\/concert-artscen\/","og_locale":"ca_ES","og_type":"article","og_title":"CONCERT ART'SCEN - Office de Tourisme Aspres-Thuir","og_description":"L&#8217;ensemble vocal Art Sc\u00e8n&#8217; d\u00e9barque avec un nouveau spectacle! Retenez les dates dans les Aspres 31 mai \u00e0 17h30 &#8211; Villemolaque 4 juillet \u00e0 21h &#8211; Thuir 5 juillet \u00e0 17h -Thuir 3 octobre \u00e0 20h30 &#8211; Trouillas Venez nombreux!","og_site_name":"Office de Tourisme Aspres-Thuir","article_modified_time":"2026-04-30T01:15:11+00:00","twitter_card":"summary_large_image","schema":{"@context":"https:\/\/schema.org","@graph":[{"@type":"WebPage","@id":"https:\/\/aspres-thuir.com\/ca\/evenement\/concert-artscen\/","url":"https:\/\/aspres-thuir.com\/ca\/evenement\/concert-artscen\/","name":"CONCERT ART'SCEN - Office de Tourisme Aspres-Thuir","isPartOf":{"@id":"https:\/\/aspres-thuir.com\/ca\/#website"},"datePublished":"2026-04-25T01:15:12+00:00","dateModified":"2026-04-30T01:15:11+00:00","breadcrumb":{"@id":"https:\/\/aspres-thuir.com\/ca\/evenement\/concert-artscen\/#breadcrumb"},"inLanguage":"ca","potentialAction":[{"@type":"ReadAction","target":["https:\/\/aspres-thuir.com\/ca\/evenement\/concert-artscen\/"]}]},{"@type":"BreadcrumbList","@id":"https:\/\/aspres-thuir.com\/ca\/evenement\/concert-artscen\/#breadcrumb","itemListElement":[{"@type":"ListItem","position":1,"name":"","item":"https:\/\/aspres-thuir.com\/ca\/"},{"@type":"ListItem","position":2,"name":"\u00c9v\u00e9nements","item":"https:\/\/aspres-thuir.com\/ca\/evenement\/"},{"@type":"ListItem","position":3,"name":"CONCERT ART&#8217;SCEN"}]},{"@type":"WebSite","@id":"https:\/\/aspres-thuir.com\/ca\/#website","url":"https:\/\/aspres-thuir.com\/ca\/","name":"Office de Tourisme Aspres-Thuir","description":"","potentialAction":[{"@type":"SearchAction","target":{"@type":"EntryPoint","urlTemplate":"https:\/\/aspres-thuir.com\/ca\/?s={search_term_string}"},"query-input":{"@type":"PropertyValueSpecification","valueRequired":true,"valueName":"search_term_string"}}],"inLanguage":"ca"}]}},"_links":{"self":[{"href":"https:\/\/aspres-thuir.com\/ca\/wp-json\/wp\/v2\/tsc_evenement\/84368","targetHints":{"allow":["GET"]}}],"collection":[{"href":"https:\/\/aspres-thuir.com\/ca\/wp-json\/wp\/v2\/tsc_evenement"}],"about":[{"href":"https:\/\/aspres-thuir.com\/ca\/wp-json\/wp\/v2\/types\/tsc_evenement"}],"wp:attachment":[{"href":"https:\/\/aspres-thuir.com\/ca\/wp-json\/wp\/v2\/media?parent=84368"}],"wp:term":[{"taxonomy":"tsc_cat_evenement","embeddable":true,"href":"https:\/\/aspres-thuir.com\/ca\/wp-json\/wp\/v2\/tsc_cat_evenement?post=84368"}],"curies":[{"name":"wp","href":"https:\/\/api.w.org\/{rel}","templated":true}]}}

<p>L&#8217;ensemble vocal Art Scèn&#8217; débarque avec un nouveau spectacle!</p>
<p>Retenez les dates dans les Aspres<br />
31 mai à 17h30 &#8211; Villemolaque<br />
4 juillet à 21h &#8211; Thuir<br />
5 juillet à 17h -Thuir<br />
3 octobre à 20h30 &#8211; Trouillas</p>
<p>Venez nombreux! </p>

<!-- This site is optimized with the Yoast SEO plugin v26.9 - https://yoast.com/product/yoast-seo-wordpress/ -->
<title>CONCERT ART&#039;SCEN - Office de Tourisme Aspres-Thuir</title>
<meta name="robots" content="index, follow, max-snippet:-1, max-image-preview:large, max-video-preview:-1" />
<link rel="canonical" href="https://aspres-thuir.com/ca/evenement/concert-artscen/" />
<meta property="og:locale" content="ca_ES" />
<meta property="og:type" content="article" />
<meta property="og:title" content="CONCERT ART&#039;SCEN - Office de Tourisme Aspres-Thuir" />
<meta property="og:description" content="L&#8217;ensemble vocal Art Scèn&#8217; débarque avec un nouveau spectacle! Retenez les dates dans les Aspres 31 mai à 17h30 &#8211; Villemolaque 4 juillet à 21h &#8211; Thuir 5 juillet à 17h -Thuir 3 octobre à 20h30 &#8211; Trouillas Venez nombreux!" />
<meta property="og:site_name" content="Office de Tourisme Aspres-Thuir" />
<meta property="article:modified_time" content="2026-04-30T01:15:11+00:00" />
<meta name="twitter:card" content="summary_large_image" />
<script type="application/ld+json" class="yoast-schema-graph">{"@context":"https://schema.org","@graph":[{"@type":"WebPage","@id":"https://aspres-thuir.com/ca/evenement/concert-artscen/","url":"https://aspres-thuir.com/ca/evenement/concert-artscen/","name":"CONCERT ART'SCEN - Office de Tourisme Aspres-Thuir","isPartOf":{"@id":"https://aspres-thuir.com/ca/#website"},"datePublished":"2026-04-25T01:15:12+00:00","dateModified":"2026-04-30T01:15:11+00:00","breadcrumb":{"@id":"https://aspres-thuir.com/ca/evenement/concert-artscen/#breadcrumb"},"inLanguage":"ca","potentialAction":[{"@type":"ReadAction","target":["https://aspres-thuir.com/ca/evenement/concert-artscen/"]}]},{"@type":"BreadcrumbList","@id":"https://aspres-thuir.com/ca/evenement/concert-artscen/#breadcrumb","itemListElement":[{"@type":"ListItem","position":1,"name":"","item":"https://aspres-thuir.com/ca/"},{"@type":"ListItem","position":2,"name":"Événements","item":"https://aspres-thuir.com/ca/evenement/"},{"@type":"ListItem","position":3,"name":"CONCERT ART&#8217;SCEN"}]},{"@type":"WebSite","@id":"https://aspres-thuir.com/ca/#website","url":"https://aspres-thuir.com/ca/","name":"Office de Tourisme Aspres-Thuir","description":"","potentialAction":[{"@type":"SearchAction","target":{"@type":"EntryPoint","urlTemplate":"https://aspres-thuir.com/ca/?s={search_term_string}"},"query-input":{"@type":"PropertyValueSpecification","valueRequired":true,"valueName":"search_term_string"}}],"inLanguage":"ca"}]}</script>
<!-- / Yoast SEO plugin. -->

L&#8217;ensemble vocal Art Scèn&#8217; débarque avec un nouveau spectacle! Retenez les dates dans les Aspres 31 mai à 17h30 &#8211; Villemolaque 4 juillet à 21h &#8211; Thuir 5 juillet à 17h -Thuir 3 octobre à 20h30 &#8211; Trouillas Venez nombreux!

Événements
