{"id":84530,"date":"2026-05-03T03:15:14","date_gmt":"2026-05-03T01:15:14","guid":{"rendered":"https:\/\/aspres-thuir.com\/evenement\/congres-regional-sud-med\/"},"modified":"2026-05-03T03:15:14","modified_gmt":"2026-05-03T01:15:14","slug":"congres-regional-sud-med","status":"publish","type":"tsc_evenement","link":"https:\/\/aspres-thuir.com\/ca\/evenement\/congres-regional-sud-med\/","title":{"rendered":"CONGR\u00c8S R\u00c9GIONAL SUD MED"},"content":{"rendered":"<p>Congr\u00e8s r\u00e9gional des sapeurs-pompiers Sud M\u00e9diterran\u00e9e <br \/>\nLes 15 et 16 mai 2026, la ville de Thuir accueillera le congr\u00e8s r\u00e9gional des sapeurs-pompiers Sud M\u00e9diterran\u00e9e, un \u00e9v\u00e9nement important plac\u00e9 sous le signe de l\u2019\u00e9change, du partage et de la convivialit\u00e9.<br \/>\nCet \u00e9v\u00e9nement sera \u00e9galement l\u2019occasion pour le grand public et les familles de d\u00e9couvrir l\u2019univers des sapeurs-pompiers dans une ambiance chaleureuse.<br \/>\n Rendez-vous au parc de la Villa Palauda pour profiter d\u2019animations destin\u00e9es aux petits comme aux grands et partager un moment en famille.<br \/>\n Nous vous attendons nombreux pour venir rencontrer les sapeurs-pompiers et vivre un temps fort au c\u0153ur de notre territoire.<\/p>\n","protected":false},"featured_media":0,"template":"","meta":{"_acf_changed":false,"_et_pb_use_builder":"","_et_pb_old_content":"","_et_gb_content_width":""},"tsc_cat_evenement":[1289,1114],"class_list":["post-84530","tsc_evenement","type-tsc_evenement","status-publish","hentry","tsc_cat_evenement-rassemblement-reunion","tsc_cat_evenement-stage-atelier"],"acf":[],"yoast_head":"<!-- This site is optimized with the Yoast SEO plugin v26.9 - https:\/\/yoast.com\/product\/yoast-seo-wordpress\/ -->\n<title>CONGR\u00c8S R\u00c9GIONAL SUD MED - Office de Tourisme Aspres-Thuir<\/title>\n<meta name=\"robots\" content=\"index, follow, max-snippet:-1, max-image-preview:large, max-video-preview:-1\" \/>\n<link rel=\"canonical\" href=\"https:\/\/aspres-thuir.com\/ca\/evenement\/congres-regional-sud-med\/\" \/>\n<meta property=\"og:locale\" content=\"ca_ES\" \/>\n<meta property=\"og:type\" content=\"article\" \/>\n<meta property=\"og:title\" content=\"CONGR\u00c8S R\u00c9GIONAL SUD MED - Office de Tourisme Aspres-Thuir\" \/>\n<meta property=\"og:description\" content=\"Congr\u00e8s r\u00e9gional des sapeurs-pompiers Sud M\u00e9diterran\u00e9e Les 15 et 16 mai 2026, la ville de Thuir accueillera le congr\u00e8s r\u00e9gional des sapeurs-pompiers Sud M\u00e9diterran\u00e9e, un \u00e9v\u00e9nement important plac\u00e9 sous le signe de l\u2019\u00e9change, du partage et de la convivialit\u00e9. Cet \u00e9v\u00e9nement sera \u00e9galement l\u2019occasion pour le grand public et les familles de d\u00e9couvrir l\u2019univers des [&hellip;]\" \/>\n<meta property=\"og:site_name\" content=\"Office de Tourisme Aspres-Thuir\" \/>\n<meta name=\"twitter:card\" content=\"summary_large_image\" \/>\n<meta name=\"twitter:label1\" content=\"Est. reading time\" \/>\n\t<meta name=\"twitter:data1\" content=\"1 minute\" \/>\n<script type=\"application\/ld+json\" class=\"yoast-schema-graph\">{\"@context\":\"https:\/\/schema.org\",\"@graph\":[{\"@type\":\"WebPage\",\"@id\":\"https:\/\/aspres-thuir.com\/ca\/evenement\/congres-regional-sud-med\/\",\"url\":\"https:\/\/aspres-thuir.com\/ca\/evenement\/congres-regional-sud-med\/\",\"name\":\"CONGR\u00c8S R\u00c9GIONAL SUD MED - Office de Tourisme Aspres-Thuir\",\"isPartOf\":{\"@id\":\"https:\/\/aspres-thuir.com\/ca\/#website\"},\"datePublished\":\"2026-05-03T01:15:14+00:00\",\"breadcrumb\":{\"@id\":\"https:\/\/aspres-thuir.com\/ca\/evenement\/congres-regional-sud-med\/#breadcrumb\"},\"inLanguage\":\"ca\",\"potentialAction\":[{\"@type\":\"ReadAction\",\"target\":[\"https:\/\/aspres-thuir.com\/ca\/evenement\/congres-regional-sud-med\/\"]}]},{\"@type\":\"BreadcrumbList\",\"@id\":\"https:\/\/aspres-thuir.com\/ca\/evenement\/congres-regional-sud-med\/#breadcrumb\",\"itemListElement\":[{\"@type\":\"ListItem\",\"position\":1,\"name\":\"\",\"item\":\"https:\/\/aspres-thuir.com\/ca\/\"},{\"@type\":\"ListItem\",\"position\":2,\"name\":\"\u00c9v\u00e9nements\",\"item\":\"https:\/\/aspres-thuir.com\/ca\/evenement\/\"},{\"@type\":\"ListItem\",\"position\":3,\"name\":\"CONGR\u00c8S R\u00c9GIONAL SUD MED\"}]},{\"@type\":\"WebSite\",\"@id\":\"https:\/\/aspres-thuir.com\/ca\/#website\",\"url\":\"https:\/\/aspres-thuir.com\/ca\/\",\"name\":\"Office de Tourisme Aspres-Thuir\",\"description\":\"\",\"potentialAction\":[{\"@type\":\"SearchAction\",\"target\":{\"@type\":\"EntryPoint\",\"urlTemplate\":\"https:\/\/aspres-thuir.com\/ca\/?s={search_term_string}\"},\"query-input\":{\"@type\":\"PropertyValueSpecification\",\"valueRequired\":true,\"valueName\":\"search_term_string\"}}],\"inLanguage\":\"ca\"}]}<\/script>\n<!-- \/ Yoast SEO plugin. -->","yoast_head_json":{"title":"CONGR\u00c8S R\u00c9GIONAL SUD MED - Office de Tourisme Aspres-Thuir","robots":{"index":"index","follow":"follow","max-snippet":"max-snippet:-1","max-image-preview":"max-image-preview:large","max-video-preview":"max-video-preview:-1"},"canonical":"https:\/\/aspres-thuir.com\/ca\/evenement\/congres-regional-sud-med\/","og_locale":"ca_ES","og_type":"article","og_title":"CONGR\u00c8S R\u00c9GIONAL SUD MED - Office de Tourisme Aspres-Thuir","og_description":"Congr\u00e8s r\u00e9gional des sapeurs-pompiers Sud M\u00e9diterran\u00e9e Les 15 et 16 mai 2026, la ville de Thuir accueillera le congr\u00e8s r\u00e9gional des sapeurs-pompiers Sud M\u00e9diterran\u00e9e, un \u00e9v\u00e9nement important plac\u00e9 sous le signe de l\u2019\u00e9change, du partage et de la convivialit\u00e9. Cet \u00e9v\u00e9nement sera \u00e9galement l\u2019occasion pour le grand public et les familles de d\u00e9couvrir l\u2019univers des [&hellip;]","og_site_name":"Office de Tourisme Aspres-Thuir","twitter_card":"summary_large_image","twitter_misc":{"Est. reading time":"1 minute"},"schema":{"@context":"https:\/\/schema.org","@graph":[{"@type":"WebPage","@id":"https:\/\/aspres-thuir.com\/ca\/evenement\/congres-regional-sud-med\/","url":"https:\/\/aspres-thuir.com\/ca\/evenement\/congres-regional-sud-med\/","name":"CONGR\u00c8S R\u00c9GIONAL SUD MED - Office de Tourisme Aspres-Thuir","isPartOf":{"@id":"https:\/\/aspres-thuir.com\/ca\/#website"},"datePublished":"2026-05-03T01:15:14+00:00","breadcrumb":{"@id":"https:\/\/aspres-thuir.com\/ca\/evenement\/congres-regional-sud-med\/#breadcrumb"},"inLanguage":"ca","potentialAction":[{"@type":"ReadAction","target":["https:\/\/aspres-thuir.com\/ca\/evenement\/congres-regional-sud-med\/"]}]},{"@type":"BreadcrumbList","@id":"https:\/\/aspres-thuir.com\/ca\/evenement\/congres-regional-sud-med\/#breadcrumb","itemListElement":[{"@type":"ListItem","position":1,"name":"","item":"https:\/\/aspres-thuir.com\/ca\/"},{"@type":"ListItem","position":2,"name":"\u00c9v\u00e9nements","item":"https:\/\/aspres-thuir.com\/ca\/evenement\/"},{"@type":"ListItem","position":3,"name":"CONGR\u00c8S R\u00c9GIONAL SUD MED"}]},{"@type":"WebSite","@id":"https:\/\/aspres-thuir.com\/ca\/#website","url":"https:\/\/aspres-thuir.com\/ca\/","name":"Office de Tourisme Aspres-Thuir","description":"","potentialAction":[{"@type":"SearchAction","target":{"@type":"EntryPoint","urlTemplate":"https:\/\/aspres-thuir.com\/ca\/?s={search_term_string}"},"query-input":{"@type":"PropertyValueSpecification","valueRequired":true,"valueName":"search_term_string"}}],"inLanguage":"ca"}]}},"_links":{"self":[{"href":"https:\/\/aspres-thuir.com\/ca\/wp-json\/wp\/v2\/tsc_evenement\/84530","targetHints":{"allow":["GET"]}}],"collection":[{"href":"https:\/\/aspres-thuir.com\/ca\/wp-json\/wp\/v2\/tsc_evenement"}],"about":[{"href":"https:\/\/aspres-thuir.com\/ca\/wp-json\/wp\/v2\/types\/tsc_evenement"}],"wp:attachment":[{"href":"https:\/\/aspres-thuir.com\/ca\/wp-json\/wp\/v2\/media?parent=84530"}],"wp:term":[{"taxonomy":"tsc_cat_evenement","embeddable":true,"href":"https:\/\/aspres-thuir.com\/ca\/wp-json\/wp\/v2\/tsc_cat_evenement?post=84530"}],"curies":[{"name":"wp","href":"https:\/\/api.w.org\/{rel}","templated":true}]}}

CONGRÈS RÉGIONAL SUD MED

<p>Congrès régional des sapeurs-pompiers Sud Méditerranée <br />
Les 15 et 16 mai 2026, la ville de Thuir accueillera le congrès régional des sapeurs-pompiers Sud Méditerranée, un événement important placé sous le signe de l’échange, du partage et de la convivialité.<br />
Cet événement sera également l’occasion pour le grand public et les familles de découvrir l’univers des sapeurs-pompiers dans une ambiance chaleureuse.<br />
 Rendez-vous au parc de la Villa Palauda pour profiter d’animations destinées aux petits comme aux grands et partager un moment en famille.<br />
 Nous vous attendons nombreux pour venir rencontrer les sapeurs-pompiers et vivre un temps fort au cœur de notre territoire.</p>

<!-- This site is optimized with the Yoast SEO plugin v26.9 - https://yoast.com/product/yoast-seo-wordpress/ -->
<title>CONGRÈS RÉGIONAL SUD MED - Office de Tourisme Aspres-Thuir</title>
<meta name="robots" content="index, follow, max-snippet:-1, max-image-preview:large, max-video-preview:-1" />
<link rel="canonical" href="https://aspres-thuir.com/ca/evenement/congres-regional-sud-med/" />
<meta property="og:locale" content="ca_ES" />
<meta property="og:type" content="article" />
<meta property="og:title" content="CONGRÈS RÉGIONAL SUD MED - Office de Tourisme Aspres-Thuir" />
<meta property="og:description" content="Congrès régional des sapeurs-pompiers Sud Méditerranée Les 15 et 16 mai 2026, la ville de Thuir accueillera le congrès régional des sapeurs-pompiers Sud Méditerranée, un événement important placé sous le signe de l’échange, du partage et de la convivialité. Cet événement sera également l’occasion pour le grand public et les familles de découvrir l’univers des [&hellip;]" />
<meta property="og:site_name" content="Office de Tourisme Aspres-Thuir" />
<meta name="twitter:card" content="summary_large_image" />
<meta name="twitter:label1" content="Est. reading time" />
	<meta name="twitter:data1" content="1 minute" />
<script type="application/ld+json" class="yoast-schema-graph">{"@context":"https://schema.org","@graph":[{"@type":"WebPage","@id":"https://aspres-thuir.com/ca/evenement/congres-regional-sud-med/","url":"https://aspres-thuir.com/ca/evenement/congres-regional-sud-med/","name":"CONGRÈS RÉGIONAL SUD MED - Office de Tourisme Aspres-Thuir","isPartOf":{"@id":"https://aspres-thuir.com/ca/#website"},"datePublished":"2026-05-03T01:15:14+00:00","breadcrumb":{"@id":"https://aspres-thuir.com/ca/evenement/congres-regional-sud-med/#breadcrumb"},"inLanguage":"ca","potentialAction":[{"@type":"ReadAction","target":["https://aspres-thuir.com/ca/evenement/congres-regional-sud-med/"]}]},{"@type":"BreadcrumbList","@id":"https://aspres-thuir.com/ca/evenement/congres-regional-sud-med/#breadcrumb","itemListElement":[{"@type":"ListItem","position":1,"name":"","item":"https://aspres-thuir.com/ca/"},{"@type":"ListItem","position":2,"name":"Événements","item":"https://aspres-thuir.com/ca/evenement/"},{"@type":"ListItem","position":3,"name":"CONGRÈS RÉGIONAL SUD MED"}]},{"@type":"WebSite","@id":"https://aspres-thuir.com/ca/#website","url":"https://aspres-thuir.com/ca/","name":"Office de Tourisme Aspres-Thuir","description":"","potentialAction":[{"@type":"SearchAction","target":{"@type":"EntryPoint","urlTemplate":"https://aspres-thuir.com/ca/?s={search_term_string}"},"query-input":{"@type":"PropertyValueSpecification","valueRequired":true,"valueName":"search_term_string"}}],"inLanguage":"ca"}]}</script>
<!-- / Yoast SEO plugin. -->

CONGRÈS RÉGIONAL SUD MED - Office de Tourisme Aspres-Thuir

Congrès régional des sapeurs-pompiers Sud Méditerranée Les 15 et 16 mai 2026, la ville de Thuir accueillera le congrès régional des sapeurs-pompiers Sud Méditerranée, un événement important placé sous le signe de l’échange, du partage et de la convivialité. Cet événement sera également l’occasion pour le grand public et les familles de découvrir l’univers des [&hellip;]

Événements
