{"id":78564,"date":"2026-03-26T13:48:26","date_gmt":"2026-03-26T12:48:26","guid":{"rendered":"https:\/\/aspres-thuir.com\/hebergement\/mas-margouillat-del-cami-12\/"},"modified":"2026-04-22T17:23:56","modified_gmt":"2026-04-22T15:23:56","slug":"mas-margouillat-del-cami-12","status":"publish","type":"tsc_hebergement","link":"https:\/\/aspres-thuir.com\/ca\/hebergement\/mas-margouillat-del-cami-12\/","title":{"rendered":"MAS MARGOUILLAT DEL CAMI"},"content":{"rendered":"<p>Bona nit al nostre refugi tranquil entre vinyes en un entorn excepcional, sense cap vis-\u00e0-vis ni ve\u00ed, davant les Alb\u00e8res i el Canig\u00f3. El refugi \u00e9s adjacent al mas on viuen els propietaris que sempre estaran a la vostra disposici\u00f3 per facilitar-vos i fer que la vostra estada sigui el m\u00e9s agradable possible. A pocs quil\u00f2metres de la costa i les estacions balne\u00e0ries. A prop tamb\u00e9, la estaci\u00f3 termal de Le-Boulou ofereix els seus viatges termalisme i benestar. A l&#8217;empla\u00e7ament, podreu gaudir de la piscina i el paisatge relaxant, aix\u00ed com del camp de petanca i la taula de p\u00e0 amb pinzell a un parc amb arbres. Pj: entrada independent: gran sal\u00f3 obert a una terrassa ombrejada (cuina d&#8217;estiu, mobiliari de jard\u00ed i barbacoa a gas). 1er pis: cuina, 1 habitaci\u00f3 sota teulada (1 llit 160), bany (WC). Aparcament a la propietat.<\/p>\n","protected":false},"featured_media":0,"template":"","meta":{"_acf_changed":false,"_et_pb_use_builder":"","_et_pb_old_content":"","_et_gb_content_width":""},"tsc_cat_hebergement":[],"class_list":["post-78564","tsc_hebergement","type-tsc_hebergement","status-publish","hentry"],"acf":[],"yoast_head":"<!-- This site is optimized with the Yoast SEO plugin v26.9 - https:\/\/yoast.com\/product\/yoast-seo-wordpress\/ -->\n<title>MAS MARGOUILLAT DEL CAMI - Office de Tourisme Aspres-Thuir<\/title>\n<meta name=\"robots\" content=\"index, follow, max-snippet:-1, max-image-preview:large, max-video-preview:-1\" \/>\n<link rel=\"canonical\" href=\"https:\/\/aspres-thuir.com\/ca\/hebergement\/mas-margouillat-del-cami-12\/\" \/>\n<meta property=\"og:locale\" content=\"ca_ES\" \/>\n<meta property=\"og:type\" content=\"article\" \/>\n<meta property=\"og:title\" content=\"MAS MARGOUILLAT DEL CAMI - Office de Tourisme Aspres-Thuir\" \/>\n<meta property=\"og:description\" content=\"Bona nit al nostre refugi tranquil entre vinyes en un entorn excepcional, sense cap vis-\u00e0-vis ni ve\u00ed, davant les Alb\u00e8res i el Canig\u00f3. El refugi \u00e9s adjacent al mas on viuen els propietaris que sempre estaran a la vostra disposici\u00f3 per facilitar-vos i fer que la vostra estada sigui el m\u00e9s agradable possible. A pocs [&hellip;]\" \/>\n<meta property=\"og:site_name\" content=\"Office de Tourisme Aspres-Thuir\" \/>\n<meta property=\"article:modified_time\" content=\"2026-04-22T15:23:56+00:00\" \/>\n<meta name=\"twitter:card\" content=\"summary_large_image\" \/>\n<meta name=\"twitter:label1\" content=\"Est. reading time\" \/>\n\t<meta name=\"twitter:data1\" content=\"1 minute\" \/>\n<script type=\"application\/ld+json\" class=\"yoast-schema-graph\">{\"@context\":\"https:\/\/schema.org\",\"@graph\":[{\"@type\":\"WebPage\",\"@id\":\"https:\/\/aspres-thuir.com\/ca\/hebergement\/mas-margouillat-del-cami-12\/\",\"url\":\"https:\/\/aspres-thuir.com\/ca\/hebergement\/mas-margouillat-del-cami-12\/\",\"name\":\"MAS MARGOUILLAT DEL CAMI - Office de Tourisme Aspres-Thuir\",\"isPartOf\":{\"@id\":\"https:\/\/aspres-thuir.com\/ca\/#website\"},\"datePublished\":\"2026-03-26T12:48:26+00:00\",\"dateModified\":\"2026-04-22T15:23:56+00:00\",\"breadcrumb\":{\"@id\":\"https:\/\/aspres-thuir.com\/ca\/hebergement\/mas-margouillat-del-cami-12\/#breadcrumb\"},\"inLanguage\":\"ca\",\"potentialAction\":[{\"@type\":\"ReadAction\",\"target\":[\"https:\/\/aspres-thuir.com\/ca\/hebergement\/mas-margouillat-del-cami-12\/\"]}]},{\"@type\":\"BreadcrumbList\",\"@id\":\"https:\/\/aspres-thuir.com\/ca\/hebergement\/mas-margouillat-del-cami-12\/#breadcrumb\",\"itemListElement\":[{\"@type\":\"ListItem\",\"position\":1,\"name\":\"\",\"item\":\"https:\/\/aspres-thuir.com\/ca\/\"},{\"@type\":\"ListItem\",\"position\":2,\"name\":\"H\u00e9bergements\",\"item\":\"https:\/\/aspres-thuir.com\/ca\/hebergement\/\"},{\"@type\":\"ListItem\",\"position\":3,\"name\":\"MAS MARGOUILLAT DEL CAMI\"}]},{\"@type\":\"WebSite\",\"@id\":\"https:\/\/aspres-thuir.com\/ca\/#website\",\"url\":\"https:\/\/aspres-thuir.com\/ca\/\",\"name\":\"Office de Tourisme Aspres-Thuir\",\"description\":\"\",\"potentialAction\":[{\"@type\":\"SearchAction\",\"target\":{\"@type\":\"EntryPoint\",\"urlTemplate\":\"https:\/\/aspres-thuir.com\/ca\/?s={search_term_string}\"},\"query-input\":{\"@type\":\"PropertyValueSpecification\",\"valueRequired\":true,\"valueName\":\"search_term_string\"}}],\"inLanguage\":\"ca\"}]}<\/script>\n<!-- \/ Yoast SEO plugin. -->","yoast_head_json":{"title":"MAS MARGOUILLAT DEL CAMI - Office de Tourisme Aspres-Thuir","robots":{"index":"index","follow":"follow","max-snippet":"max-snippet:-1","max-image-preview":"max-image-preview:large","max-video-preview":"max-video-preview:-1"},"canonical":"https:\/\/aspres-thuir.com\/ca\/hebergement\/mas-margouillat-del-cami-12\/","og_locale":"ca_ES","og_type":"article","og_title":"MAS MARGOUILLAT DEL CAMI - Office de Tourisme Aspres-Thuir","og_description":"Bona nit al nostre refugi tranquil entre vinyes en un entorn excepcional, sense cap vis-\u00e0-vis ni ve\u00ed, davant les Alb\u00e8res i el Canig\u00f3. El refugi \u00e9s adjacent al mas on viuen els propietaris que sempre estaran a la vostra disposici\u00f3 per facilitar-vos i fer que la vostra estada sigui el m\u00e9s agradable possible. A pocs [&hellip;]","og_site_name":"Office de Tourisme Aspres-Thuir","article_modified_time":"2026-04-22T15:23:56+00:00","twitter_card":"summary_large_image","twitter_misc":{"Est. reading time":"1 minute"},"schema":{"@context":"https:\/\/schema.org","@graph":[{"@type":"WebPage","@id":"https:\/\/aspres-thuir.com\/ca\/hebergement\/mas-margouillat-del-cami-12\/","url":"https:\/\/aspres-thuir.com\/ca\/hebergement\/mas-margouillat-del-cami-12\/","name":"MAS MARGOUILLAT DEL CAMI - Office de Tourisme Aspres-Thuir","isPartOf":{"@id":"https:\/\/aspres-thuir.com\/ca\/#website"},"datePublished":"2026-03-26T12:48:26+00:00","dateModified":"2026-04-22T15:23:56+00:00","breadcrumb":{"@id":"https:\/\/aspres-thuir.com\/ca\/hebergement\/mas-margouillat-del-cami-12\/#breadcrumb"},"inLanguage":"ca","potentialAction":[{"@type":"ReadAction","target":["https:\/\/aspres-thuir.com\/ca\/hebergement\/mas-margouillat-del-cami-12\/"]}]},{"@type":"BreadcrumbList","@id":"https:\/\/aspres-thuir.com\/ca\/hebergement\/mas-margouillat-del-cami-12\/#breadcrumb","itemListElement":[{"@type":"ListItem","position":1,"name":"","item":"https:\/\/aspres-thuir.com\/ca\/"},{"@type":"ListItem","position":2,"name":"H\u00e9bergements","item":"https:\/\/aspres-thuir.com\/ca\/hebergement\/"},{"@type":"ListItem","position":3,"name":"MAS MARGOUILLAT DEL CAMI"}]},{"@type":"WebSite","@id":"https:\/\/aspres-thuir.com\/ca\/#website","url":"https:\/\/aspres-thuir.com\/ca\/","name":"Office de Tourisme Aspres-Thuir","description":"","potentialAction":[{"@type":"SearchAction","target":{"@type":"EntryPoint","urlTemplate":"https:\/\/aspres-thuir.com\/ca\/?s={search_term_string}"},"query-input":{"@type":"PropertyValueSpecification","valueRequired":true,"valueName":"search_term_string"}}],"inLanguage":"ca"}]}},"_links":{"self":[{"href":"https:\/\/aspres-thuir.com\/ca\/wp-json\/wp\/v2\/tsc_hebergement\/78564","targetHints":{"allow":["GET"]}}],"collection":[{"href":"https:\/\/aspres-thuir.com\/ca\/wp-json\/wp\/v2\/tsc_hebergement"}],"about":[{"href":"https:\/\/aspres-thuir.com\/ca\/wp-json\/wp\/v2\/types\/tsc_hebergement"}],"wp:attachment":[{"href":"https:\/\/aspres-thuir.com\/ca\/wp-json\/wp\/v2\/media?parent=78564"}],"wp:term":[{"taxonomy":"tsc_cat_hebergement","embeddable":true,"href":"https:\/\/aspres-thuir.com\/ca\/wp-json\/wp\/v2\/tsc_cat_hebergement?post=78564"}],"curies":[{"name":"wp","href":"https:\/\/api.w.org\/{rel}","templated":true}]}}

<p>Bona nit al nostre refugi tranquil entre vinyes en un entorn excepcional, sense cap vis-à-vis ni veí, davant les Albères i el Canigó. El refugi és adjacent al mas on viuen els propietaris que sempre estaran a la vostra disposició per facilitar-vos i fer que la vostra estada sigui el més agradable possible. A pocs quilòmetres de la costa i les estacions balneàries. A prop també, la estació termal de Le-Boulou ofereix els seus viatges termalisme i benestar. A l&#8217;emplaçament, podreu gaudir de la piscina i el paisatge relaxant, així com del camp de petanca i la taula de pà amb pinzell a un parc amb arbres. Pj: entrada independent: gran saló obert a una terrassa ombrejada (cuina d&#8217;estiu, mobiliari de jardí i barbacoa a gas). 1er pis: cuina, 1 habitació sota teulada (1 llit 160), bany (WC). Aparcament a la propietat.</p>

<!-- This site is optimized with the Yoast SEO plugin v26.9 - https://yoast.com/product/yoast-seo-wordpress/ -->
<title>MAS MARGOUILLAT DEL CAMI - Office de Tourisme Aspres-Thuir</title>
<meta name="robots" content="index, follow, max-snippet:-1, max-image-preview:large, max-video-preview:-1" />
<link rel="canonical" href="https://aspres-thuir.com/ca/hebergement/mas-margouillat-del-cami-12/" />
<meta property="og:locale" content="ca_ES" />
<meta property="og:type" content="article" />
<meta property="og:title" content="MAS MARGOUILLAT DEL CAMI - Office de Tourisme Aspres-Thuir" />
<meta property="og:description" content="Bona nit al nostre refugi tranquil entre vinyes en un entorn excepcional, sense cap vis-à-vis ni veí, davant les Albères i el Canigó. El refugi és adjacent al mas on viuen els propietaris que sempre estaran a la vostra disposició per facilitar-vos i fer que la vostra estada sigui el més agradable possible. A pocs [&hellip;]" />
<meta property="og:site_name" content="Office de Tourisme Aspres-Thuir" />
<meta property="article:modified_time" content="2026-04-22T15:23:56+00:00" />
<meta name="twitter:card" content="summary_large_image" />
<meta name="twitter:label1" content="Est. reading time" />
	<meta name="twitter:data1" content="1 minute" />
<script type="application/ld+json" class="yoast-schema-graph">{"@context":"https://schema.org","@graph":[{"@type":"WebPage","@id":"https://aspres-thuir.com/ca/hebergement/mas-margouillat-del-cami-12/","url":"https://aspres-thuir.com/ca/hebergement/mas-margouillat-del-cami-12/","name":"MAS MARGOUILLAT DEL CAMI - Office de Tourisme Aspres-Thuir","isPartOf":{"@id":"https://aspres-thuir.com/ca/#website"},"datePublished":"2026-03-26T12:48:26+00:00","dateModified":"2026-04-22T15:23:56+00:00","breadcrumb":{"@id":"https://aspres-thuir.com/ca/hebergement/mas-margouillat-del-cami-12/#breadcrumb"},"inLanguage":"ca","potentialAction":[{"@type":"ReadAction","target":["https://aspres-thuir.com/ca/hebergement/mas-margouillat-del-cami-12/"]}]},{"@type":"BreadcrumbList","@id":"https://aspres-thuir.com/ca/hebergement/mas-margouillat-del-cami-12/#breadcrumb","itemListElement":[{"@type":"ListItem","position":1,"name":"","item":"https://aspres-thuir.com/ca/"},{"@type":"ListItem","position":2,"name":"Hébergements","item":"https://aspres-thuir.com/ca/hebergement/"},{"@type":"ListItem","position":3,"name":"MAS MARGOUILLAT DEL CAMI"}]},{"@type":"WebSite","@id":"https://aspres-thuir.com/ca/#website","url":"https://aspres-thuir.com/ca/","name":"Office de Tourisme Aspres-Thuir","description":"","potentialAction":[{"@type":"SearchAction","target":{"@type":"EntryPoint","urlTemplate":"https://aspres-thuir.com/ca/?s={search_term_string}"},"query-input":{"@type":"PropertyValueSpecification","valueRequired":true,"valueName":"search_term_string"}}],"inLanguage":"ca"}]}</script>
<!-- / Yoast SEO plugin. -->

Bona nit al nostre refugi tranquil entre vinyes en un entorn excepcional, sense cap vis-à-vis ni veí, davant les Albères i el Canigó. El refugi és adjacent al mas on viuen els propietaris que sempre estaran a la vostra disposició per facilitar-vos i fer que la vostra estada sigui el més agradable possible. A pocs [&hellip;]

Hébergements
