{"version":"1.0","provider_name":"Office de Tourisme Aspres-Thuir","provider_url":"https:\/\/aspres-thuir.com\/de\/","author_name":"Office de Tourisme Aspres-Thuir","author_url":"https:\/\/aspres-thuir.com\/de\/","title":"CONGR\u00c8S R\u00c9GIONAL SUD MED - Office de Tourisme Aspres-Thuir","type":"rich","width":600,"height":338,"html":"<blockquote class=\"wp-embedded-content\" data-secret=\"1zX5hdZzVd\"><a href=\"https:\/\/aspres-thuir.com\/de\/evenement\/congres-regional-sud-med\/\">CONGR\u00c8S R\u00c9GIONAL SUD MED<\/a><\/blockquote><iframe sandbox=\"allow-scripts\" security=\"restricted\" src=\"https:\/\/aspres-thuir.com\/de\/evenement\/congres-regional-sud-med\/embed\/#?secret=1zX5hdZzVd\" width=\"600\" height=\"338\" title=\"&#8220;CONGR\u00c8S R\u00c9GIONAL SUD MED&#8221; &#8212; Office de Tourisme Aspres-Thuir\" data-secret=\"1zX5hdZzVd\" frameborder=\"0\" marginwidth=\"0\" marginheight=\"0\" scrolling=\"no\" class=\"wp-embedded-content\"><\/iframe><script type=\"text\/javascript\">\n\/* <![CDATA[ *\/\n\/*! This file is auto-generated *\/\n!function(d,l){\"use strict\";l.querySelector&&d.addEventListener&&\"undefined\"!=typeof URL&&(d.wp=d.wp||{},d.wp.receiveEmbedMessage||(d.wp.receiveEmbedMessage=function(e){var t=e.data;if((t||t.secret||t.message||t.value)&&!\/[^a-zA-Z0-9]\/.test(t.secret)){for(var s,r,n,a=l.querySelectorAll('iframe[data-secret=\"'+t.secret+'\"]'),o=l.querySelectorAll('blockquote[data-secret=\"'+t.secret+'\"]'),c=new RegExp(\"^https?:$\",\"i\"),i=0;i<o.length;i++)o[i].style.display=\"none\";for(i=0;i<a.length;i++)s=a[i],e.source===s.contentWindow&&(s.removeAttribute(\"style\"),\"height\"===t.message?(1e3<(r=parseInt(t.value,10))?r=1e3:~~r<200&&(r=200),s.height=r):\"link\"===t.message&&(r=new URL(s.getAttribute(\"src\")),n=new URL(t.value),c.test(n.protocol))&&n.host===r.host&&l.activeElement===s&&(d.top.location.href=t.value))}},d.addEventListener(\"message\",d.wp.receiveEmbedMessage,!1),l.addEventListener(\"DOMContentLoaded\",function(){for(var e,t,s=l.querySelectorAll(\"iframe.wp-embedded-content\"),r=0;r<s.length;r++)(t=(e=s[r]).getAttribute(\"data-secret\"))||(t=Math.random().toString(36).substring(2,12),e.src+=\"#?secret=\"+t,e.setAttribute(\"data-secret\",t)),e.contentWindow.postMessage({message:\"ready\",secret:t},\"*\")},!1)))}(window,document);\n\/* ]]> *\/\n<\/script>\n","description":"Congr\u00e8s r\u00e9gional des sapeurs-pompiers Sud M\u00e9diterran\u00e9e Les 15 et 16 mai 2026, la ville de Thuir accueillera le congr\u00e8s r\u00e9gional des sapeurs-pompiers Sud M\u00e9diterran\u00e9e, un \u00e9v\u00e9nement important plac\u00e9 sous le signe de l\u2019\u00e9change, du partage et de la convivialit\u00e9. Cet \u00e9v\u00e9nement sera \u00e9galement l\u2019occasion pour le grand public et les familles de d\u00e9couvrir l\u2019univers des [&hellip;]"}

CONGRÈS RÉGIONAL SUD MED - Office de Tourisme Aspres-Thuir

<blockquote class="wp-embedded-content" data-secret="1zX5hdZzVd"><a href="https://aspres-thuir.com/de/evenement/congres-regional-sud-med/">CONGRÈS RÉGIONAL SUD MED</a></blockquote><iframe sandbox="allow-scripts" security="restricted" src="https://aspres-thuir.com/de/evenement/congres-regional-sud-med/embed/#?secret=1zX5hdZzVd" width="600" height="338" title="&#8220;CONGRÈS RÉGIONAL SUD MED&#8221; &#8212; Office de Tourisme Aspres-Thuir" data-secret="1zX5hdZzVd" frameborder="0" marginwidth="0" marginheight="0" scrolling="no" class="wp-embedded-content"></iframe><script type="text/javascript">
/* <![CDATA[ */
/*! This file is auto-generated */
!function(d,l){"use strict";l.querySelector&&d.addEventListener&&"undefined"!=typeof URL&&(d.wp=d.wp||{},d.wp.receiveEmbedMessage||(d.wp.receiveEmbedMessage=function(e){var t=e.data;if((t||t.secret||t.message||t.value)&&!/[^a-zA-Z0-9]/.test(t.secret)){for(var s,r,n,a=l.querySelectorAll('iframe[data-secret="'+t.secret+'"]'),o=l.querySelectorAll('blockquote[data-secret="'+t.secret+'"]'),c=new RegExp("^https?:$","i"),i=0;i<o.length;i++)o[i].style.display="none";for(i=0;i<a.length;i++)s=a[i],e.source===s.contentWindow&&(s.removeAttribute("style"),"height"===t.message?(1e3<(r=parseInt(t.value,10))?r=1e3:~~r<200&&(r=200),s.height=r):"link"===t.message&&(r=new URL(s.getAttribute("src")),n=new URL(t.value),c.test(n.protocol))&&n.host===r.host&&l.activeElement===s&&(d.top.location.href=t.value))}},d.addEventListener("message",d.wp.receiveEmbedMessage,!1),l.addEventListener("DOMContentLoaded",function(){for(var e,t,s=l.querySelectorAll("iframe.wp-embedded-content"),r=0;r<s.length;r++)(t=(e=s[r]).getAttribute("data-secret"))||(t=Math.random().toString(36).substring(2,12),e.src+="#?secret="+t,e.setAttribute("data-secret",t)),e.contentWindow.postMessage({message:"ready",secret:t},"*")},!1)))}(window,document);
/* ]]> */
</script>

Congrès régional des sapeurs-pompiers Sud Méditerranée Les 15 et 16 mai 2026, la ville de Thuir accueillera le congrès régional des sapeurs-pompiers Sud Méditerranée, un événement important placé sous le signe de l’échange, du partage et de la convivialité. Cet événement sera également l’occasion pour le grand public et les familles de découvrir l’univers des [&hellip;]
