{"id":24654,"date":"2021-04-08T17:05:54","date_gmt":"2021-04-08T16:05:54","guid":{"rendered":"https:\/\/aspres-thuir.com\/castelnou\/"},"modified":"2025-02-14T15:24:17","modified_gmt":"2025-02-14T14:24:17","slug":"castelnou","status":"publish","type":"page","link":"https:\/\/aspres-thuir.com\/de\/castelnou\/","title":{"rendered":"Castelnou"},"content":{"rendered":"<p>Das Dorf Castelnou ist eine der bemerkenswertesten Sehensw\u00fcrdigkeiten in Katalonien und wird auch als eines der &#8220;sch\u00f6nsten D\u00f6rfer Frankreichs&#8221; eingestuft.<br \/>\nUmgeben von zwei Kalksteinplateaus, dem Causse de Thuir und dem Roc de Mallorca \u2013 Mallorcas Felsen \u2013 (443\/444 m); Eingebettet am Fu\u00dfe von Aspres scheint dieses im 10. Jahrhundert gegr\u00fcndete Dorf rechtzeitig vergessen worden zu sein, nachdem es mehr als drei Jahrhunderte lang die Hauptstadt der Viscounty von Vallespir gewesen war.<\/p>\n","protected":false},"excerpt":{"rendered":"<p>Das Dorf Castelnou ist eine der bemerkenswertesten Sehensw\u00fcrdigkeiten in Katalonien und wird auch als eines der &#8220;sch\u00f6nsten D\u00f6rfer Frankreichs&#8221; eingestuft. Umgeben von zwei Kalksteinplateaus, dem Causse de Thuir und dem Roc de Mallorca \u2013 Mallorcas Felsen \u2013 (443\/444 m); Eingebettet am Fu\u00dfe von Aspres scheint dieses im 10. Jahrhundert gegr\u00fcndete Dorf rechtzeitig vergessen worden zu [&hellip;]<\/p>\n","protected":false},"author":2,"featured_media":10364,"parent":0,"menu_order":0,"comment_status":"closed","ping_status":"closed","template":"","meta":{"_acf_changed":false,"_et_pb_use_builder":"","_et_pb_old_content":"","_et_gb_content_width":"","footnotes":""},"class_list":["post-24654","page","type-page","status-publish","has-post-thumbnail","hentry"],"acf":[],"yoast_head":"<!-- This site is optimized with the Yoast SEO plugin v26.9 - https:\/\/yoast.com\/product\/yoast-seo-wordpress\/ -->\n<title>Castelnou - Office de Tourisme Aspres-Thuir<\/title>\n<meta name=\"robots\" content=\"index, follow, max-snippet:-1, max-image-preview:large, max-video-preview:-1\" \/>\n<link rel=\"canonical\" href=\"https:\/\/aspres-thuir.com\/de\/castelnou\/\" \/>\n<meta property=\"og:locale\" content=\"de_DE\" \/>\n<meta property=\"og:type\" content=\"article\" \/>\n<meta property=\"og:title\" content=\"Castelnou - Office de Tourisme Aspres-Thuir\" \/>\n<meta property=\"og:description\" content=\"Das Dorf Castelnou ist eine der bemerkenswertesten Sehensw\u00fcrdigkeiten in Katalonien und wird auch als eines der &#8220;sch\u00f6nsten D\u00f6rfer Frankreichs&#8221; eingestuft. Umgeben von zwei Kalksteinplateaus, dem Causse de Thuir und dem Roc de Mallorca \u2013 Mallorcas Felsen \u2013 (443\/444 m); Eingebettet am Fu\u00dfe von Aspres scheint dieses im 10. Jahrhundert gegr\u00fcndete Dorf rechtzeitig vergessen worden zu [&hellip;]\" \/>\n<meta property=\"og:site_name\" content=\"Office de Tourisme Aspres-Thuir\" \/>\n<meta property=\"article:modified_time\" content=\"2025-02-14T14:24:17+00:00\" \/>\n<meta property=\"og:image\" content=\"https:\/\/aspres-thuir.com\/wp-content\/uploads\/2021\/06\/CASTELNOU.jpg\" \/>\n\t<meta property=\"og:image:width\" content=\"1920\" \/>\n\t<meta property=\"og:image:height\" content=\"1112\" \/>\n\t<meta property=\"og:image:type\" content=\"image\/jpeg\" \/>\n<meta name=\"twitter:card\" content=\"summary_large_image\" \/>\n<meta name=\"twitter:label1\" content=\"Est. reading time\" \/>\n\t<meta name=\"twitter:data1\" content=\"1 minute\" \/>\n<script type=\"application\/ld+json\" class=\"yoast-schema-graph\">{\"@context\":\"https:\/\/schema.org\",\"@graph\":[{\"@type\":\"WebPage\",\"@id\":\"https:\/\/aspres-thuir.com\/de\/castelnou\/\",\"url\":\"https:\/\/aspres-thuir.com\/de\/castelnou\/\",\"name\":\"Castelnou - Office de Tourisme Aspres-Thuir\",\"isPartOf\":{\"@id\":\"https:\/\/aspres-thuir.com\/de\/#website\"},\"primaryImageOfPage\":{\"@id\":\"https:\/\/aspres-thuir.com\/de\/castelnou\/#primaryimage\"},\"image\":{\"@id\":\"https:\/\/aspres-thuir.com\/de\/castelnou\/#primaryimage\"},\"thumbnailUrl\":\"https:\/\/aspres-thuir.com\/wp-content\/uploads\/2021\/06\/CASTELNOU.jpg\",\"datePublished\":\"2021-04-08T16:05:54+00:00\",\"dateModified\":\"2025-02-14T14:24:17+00:00\",\"breadcrumb\":{\"@id\":\"https:\/\/aspres-thuir.com\/de\/castelnou\/#breadcrumb\"},\"inLanguage\":\"de-DE\",\"potentialAction\":[{\"@type\":\"ReadAction\",\"target\":[\"https:\/\/aspres-thuir.com\/de\/castelnou\/\"]}]},{\"@type\":\"ImageObject\",\"inLanguage\":\"de-DE\",\"@id\":\"https:\/\/aspres-thuir.com\/de\/castelnou\/#primaryimage\",\"url\":\"https:\/\/aspres-thuir.com\/wp-content\/uploads\/2021\/06\/CASTELNOU.jpg\",\"contentUrl\":\"https:\/\/aspres-thuir.com\/wp-content\/uploads\/2021\/06\/CASTELNOU.jpg\",\"width\":1920,\"height\":1112},{\"@type\":\"BreadcrumbList\",\"@id\":\"https:\/\/aspres-thuir.com\/de\/castelnou\/#breadcrumb\",\"itemListElement\":[{\"@type\":\"ListItem\",\"position\":1,\"name\":\"\",\"item\":\"https:\/\/aspres-thuir.com\/de\/\"},{\"@type\":\"ListItem\",\"position\":2,\"name\":\"Castelnou\"}]},{\"@type\":\"WebSite\",\"@id\":\"https:\/\/aspres-thuir.com\/de\/#website\",\"url\":\"https:\/\/aspres-thuir.com\/de\/\",\"name\":\"Office de Tourisme Aspres-Thuir\",\"description\":\"\",\"potentialAction\":[{\"@type\":\"SearchAction\",\"target\":{\"@type\":\"EntryPoint\",\"urlTemplate\":\"https:\/\/aspres-thuir.com\/de\/?s={search_term_string}\"},\"query-input\":{\"@type\":\"PropertyValueSpecification\",\"valueRequired\":true,\"valueName\":\"search_term_string\"}}],\"inLanguage\":\"de-DE\"}]}<\/script>\n<!-- \/ Yoast SEO plugin. -->","yoast_head_json":{"title":"Castelnou - Office de Tourisme Aspres-Thuir","robots":{"index":"index","follow":"follow","max-snippet":"max-snippet:-1","max-image-preview":"max-image-preview:large","max-video-preview":"max-video-preview:-1"},"canonical":"https:\/\/aspres-thuir.com\/de\/castelnou\/","og_locale":"de_DE","og_type":"article","og_title":"Castelnou - Office de Tourisme Aspres-Thuir","og_description":"Das Dorf Castelnou ist eine der bemerkenswertesten Sehensw\u00fcrdigkeiten in Katalonien und wird auch als eines der &#8220;sch\u00f6nsten D\u00f6rfer Frankreichs&#8221; eingestuft. Umgeben von zwei Kalksteinplateaus, dem Causse de Thuir und dem Roc de Mallorca \u2013 Mallorcas Felsen \u2013 (443\/444 m); Eingebettet am Fu\u00dfe von Aspres scheint dieses im 10. Jahrhundert gegr\u00fcndete Dorf rechtzeitig vergessen worden zu [&hellip;]","og_site_name":"Office de Tourisme Aspres-Thuir","article_modified_time":"2025-02-14T14:24:17+00:00","og_image":[{"width":1920,"height":1112,"url":"https:\/\/aspres-thuir.com\/wp-content\/uploads\/2021\/06\/CASTELNOU.jpg","type":"image\/jpeg"}],"twitter_card":"summary_large_image","twitter_misc":{"Est. reading time":"1 minute"},"schema":{"@context":"https:\/\/schema.org","@graph":[{"@type":"WebPage","@id":"https:\/\/aspres-thuir.com\/de\/castelnou\/","url":"https:\/\/aspres-thuir.com\/de\/castelnou\/","name":"Castelnou - Office de Tourisme Aspres-Thuir","isPartOf":{"@id":"https:\/\/aspres-thuir.com\/de\/#website"},"primaryImageOfPage":{"@id":"https:\/\/aspres-thuir.com\/de\/castelnou\/#primaryimage"},"image":{"@id":"https:\/\/aspres-thuir.com\/de\/castelnou\/#primaryimage"},"thumbnailUrl":"https:\/\/aspres-thuir.com\/wp-content\/uploads\/2021\/06\/CASTELNOU.jpg","datePublished":"2021-04-08T16:05:54+00:00","dateModified":"2025-02-14T14:24:17+00:00","breadcrumb":{"@id":"https:\/\/aspres-thuir.com\/de\/castelnou\/#breadcrumb"},"inLanguage":"de-DE","potentialAction":[{"@type":"ReadAction","target":["https:\/\/aspres-thuir.com\/de\/castelnou\/"]}]},{"@type":"ImageObject","inLanguage":"de-DE","@id":"https:\/\/aspres-thuir.com\/de\/castelnou\/#primaryimage","url":"https:\/\/aspres-thuir.com\/wp-content\/uploads\/2021\/06\/CASTELNOU.jpg","contentUrl":"https:\/\/aspres-thuir.com\/wp-content\/uploads\/2021\/06\/CASTELNOU.jpg","width":1920,"height":1112},{"@type":"BreadcrumbList","@id":"https:\/\/aspres-thuir.com\/de\/castelnou\/#breadcrumb","itemListElement":[{"@type":"ListItem","position":1,"name":"","item":"https:\/\/aspres-thuir.com\/de\/"},{"@type":"ListItem","position":2,"name":"Castelnou"}]},{"@type":"WebSite","@id":"https:\/\/aspres-thuir.com\/de\/#website","url":"https:\/\/aspres-thuir.com\/de\/","name":"Office de Tourisme Aspres-Thuir","description":"","potentialAction":[{"@type":"SearchAction","target":{"@type":"EntryPoint","urlTemplate":"https:\/\/aspres-thuir.com\/de\/?s={search_term_string}"},"query-input":{"@type":"PropertyValueSpecification","valueRequired":true,"valueName":"search_term_string"}}],"inLanguage":"de-DE"}]}},"_links":{"self":[{"href":"https:\/\/aspres-thuir.com\/de\/wp-json\/wp\/v2\/pages\/24654","targetHints":{"allow":["GET"]}}],"collection":[{"href":"https:\/\/aspres-thuir.com\/de\/wp-json\/wp\/v2\/pages"}],"about":[{"href":"https:\/\/aspres-thuir.com\/de\/wp-json\/wp\/v2\/types\/page"}],"author":[{"embeddable":true,"href":"https:\/\/aspres-thuir.com\/de\/wp-json\/wp\/v2\/users\/2"}],"replies":[{"embeddable":true,"href":"https:\/\/aspres-thuir.com\/de\/wp-json\/wp\/v2\/comments?post=24654"}],"version-history":[{"count":0,"href":"https:\/\/aspres-thuir.com\/de\/wp-json\/wp\/v2\/pages\/24654\/revisions"}],"wp:featuredmedia":[{"embeddable":true,"href":"https:\/\/aspres-thuir.com\/de\/wp-json\/wp\/v2\/media\/10364"}],"wp:attachment":[{"href":"https:\/\/aspres-thuir.com\/de\/wp-json\/wp\/v2\/media?parent=24654"}],"curies":[{"name":"wp","href":"https:\/\/api.w.org\/{rel}","templated":true}]}}

<p>Das Dorf Castelnou ist eine der bemerkenswertesten Sehenswürdigkeiten in Katalonien und wird auch als eines der &#8220;schönsten Dörfer Frankreichs&#8221; eingestuft.<br />
Umgeben von zwei Kalksteinplateaus, dem Causse de Thuir und dem Roc de Mallorca – Mallorcas Felsen – (443/444 m); Eingebettet am Fuße von Aspres scheint dieses im 10. Jahrhundert gegründete Dorf rechtzeitig vergessen worden zu sein, nachdem es mehr als drei Jahrhunderte lang die Hauptstadt der Viscounty von Vallespir gewesen war.</p>

<p>Das Dorf Castelnou ist eine der bemerkenswertesten Sehenswürdigkeiten in Katalonien und wird auch als eines der &#8220;schönsten Dörfer Frankreichs&#8221; eingestuft. Umgeben von zwei Kalksteinplateaus, dem Causse de Thuir und dem Roc de Mallorca – Mallorcas Felsen – (443/444 m); Eingebettet am Fuße von Aspres scheint dieses im 10. Jahrhundert gegründete Dorf rechtzeitig vergessen worden zu [&hellip;]</p>

<!-- This site is optimized with the Yoast SEO plugin v26.9 - https://yoast.com/product/yoast-seo-wordpress/ -->
<title>Castelnou - Office de Tourisme Aspres-Thuir</title>
<meta name="robots" content="index, follow, max-snippet:-1, max-image-preview:large, max-video-preview:-1" />
<link rel="canonical" href="https://aspres-thuir.com/de/castelnou/" />
<meta property="og:locale" content="de_DE" />
<meta property="og:type" content="article" />
<meta property="og:title" content="Castelnou - Office de Tourisme Aspres-Thuir" />
<meta property="og:description" content="Das Dorf Castelnou ist eine der bemerkenswertesten Sehenswürdigkeiten in Katalonien und wird auch als eines der &#8220;schönsten Dörfer Frankreichs&#8221; eingestuft. Umgeben von zwei Kalksteinplateaus, dem Causse de Thuir und dem Roc de Mallorca – Mallorcas Felsen – (443/444 m); Eingebettet am Fuße von Aspres scheint dieses im 10. Jahrhundert gegründete Dorf rechtzeitig vergessen worden zu [&hellip;]" />
<meta property="og:site_name" content="Office de Tourisme Aspres-Thuir" />
<meta property="article:modified_time" content="2025-02-14T14:24:17+00:00" />
<meta property="og:image" content="https://aspres-thuir.com/wp-content/uploads/2021/06/CASTELNOU.jpg" />
	<meta property="og:image:width" content="1920" />
	<meta property="og:image:height" content="1112" />
	<meta property="og:image:type" content="image/jpeg" />
<meta name="twitter:card" content="summary_large_image" />
<meta name="twitter:label1" content="Est. reading time" />
	<meta name="twitter:data1" content="1 minute" />
<script type="application/ld+json" class="yoast-schema-graph">{"@context":"https://schema.org","@graph":[{"@type":"WebPage","@id":"https://aspres-thuir.com/de/castelnou/","url":"https://aspres-thuir.com/de/castelnou/","name":"Castelnou - Office de Tourisme Aspres-Thuir","isPartOf":{"@id":"https://aspres-thuir.com/de/#website"},"primaryImageOfPage":{"@id":"https://aspres-thuir.com/de/castelnou/#primaryimage"},"image":{"@id":"https://aspres-thuir.com/de/castelnou/#primaryimage"},"thumbnailUrl":"https://aspres-thuir.com/wp-content/uploads/2021/06/CASTELNOU.jpg","datePublished":"2021-04-08T16:05:54+00:00","dateModified":"2025-02-14T14:24:17+00:00","breadcrumb":{"@id":"https://aspres-thuir.com/de/castelnou/#breadcrumb"},"inLanguage":"de-DE","potentialAction":[{"@type":"ReadAction","target":["https://aspres-thuir.com/de/castelnou/"]}]},{"@type":"ImageObject","inLanguage":"de-DE","@id":"https://aspres-thuir.com/de/castelnou/#primaryimage","url":"https://aspres-thuir.com/wp-content/uploads/2021/06/CASTELNOU.jpg","contentUrl":"https://aspres-thuir.com/wp-content/uploads/2021/06/CASTELNOU.jpg","width":1920,"height":1112},{"@type":"BreadcrumbList","@id":"https://aspres-thuir.com/de/castelnou/#breadcrumb","itemListElement":[{"@type":"ListItem","position":1,"name":"","item":"https://aspres-thuir.com/de/"},{"@type":"ListItem","position":2,"name":"Castelnou"}]},{"@type":"WebSite","@id":"https://aspres-thuir.com/de/#website","url":"https://aspres-thuir.com/de/","name":"Office de Tourisme Aspres-Thuir","description":"","potentialAction":[{"@type":"SearchAction","target":{"@type":"EntryPoint","urlTemplate":"https://aspres-thuir.com/de/?s={search_term_string}"},"query-input":{"@type":"PropertyValueSpecification","valueRequired":true,"valueName":"search_term_string"}}],"inLanguage":"de-DE"}]}</script>
<!-- / Yoast SEO plugin. -->

Das Dorf Castelnou ist eine der bemerkenswertesten Sehenswürdigkeiten in Katalonien und wird auch als eines der &#8220;schönsten Dörfer Frankreichs&#8221; eingestuft. Umgeben von zwei Kalksteinplateaus, dem Causse de Thuir und dem Roc de Mallorca – Mallorcas Felsen – (443/444 m); Eingebettet am Fuße von Aspres scheint dieses im 10. Jahrhundert gegründete Dorf rechtzeitig vergessen worden zu [&hellip;]
