{"id":84408,"date":"2026-04-28T03:15:14","date_gmt":"2026-04-28T01:15:14","guid":{"rendered":"https:\/\/aspres-thuir.com\/evenement\/randonnee-bien-etre\/"},"modified":"2026-04-28T03:15:14","modified_gmt":"2026-04-28T01:15:14","slug":"randonnee-bien-etre","status":"publish","type":"tsc_evenement","link":"https:\/\/aspres-thuir.com\/de\/evenement\/randonnee-bien-etre\/","title":{"rendered":"RANDONN\u00c9E BIEN \u00caTRE"},"content":{"rendered":"<p>Randonn\u00e9e Bien-\u00catre TENCHI <\/p>\n<p> Marchons pour notre bien-\u00eatre,<br \/>\nTous les vendredis matins, je programme des marches ou des randonn\u00e9es sans performance, juste pour se connecter \u00e0 la nature et prendre le temps d\u2019admirer le paysage.<\/p>\n<p>En marchant tu favorises ton syst\u00e8me cardiovasculaire, tu cr\u00e9es de la dopamine et de la s\u00e9rotonine, les hormones du bonheur, tu luttes contre le diab\u00e8te et le cholest\u00e9rol. Marcher c\u2019est la base.<\/p>\n<p>Si tu souhaites me rejoindre les vendredis, contacte-moi! Le lieu est mis en ligne chaque semaine, sur Thuir, les aspres et alentours.<\/p>\n<p>Je vous propose une marche sur l\u2019itin\u00e9raire de la poste des Aspres \u00e0 Thuir, le 2 mai \u00e0 10h30. C\u2019est gratuit. Rdv au club Nutrilife au 8 rue Arago \u00e0 Thuir. Inscris-toi sur mon site ou par message !<\/p>\n","protected":false},"featured_media":0,"template":"","meta":{"_acf_changed":false,"_et_pb_use_builder":"","_et_pb_old_content":"","_et_gb_content_width":""},"tsc_cat_evenement":[1298],"class_list":["post-84408","tsc_evenement","type-tsc_evenement","status-publish","hentry","tsc_cat_evenement-randonnee-balade"],"acf":[],"yoast_head":"<!-- This site is optimized with the Yoast SEO plugin v26.9 - https:\/\/yoast.com\/product\/yoast-seo-wordpress\/ -->\n<title>RANDONN\u00c9E BIEN \u00caTRE - Office de Tourisme Aspres-Thuir<\/title>\n<meta name=\"robots\" content=\"index, follow, max-snippet:-1, max-image-preview:large, max-video-preview:-1\" \/>\n<link rel=\"canonical\" href=\"https:\/\/aspres-thuir.com\/de\/evenement\/randonnee-bien-etre\/\" \/>\n<meta property=\"og:locale\" content=\"de_DE\" \/>\n<meta property=\"og:type\" content=\"article\" \/>\n<meta property=\"og:title\" content=\"RANDONN\u00c9E BIEN \u00caTRE - Office de Tourisme Aspres-Thuir\" \/>\n<meta property=\"og:description\" content=\"Randonn\u00e9e Bien-\u00catre TENCHI Marchons pour notre bien-\u00eatre, Tous les vendredis matins, je programme des marches ou des randonn\u00e9es sans performance, juste pour se connecter \u00e0 la nature et prendre le temps d\u2019admirer le paysage. En marchant tu favorises ton syst\u00e8me cardiovasculaire, tu cr\u00e9es de la dopamine et de la s\u00e9rotonine, les hormones du bonheur, tu [&hellip;]\" \/>\n<meta property=\"og:site_name\" content=\"Office de Tourisme Aspres-Thuir\" \/>\n<meta name=\"twitter:card\" content=\"summary_large_image\" \/>\n<meta name=\"twitter:label1\" content=\"Est. reading time\" \/>\n\t<meta name=\"twitter:data1\" content=\"1 minute\" \/>\n<script type=\"application\/ld+json\" class=\"yoast-schema-graph\">{\"@context\":\"https:\/\/schema.org\",\"@graph\":[{\"@type\":\"WebPage\",\"@id\":\"https:\/\/aspres-thuir.com\/de\/evenement\/randonnee-bien-etre\/\",\"url\":\"https:\/\/aspres-thuir.com\/de\/evenement\/randonnee-bien-etre\/\",\"name\":\"RANDONN\u00c9E BIEN \u00caTRE - Office de Tourisme Aspres-Thuir\",\"isPartOf\":{\"@id\":\"https:\/\/aspres-thuir.com\/de\/#website\"},\"datePublished\":\"2026-04-28T01:15:14+00:00\",\"breadcrumb\":{\"@id\":\"https:\/\/aspres-thuir.com\/de\/evenement\/randonnee-bien-etre\/#breadcrumb\"},\"inLanguage\":\"de-DE\",\"potentialAction\":[{\"@type\":\"ReadAction\",\"target\":[\"https:\/\/aspres-thuir.com\/de\/evenement\/randonnee-bien-etre\/\"]}]},{\"@type\":\"BreadcrumbList\",\"@id\":\"https:\/\/aspres-thuir.com\/de\/evenement\/randonnee-bien-etre\/#breadcrumb\",\"itemListElement\":[{\"@type\":\"ListItem\",\"position\":1,\"name\":\"\",\"item\":\"https:\/\/aspres-thuir.com\/de\/\"},{\"@type\":\"ListItem\",\"position\":2,\"name\":\"\u00c9v\u00e9nements\",\"item\":\"https:\/\/aspres-thuir.com\/de\/evenement\/\"},{\"@type\":\"ListItem\",\"position\":3,\"name\":\"RANDONN\u00c9E BIEN \u00caTRE\"}]},{\"@type\":\"WebSite\",\"@id\":\"https:\/\/aspres-thuir.com\/de\/#website\",\"url\":\"https:\/\/aspres-thuir.com\/de\/\",\"name\":\"Office de Tourisme Aspres-Thuir\",\"description\":\"\",\"potentialAction\":[{\"@type\":\"SearchAction\",\"target\":{\"@type\":\"EntryPoint\",\"urlTemplate\":\"https:\/\/aspres-thuir.com\/de\/?s={search_term_string}\"},\"query-input\":{\"@type\":\"PropertyValueSpecification\",\"valueRequired\":true,\"valueName\":\"search_term_string\"}}],\"inLanguage\":\"de-DE\"}]}<\/script>\n<!-- \/ Yoast SEO plugin. -->","yoast_head_json":{"title":"RANDONN\u00c9E BIEN \u00caTRE - Office de Tourisme Aspres-Thuir","robots":{"index":"index","follow":"follow","max-snippet":"max-snippet:-1","max-image-preview":"max-image-preview:large","max-video-preview":"max-video-preview:-1"},"canonical":"https:\/\/aspres-thuir.com\/de\/evenement\/randonnee-bien-etre\/","og_locale":"de_DE","og_type":"article","og_title":"RANDONN\u00c9E BIEN \u00caTRE - Office de Tourisme Aspres-Thuir","og_description":"Randonn\u00e9e Bien-\u00catre TENCHI Marchons pour notre bien-\u00eatre, Tous les vendredis matins, je programme des marches ou des randonn\u00e9es sans performance, juste pour se connecter \u00e0 la nature et prendre le temps d\u2019admirer le paysage. En marchant tu favorises ton syst\u00e8me cardiovasculaire, tu cr\u00e9es de la dopamine et de la s\u00e9rotonine, les hormones du bonheur, tu [&hellip;]","og_site_name":"Office de Tourisme Aspres-Thuir","twitter_card":"summary_large_image","twitter_misc":{"Est. reading time":"1 minute"},"schema":{"@context":"https:\/\/schema.org","@graph":[{"@type":"WebPage","@id":"https:\/\/aspres-thuir.com\/de\/evenement\/randonnee-bien-etre\/","url":"https:\/\/aspres-thuir.com\/de\/evenement\/randonnee-bien-etre\/","name":"RANDONN\u00c9E BIEN \u00caTRE - Office de Tourisme Aspres-Thuir","isPartOf":{"@id":"https:\/\/aspres-thuir.com\/de\/#website"},"datePublished":"2026-04-28T01:15:14+00:00","breadcrumb":{"@id":"https:\/\/aspres-thuir.com\/de\/evenement\/randonnee-bien-etre\/#breadcrumb"},"inLanguage":"de-DE","potentialAction":[{"@type":"ReadAction","target":["https:\/\/aspres-thuir.com\/de\/evenement\/randonnee-bien-etre\/"]}]},{"@type":"BreadcrumbList","@id":"https:\/\/aspres-thuir.com\/de\/evenement\/randonnee-bien-etre\/#breadcrumb","itemListElement":[{"@type":"ListItem","position":1,"name":"","item":"https:\/\/aspres-thuir.com\/de\/"},{"@type":"ListItem","position":2,"name":"\u00c9v\u00e9nements","item":"https:\/\/aspres-thuir.com\/de\/evenement\/"},{"@type":"ListItem","position":3,"name":"RANDONN\u00c9E BIEN \u00caTRE"}]},{"@type":"WebSite","@id":"https:\/\/aspres-thuir.com\/de\/#website","url":"https:\/\/aspres-thuir.com\/de\/","name":"Office de Tourisme Aspres-Thuir","description":"","potentialAction":[{"@type":"SearchAction","target":{"@type":"EntryPoint","urlTemplate":"https:\/\/aspres-thuir.com\/de\/?s={search_term_string}"},"query-input":{"@type":"PropertyValueSpecification","valueRequired":true,"valueName":"search_term_string"}}],"inLanguage":"de-DE"}]}},"_links":{"self":[{"href":"https:\/\/aspres-thuir.com\/de\/wp-json\/wp\/v2\/tsc_evenement\/84408","targetHints":{"allow":["GET"]}}],"collection":[{"href":"https:\/\/aspres-thuir.com\/de\/wp-json\/wp\/v2\/tsc_evenement"}],"about":[{"href":"https:\/\/aspres-thuir.com\/de\/wp-json\/wp\/v2\/types\/tsc_evenement"}],"wp:attachment":[{"href":"https:\/\/aspres-thuir.com\/de\/wp-json\/wp\/v2\/media?parent=84408"}],"wp:term":[{"taxonomy":"tsc_cat_evenement","embeddable":true,"href":"https:\/\/aspres-thuir.com\/de\/wp-json\/wp\/v2\/tsc_cat_evenement?post=84408"}],"curies":[{"name":"wp","href":"https:\/\/api.w.org\/{rel}","templated":true}]}}

RANDONNÉE BIEN ÊTRE

<p>Randonnée Bien-Être TENCHI </p>
<p> Marchons pour notre bien-être,<br />
Tous les vendredis matins, je programme des marches ou des randonnées sans performance, juste pour se connecter à la nature et prendre le temps d’admirer le paysage.</p>
<p>En marchant tu favorises ton système cardiovasculaire, tu crées de la dopamine et de la sérotonine, les hormones du bonheur, tu luttes contre le diabète et le cholestérol. Marcher c’est la base.</p>
<p>Si tu souhaites me rejoindre les vendredis, contacte-moi! Le lieu est mis en ligne chaque semaine, sur Thuir, les aspres et alentours.</p>
<p>Je vous propose une marche sur l’itinéraire de la poste des Aspres à Thuir, le 2 mai à 10h30. C’est gratuit. Rdv au club Nutrilife au 8 rue Arago à Thuir. Inscris-toi sur mon site ou par message !</p>

<!-- This site is optimized with the Yoast SEO plugin v26.9 - https://yoast.com/product/yoast-seo-wordpress/ -->
<title>RANDONNÉE BIEN ÊTRE - Office de Tourisme Aspres-Thuir</title>
<meta name="robots" content="index, follow, max-snippet:-1, max-image-preview:large, max-video-preview:-1" />
<link rel="canonical" href="https://aspres-thuir.com/de/evenement/randonnee-bien-etre/" />
<meta property="og:locale" content="de_DE" />
<meta property="og:type" content="article" />
<meta property="og:title" content="RANDONNÉE BIEN ÊTRE - Office de Tourisme Aspres-Thuir" />
<meta property="og:description" content="Randonnée Bien-Être TENCHI Marchons pour notre bien-être, Tous les vendredis matins, je programme des marches ou des randonnées sans performance, juste pour se connecter à la nature et prendre le temps d’admirer le paysage. En marchant tu favorises ton système cardiovasculaire, tu crées de la dopamine et de la sérotonine, les hormones du bonheur, tu [&hellip;]" />
<meta property="og:site_name" content="Office de Tourisme Aspres-Thuir" />
<meta name="twitter:card" content="summary_large_image" />
<meta name="twitter:label1" content="Est. reading time" />
	<meta name="twitter:data1" content="1 minute" />
<script type="application/ld+json" class="yoast-schema-graph">{"@context":"https://schema.org","@graph":[{"@type":"WebPage","@id":"https://aspres-thuir.com/de/evenement/randonnee-bien-etre/","url":"https://aspres-thuir.com/de/evenement/randonnee-bien-etre/","name":"RANDONNÉE BIEN ÊTRE - Office de Tourisme Aspres-Thuir","isPartOf":{"@id":"https://aspres-thuir.com/de/#website"},"datePublished":"2026-04-28T01:15:14+00:00","breadcrumb":{"@id":"https://aspres-thuir.com/de/evenement/randonnee-bien-etre/#breadcrumb"},"inLanguage":"de-DE","potentialAction":[{"@type":"ReadAction","target":["https://aspres-thuir.com/de/evenement/randonnee-bien-etre/"]}]},{"@type":"BreadcrumbList","@id":"https://aspres-thuir.com/de/evenement/randonnee-bien-etre/#breadcrumb","itemListElement":[{"@type":"ListItem","position":1,"name":"","item":"https://aspres-thuir.com/de/"},{"@type":"ListItem","position":2,"name":"Événements","item":"https://aspres-thuir.com/de/evenement/"},{"@type":"ListItem","position":3,"name":"RANDONNÉE BIEN ÊTRE"}]},{"@type":"WebSite","@id":"https://aspres-thuir.com/de/#website","url":"https://aspres-thuir.com/de/","name":"Office de Tourisme Aspres-Thuir","description":"","potentialAction":[{"@type":"SearchAction","target":{"@type":"EntryPoint","urlTemplate":"https://aspres-thuir.com/de/?s={search_term_string}"},"query-input":{"@type":"PropertyValueSpecification","valueRequired":true,"valueName":"search_term_string"}}],"inLanguage":"de-DE"}]}</script>
<!-- / Yoast SEO plugin. -->

RANDONNÉE BIEN ÊTRE - Office de Tourisme Aspres-Thuir

Randonnée Bien-Être TENCHI Marchons pour notre bien-être, Tous les vendredis matins, je programme des marches ou des randonnées sans performance, juste pour se connecter à la nature et prendre le temps d’admirer le paysage. En marchant tu favorises ton système cardiovasculaire, tu crées de la dopamine et de la sérotonine, les hormones du bonheur, tu [&hellip;]

Événements
