{"id":84510,"date":"2026-05-01T03:15:13","date_gmt":"2026-05-01T01:15:13","guid":{"rendered":"https:\/\/aspres-thuir.com\/evenement\/commemoration-du-81e-anniversaire-de-la-victoire-du-8-mai-1945\/"},"modified":"2026-05-01T03:15:13","modified_gmt":"2026-05-01T01:15:13","slug":"commemoration-du-81e-anniversaire-de-la-victoire-du-8-mai-1945","status":"publish","type":"tsc_evenement","link":"https:\/\/aspres-thuir.com\/de\/evenement\/commemoration-du-81e-anniversaire-de-la-victoire-du-8-mai-1945\/","title":{"rendered":"COMM\u00c9MORATION DU 81E ANNIVERSAIRE DE LA VICTOIRE DU 8 MAI 1945"},"content":{"rendered":"<p>C\u00e9r\u00e9monie du 81\u1d49 anniversaire de la Victoire du 8 mai 1945<\/p>\n<p>10h30 : Rassemblement devant la mairie de Passa, suivi \u00e0 10h35 du d\u00e9part du cort\u00e8ge vers le monument aux morts.<br \/>\nLa c\u00e9r\u00e9monie, sous l\u2019\u00e9gide de Monsieur\u00a0le Maire, comprend des lectures officielles, un po\u00e8me, l\u2019hommage aux morts pour la France, le d\u00e9p\u00f4t de gerbe, la sonnerie aux morts, une minute de silence et la Marseillaise. Elle se conclut par des remerciements et une invitation \u00e0 visiter une exposition.<\/p>\n<p>10h55 : Vin d\u2019honneur offert par la commune.<\/p>\n","protected":false},"featured_media":0,"template":"","meta":{"_acf_changed":false,"_et_pb_use_builder":"","_et_pb_old_content":"","_et_gb_content_width":""},"tsc_cat_evenement":[1297],"class_list":["post-84510","tsc_evenement","type-tsc_evenement","status-publish","hentry","tsc_cat_evenement-commemoration"],"acf":[],"yoast_head":"<!-- This site is optimized with the Yoast SEO plugin v26.9 - https:\/\/yoast.com\/product\/yoast-seo-wordpress\/ -->\n<title>COMM\u00c9MORATION DU 81E ANNIVERSAIRE DE LA VICTOIRE DU 8 MAI 1945 - Office de Tourisme Aspres-Thuir<\/title>\n<meta name=\"robots\" content=\"index, follow, max-snippet:-1, max-image-preview:large, max-video-preview:-1\" \/>\n<link rel=\"canonical\" href=\"https:\/\/aspres-thuir.com\/de\/evenement\/commemoration-du-81e-anniversaire-de-la-victoire-du-8-mai-1945\/\" \/>\n<meta property=\"og:locale\" content=\"de_DE\" \/>\n<meta property=\"og:type\" content=\"article\" \/>\n<meta property=\"og:title\" content=\"COMM\u00c9MORATION DU 81E ANNIVERSAIRE DE LA VICTOIRE DU 8 MAI 1945 - Office de Tourisme Aspres-Thuir\" \/>\n<meta property=\"og:description\" content=\"C\u00e9r\u00e9monie du 81\u1d49 anniversaire de la Victoire du 8 mai 1945 10h30 : Rassemblement devant la mairie de Passa, suivi \u00e0 10h35 du d\u00e9part du cort\u00e8ge vers le monument aux morts. La c\u00e9r\u00e9monie, sous l\u2019\u00e9gide de Monsieur\u00a0le Maire, comprend des lectures officielles, un po\u00e8me, l\u2019hommage aux morts pour la France, le d\u00e9p\u00f4t de gerbe, la [&hellip;]\" \/>\n<meta property=\"og:site_name\" content=\"Office de Tourisme Aspres-Thuir\" \/>\n<meta name=\"twitter:card\" content=\"summary_large_image\" \/>\n<script type=\"application\/ld+json\" class=\"yoast-schema-graph\">{\"@context\":\"https:\/\/schema.org\",\"@graph\":[{\"@type\":\"WebPage\",\"@id\":\"https:\/\/aspres-thuir.com\/de\/evenement\/commemoration-du-81e-anniversaire-de-la-victoire-du-8-mai-1945\/\",\"url\":\"https:\/\/aspres-thuir.com\/de\/evenement\/commemoration-du-81e-anniversaire-de-la-victoire-du-8-mai-1945\/\",\"name\":\"COMM\u00c9MORATION DU 81E ANNIVERSAIRE DE LA VICTOIRE DU 8 MAI 1945 - Office de Tourisme Aspres-Thuir\",\"isPartOf\":{\"@id\":\"https:\/\/aspres-thuir.com\/de\/#website\"},\"datePublished\":\"2026-05-01T01:15:13+00:00\",\"breadcrumb\":{\"@id\":\"https:\/\/aspres-thuir.com\/de\/evenement\/commemoration-du-81e-anniversaire-de-la-victoire-du-8-mai-1945\/#breadcrumb\"},\"inLanguage\":\"de-DE\",\"potentialAction\":[{\"@type\":\"ReadAction\",\"target\":[\"https:\/\/aspres-thuir.com\/de\/evenement\/commemoration-du-81e-anniversaire-de-la-victoire-du-8-mai-1945\/\"]}]},{\"@type\":\"BreadcrumbList\",\"@id\":\"https:\/\/aspres-thuir.com\/de\/evenement\/commemoration-du-81e-anniversaire-de-la-victoire-du-8-mai-1945\/#breadcrumb\",\"itemListElement\":[{\"@type\":\"ListItem\",\"position\":1,\"name\":\"\",\"item\":\"https:\/\/aspres-thuir.com\/de\/\"},{\"@type\":\"ListItem\",\"position\":2,\"name\":\"\u00c9v\u00e9nements\",\"item\":\"https:\/\/aspres-thuir.com\/de\/evenement\/\"},{\"@type\":\"ListItem\",\"position\":3,\"name\":\"COMM\u00c9MORATION DU 81E ANNIVERSAIRE DE LA VICTOIRE DU 8 MAI 1945\"}]},{\"@type\":\"WebSite\",\"@id\":\"https:\/\/aspres-thuir.com\/de\/#website\",\"url\":\"https:\/\/aspres-thuir.com\/de\/\",\"name\":\"Office de Tourisme Aspres-Thuir\",\"description\":\"\",\"potentialAction\":[{\"@type\":\"SearchAction\",\"target\":{\"@type\":\"EntryPoint\",\"urlTemplate\":\"https:\/\/aspres-thuir.com\/de\/?s={search_term_string}\"},\"query-input\":{\"@type\":\"PropertyValueSpecification\",\"valueRequired\":true,\"valueName\":\"search_term_string\"}}],\"inLanguage\":\"de-DE\"}]}<\/script>\n<!-- \/ Yoast SEO plugin. -->","yoast_head_json":{"title":"COMM\u00c9MORATION DU 81E ANNIVERSAIRE DE LA VICTOIRE DU 8 MAI 1945 - Office de Tourisme Aspres-Thuir","robots":{"index":"index","follow":"follow","max-snippet":"max-snippet:-1","max-image-preview":"max-image-preview:large","max-video-preview":"max-video-preview:-1"},"canonical":"https:\/\/aspres-thuir.com\/de\/evenement\/commemoration-du-81e-anniversaire-de-la-victoire-du-8-mai-1945\/","og_locale":"de_DE","og_type":"article","og_title":"COMM\u00c9MORATION DU 81E ANNIVERSAIRE DE LA VICTOIRE DU 8 MAI 1945 - Office de Tourisme Aspres-Thuir","og_description":"C\u00e9r\u00e9monie du 81\u1d49 anniversaire de la Victoire du 8 mai 1945 10h30 : Rassemblement devant la mairie de Passa, suivi \u00e0 10h35 du d\u00e9part du cort\u00e8ge vers le monument aux morts. La c\u00e9r\u00e9monie, sous l\u2019\u00e9gide de Monsieur\u00a0le Maire, comprend des lectures officielles, un po\u00e8me, l\u2019hommage aux morts pour la France, le d\u00e9p\u00f4t de gerbe, la [&hellip;]","og_site_name":"Office de Tourisme Aspres-Thuir","twitter_card":"summary_large_image","schema":{"@context":"https:\/\/schema.org","@graph":[{"@type":"WebPage","@id":"https:\/\/aspres-thuir.com\/de\/evenement\/commemoration-du-81e-anniversaire-de-la-victoire-du-8-mai-1945\/","url":"https:\/\/aspres-thuir.com\/de\/evenement\/commemoration-du-81e-anniversaire-de-la-victoire-du-8-mai-1945\/","name":"COMM\u00c9MORATION DU 81E ANNIVERSAIRE DE LA VICTOIRE DU 8 MAI 1945 - Office de Tourisme Aspres-Thuir","isPartOf":{"@id":"https:\/\/aspres-thuir.com\/de\/#website"},"datePublished":"2026-05-01T01:15:13+00:00","breadcrumb":{"@id":"https:\/\/aspres-thuir.com\/de\/evenement\/commemoration-du-81e-anniversaire-de-la-victoire-du-8-mai-1945\/#breadcrumb"},"inLanguage":"de-DE","potentialAction":[{"@type":"ReadAction","target":["https:\/\/aspres-thuir.com\/de\/evenement\/commemoration-du-81e-anniversaire-de-la-victoire-du-8-mai-1945\/"]}]},{"@type":"BreadcrumbList","@id":"https:\/\/aspres-thuir.com\/de\/evenement\/commemoration-du-81e-anniversaire-de-la-victoire-du-8-mai-1945\/#breadcrumb","itemListElement":[{"@type":"ListItem","position":1,"name":"","item":"https:\/\/aspres-thuir.com\/de\/"},{"@type":"ListItem","position":2,"name":"\u00c9v\u00e9nements","item":"https:\/\/aspres-thuir.com\/de\/evenement\/"},{"@type":"ListItem","position":3,"name":"COMM\u00c9MORATION DU 81E ANNIVERSAIRE DE LA VICTOIRE DU 8 MAI 1945"}]},{"@type":"WebSite","@id":"https:\/\/aspres-thuir.com\/de\/#website","url":"https:\/\/aspres-thuir.com\/de\/","name":"Office de Tourisme Aspres-Thuir","description":"","potentialAction":[{"@type":"SearchAction","target":{"@type":"EntryPoint","urlTemplate":"https:\/\/aspres-thuir.com\/de\/?s={search_term_string}"},"query-input":{"@type":"PropertyValueSpecification","valueRequired":true,"valueName":"search_term_string"}}],"inLanguage":"de-DE"}]}},"_links":{"self":[{"href":"https:\/\/aspres-thuir.com\/de\/wp-json\/wp\/v2\/tsc_evenement\/84510","targetHints":{"allow":["GET"]}}],"collection":[{"href":"https:\/\/aspres-thuir.com\/de\/wp-json\/wp\/v2\/tsc_evenement"}],"about":[{"href":"https:\/\/aspres-thuir.com\/de\/wp-json\/wp\/v2\/types\/tsc_evenement"}],"wp:attachment":[{"href":"https:\/\/aspres-thuir.com\/de\/wp-json\/wp\/v2\/media?parent=84510"}],"wp:term":[{"taxonomy":"tsc_cat_evenement","embeddable":true,"href":"https:\/\/aspres-thuir.com\/de\/wp-json\/wp\/v2\/tsc_cat_evenement?post=84510"}],"curies":[{"name":"wp","href":"https:\/\/api.w.org\/{rel}","templated":true}]}}

COMMÉMORATION DU 81E ANNIVERSAIRE DE LA VICTOIRE DU 8 MAI 1945

<p>Cérémonie du 81ᵉ anniversaire de la Victoire du 8 mai 1945</p>
<p>10h30 : Rassemblement devant la mairie de Passa, suivi à 10h35 du départ du cortège vers le monument aux morts.<br />
La cérémonie, sous l’égide de Monsieur le Maire, comprend des lectures officielles, un poème, l’hommage aux morts pour la France, le dépôt de gerbe, la sonnerie aux morts, une minute de silence et la Marseillaise. Elle se conclut par des remerciements et une invitation à visiter une exposition.</p>
<p>10h55 : Vin d’honneur offert par la commune.</p>

<!-- This site is optimized with the Yoast SEO plugin v26.9 - https://yoast.com/product/yoast-seo-wordpress/ -->
<title>COMMÉMORATION DU 81E ANNIVERSAIRE DE LA VICTOIRE DU 8 MAI 1945 - Office de Tourisme Aspres-Thuir</title>
<meta name="robots" content="index, follow, max-snippet:-1, max-image-preview:large, max-video-preview:-1" />
<link rel="canonical" href="https://aspres-thuir.com/de/evenement/commemoration-du-81e-anniversaire-de-la-victoire-du-8-mai-1945/" />
<meta property="og:locale" content="de_DE" />
<meta property="og:type" content="article" />
<meta property="og:title" content="COMMÉMORATION DU 81E ANNIVERSAIRE DE LA VICTOIRE DU 8 MAI 1945 - Office de Tourisme Aspres-Thuir" />
<meta property="og:description" content="Cérémonie du 81ᵉ anniversaire de la Victoire du 8 mai 1945 10h30 : Rassemblement devant la mairie de Passa, suivi à 10h35 du départ du cortège vers le monument aux morts. La cérémonie, sous l’égide de Monsieur le Maire, comprend des lectures officielles, un poème, l’hommage aux morts pour la France, le dépôt de gerbe, la [&hellip;]" />
<meta property="og:site_name" content="Office de Tourisme Aspres-Thuir" />
<meta name="twitter:card" content="summary_large_image" />
<script type="application/ld+json" class="yoast-schema-graph">{"@context":"https://schema.org","@graph":[{"@type":"WebPage","@id":"https://aspres-thuir.com/de/evenement/commemoration-du-81e-anniversaire-de-la-victoire-du-8-mai-1945/","url":"https://aspres-thuir.com/de/evenement/commemoration-du-81e-anniversaire-de-la-victoire-du-8-mai-1945/","name":"COMMÉMORATION DU 81E ANNIVERSAIRE DE LA VICTOIRE DU 8 MAI 1945 - Office de Tourisme Aspres-Thuir","isPartOf":{"@id":"https://aspres-thuir.com/de/#website"},"datePublished":"2026-05-01T01:15:13+00:00","breadcrumb":{"@id":"https://aspres-thuir.com/de/evenement/commemoration-du-81e-anniversaire-de-la-victoire-du-8-mai-1945/#breadcrumb"},"inLanguage":"de-DE","potentialAction":[{"@type":"ReadAction","target":["https://aspres-thuir.com/de/evenement/commemoration-du-81e-anniversaire-de-la-victoire-du-8-mai-1945/"]}]},{"@type":"BreadcrumbList","@id":"https://aspres-thuir.com/de/evenement/commemoration-du-81e-anniversaire-de-la-victoire-du-8-mai-1945/#breadcrumb","itemListElement":[{"@type":"ListItem","position":1,"name":"","item":"https://aspres-thuir.com/de/"},{"@type":"ListItem","position":2,"name":"Événements","item":"https://aspres-thuir.com/de/evenement/"},{"@type":"ListItem","position":3,"name":"COMMÉMORATION DU 81E ANNIVERSAIRE DE LA VICTOIRE DU 8 MAI 1945"}]},{"@type":"WebSite","@id":"https://aspres-thuir.com/de/#website","url":"https://aspres-thuir.com/de/","name":"Office de Tourisme Aspres-Thuir","description":"","potentialAction":[{"@type":"SearchAction","target":{"@type":"EntryPoint","urlTemplate":"https://aspres-thuir.com/de/?s={search_term_string}"},"query-input":{"@type":"PropertyValueSpecification","valueRequired":true,"valueName":"search_term_string"}}],"inLanguage":"de-DE"}]}</script>
<!-- / Yoast SEO plugin. -->

COMMÉMORATION DU 81E ANNIVERSAIRE DE LA VICTOIRE DU 8 MAI 1945 - Office de Tourisme Aspres-Thuir

Cérémonie du 81ᵉ anniversaire de la Victoire du 8 mai 1945 10h30 : Rassemblement devant la mairie de Passa, suivi à 10h35 du départ du cortège vers le monument aux morts. La cérémonie, sous l’égide de Monsieur le Maire, comprend des lectures officielles, un poème, l’hommage aux morts pour la France, le dépôt de gerbe, la [&hellip;]

Événements
