{"id":84527,"date":"2026-05-03T03:15:12","date_gmt":"2026-05-03T01:15:12","guid":{"rendered":"https:\/\/aspres-thuir.com\/evenement\/atelier-affable\/"},"modified":"2026-05-03T03:15:12","modified_gmt":"2026-05-03T01:15:12","slug":"atelier-affable","status":"publish","type":"tsc_evenement","link":"https:\/\/aspres-thuir.com\/de\/evenement\/atelier-affable\/","title":{"rendered":"ATELIER AFFABLE"},"content":{"rendered":"<p>L&#8217;atelier de L&#8217;affable ouvre ses portes sur Thuir. Nous vous invitons de 21h \u00e0 22h15 pour \u00e9couter des contes.<br \/>\nC&#8217;est pour adulte et sur r\u00e9servation.<br \/>\n4 mercredis : le 6 mai, le 20 mai, le 3 juin et le 17 juin. <br \/>\nVenez nombreux!<\/p>\n","protected":false},"featured_media":0,"template":"","meta":{"_acf_changed":false,"_et_pb_use_builder":"","_et_pb_old_content":"","_et_gb_content_width":""},"tsc_cat_evenement":[1288],"class_list":["post-84527","tsc_evenement","type-tsc_evenement","status-publish","hentry","tsc_cat_evenement-portes-ouvertes"],"acf":[],"yoast_head":"<!-- This site is optimized with the Yoast SEO plugin v26.9 - https:\/\/yoast.com\/product\/yoast-seo-wordpress\/ -->\n<title>ATELIER AFFABLE - Office de Tourisme Aspres-Thuir<\/title>\n<meta name=\"robots\" content=\"index, follow, max-snippet:-1, max-image-preview:large, max-video-preview:-1\" \/>\n<link rel=\"canonical\" href=\"https:\/\/aspres-thuir.com\/de\/evenement\/atelier-affable\/\" \/>\n<meta property=\"og:locale\" content=\"de_DE\" \/>\n<meta property=\"og:type\" content=\"article\" \/>\n<meta property=\"og:title\" content=\"ATELIER AFFABLE - Office de Tourisme Aspres-Thuir\" \/>\n<meta property=\"og:description\" content=\"L&#8217;atelier de L&#8217;affable ouvre ses portes sur Thuir. Nous vous invitons de 21h \u00e0 22h15 pour \u00e9couter des contes. C&#8217;est pour adulte et sur r\u00e9servation. 4 mercredis : le 6 mai, le 20 mai, le 3 juin et le 17 juin. Venez nombreux!\" \/>\n<meta property=\"og:site_name\" content=\"Office de Tourisme Aspres-Thuir\" \/>\n<meta name=\"twitter:card\" content=\"summary_large_image\" \/>\n<script type=\"application\/ld+json\" class=\"yoast-schema-graph\">{\"@context\":\"https:\/\/schema.org\",\"@graph\":[{\"@type\":\"WebPage\",\"@id\":\"https:\/\/aspres-thuir.com\/de\/evenement\/atelier-affable\/\",\"url\":\"https:\/\/aspres-thuir.com\/de\/evenement\/atelier-affable\/\",\"name\":\"ATELIER AFFABLE - Office de Tourisme Aspres-Thuir\",\"isPartOf\":{\"@id\":\"https:\/\/aspres-thuir.com\/de\/#website\"},\"datePublished\":\"2026-05-03T01:15:12+00:00\",\"breadcrumb\":{\"@id\":\"https:\/\/aspres-thuir.com\/de\/evenement\/atelier-affable\/#breadcrumb\"},\"inLanguage\":\"de-DE\",\"potentialAction\":[{\"@type\":\"ReadAction\",\"target\":[\"https:\/\/aspres-thuir.com\/de\/evenement\/atelier-affable\/\"]}]},{\"@type\":\"BreadcrumbList\",\"@id\":\"https:\/\/aspres-thuir.com\/de\/evenement\/atelier-affable\/#breadcrumb\",\"itemListElement\":[{\"@type\":\"ListItem\",\"position\":1,\"name\":\"\",\"item\":\"https:\/\/aspres-thuir.com\/de\/\"},{\"@type\":\"ListItem\",\"position\":2,\"name\":\"\u00c9v\u00e9nements\",\"item\":\"https:\/\/aspres-thuir.com\/de\/evenement\/\"},{\"@type\":\"ListItem\",\"position\":3,\"name\":\"ATELIER AFFABLE\"}]},{\"@type\":\"WebSite\",\"@id\":\"https:\/\/aspres-thuir.com\/de\/#website\",\"url\":\"https:\/\/aspres-thuir.com\/de\/\",\"name\":\"Office de Tourisme Aspres-Thuir\",\"description\":\"\",\"potentialAction\":[{\"@type\":\"SearchAction\",\"target\":{\"@type\":\"EntryPoint\",\"urlTemplate\":\"https:\/\/aspres-thuir.com\/de\/?s={search_term_string}\"},\"query-input\":{\"@type\":\"PropertyValueSpecification\",\"valueRequired\":true,\"valueName\":\"search_term_string\"}}],\"inLanguage\":\"de-DE\"}]}<\/script>\n<!-- \/ Yoast SEO plugin. -->","yoast_head_json":{"title":"ATELIER AFFABLE - Office de Tourisme Aspres-Thuir","robots":{"index":"index","follow":"follow","max-snippet":"max-snippet:-1","max-image-preview":"max-image-preview:large","max-video-preview":"max-video-preview:-1"},"canonical":"https:\/\/aspres-thuir.com\/de\/evenement\/atelier-affable\/","og_locale":"de_DE","og_type":"article","og_title":"ATELIER AFFABLE - Office de Tourisme Aspres-Thuir","og_description":"L&#8217;atelier de L&#8217;affable ouvre ses portes sur Thuir. Nous vous invitons de 21h \u00e0 22h15 pour \u00e9couter des contes. C&#8217;est pour adulte et sur r\u00e9servation. 4 mercredis : le 6 mai, le 20 mai, le 3 juin et le 17 juin. Venez nombreux!","og_site_name":"Office de Tourisme Aspres-Thuir","twitter_card":"summary_large_image","schema":{"@context":"https:\/\/schema.org","@graph":[{"@type":"WebPage","@id":"https:\/\/aspres-thuir.com\/de\/evenement\/atelier-affable\/","url":"https:\/\/aspres-thuir.com\/de\/evenement\/atelier-affable\/","name":"ATELIER AFFABLE - Office de Tourisme Aspres-Thuir","isPartOf":{"@id":"https:\/\/aspres-thuir.com\/de\/#website"},"datePublished":"2026-05-03T01:15:12+00:00","breadcrumb":{"@id":"https:\/\/aspres-thuir.com\/de\/evenement\/atelier-affable\/#breadcrumb"},"inLanguage":"de-DE","potentialAction":[{"@type":"ReadAction","target":["https:\/\/aspres-thuir.com\/de\/evenement\/atelier-affable\/"]}]},{"@type":"BreadcrumbList","@id":"https:\/\/aspres-thuir.com\/de\/evenement\/atelier-affable\/#breadcrumb","itemListElement":[{"@type":"ListItem","position":1,"name":"","item":"https:\/\/aspres-thuir.com\/de\/"},{"@type":"ListItem","position":2,"name":"\u00c9v\u00e9nements","item":"https:\/\/aspres-thuir.com\/de\/evenement\/"},{"@type":"ListItem","position":3,"name":"ATELIER AFFABLE"}]},{"@type":"WebSite","@id":"https:\/\/aspres-thuir.com\/de\/#website","url":"https:\/\/aspres-thuir.com\/de\/","name":"Office de Tourisme Aspres-Thuir","description":"","potentialAction":[{"@type":"SearchAction","target":{"@type":"EntryPoint","urlTemplate":"https:\/\/aspres-thuir.com\/de\/?s={search_term_string}"},"query-input":{"@type":"PropertyValueSpecification","valueRequired":true,"valueName":"search_term_string"}}],"inLanguage":"de-DE"}]}},"_links":{"self":[{"href":"https:\/\/aspres-thuir.com\/de\/wp-json\/wp\/v2\/tsc_evenement\/84527","targetHints":{"allow":["GET"]}}],"collection":[{"href":"https:\/\/aspres-thuir.com\/de\/wp-json\/wp\/v2\/tsc_evenement"}],"about":[{"href":"https:\/\/aspres-thuir.com\/de\/wp-json\/wp\/v2\/types\/tsc_evenement"}],"wp:attachment":[{"href":"https:\/\/aspres-thuir.com\/de\/wp-json\/wp\/v2\/media?parent=84527"}],"wp:term":[{"taxonomy":"tsc_cat_evenement","embeddable":true,"href":"https:\/\/aspres-thuir.com\/de\/wp-json\/wp\/v2\/tsc_cat_evenement?post=84527"}],"curies":[{"name":"wp","href":"https:\/\/api.w.org\/{rel}","templated":true}]}}

<p>L&#8217;atelier de L&#8217;affable ouvre ses portes sur Thuir. Nous vous invitons de 21h à 22h15 pour écouter des contes.<br />
C&#8217;est pour adulte et sur réservation.<br />
4 mercredis : le 6 mai, le 20 mai, le 3 juin et le 17 juin. <br />
Venez nombreux!</p>

<!-- This site is optimized with the Yoast SEO plugin v26.9 - https://yoast.com/product/yoast-seo-wordpress/ -->
<title>ATELIER AFFABLE - Office de Tourisme Aspres-Thuir</title>
<meta name="robots" content="index, follow, max-snippet:-1, max-image-preview:large, max-video-preview:-1" />
<link rel="canonical" href="https://aspres-thuir.com/de/evenement/atelier-affable/" />
<meta property="og:locale" content="de_DE" />
<meta property="og:type" content="article" />
<meta property="og:title" content="ATELIER AFFABLE - Office de Tourisme Aspres-Thuir" />
<meta property="og:description" content="L&#8217;atelier de L&#8217;affable ouvre ses portes sur Thuir. Nous vous invitons de 21h à 22h15 pour écouter des contes. C&#8217;est pour adulte et sur réservation. 4 mercredis : le 6 mai, le 20 mai, le 3 juin et le 17 juin. Venez nombreux!" />
<meta property="og:site_name" content="Office de Tourisme Aspres-Thuir" />
<meta name="twitter:card" content="summary_large_image" />
<script type="application/ld+json" class="yoast-schema-graph">{"@context":"https://schema.org","@graph":[{"@type":"WebPage","@id":"https://aspres-thuir.com/de/evenement/atelier-affable/","url":"https://aspres-thuir.com/de/evenement/atelier-affable/","name":"ATELIER AFFABLE - Office de Tourisme Aspres-Thuir","isPartOf":{"@id":"https://aspres-thuir.com/de/#website"},"datePublished":"2026-05-03T01:15:12+00:00","breadcrumb":{"@id":"https://aspres-thuir.com/de/evenement/atelier-affable/#breadcrumb"},"inLanguage":"de-DE","potentialAction":[{"@type":"ReadAction","target":["https://aspres-thuir.com/de/evenement/atelier-affable/"]}]},{"@type":"BreadcrumbList","@id":"https://aspres-thuir.com/de/evenement/atelier-affable/#breadcrumb","itemListElement":[{"@type":"ListItem","position":1,"name":"","item":"https://aspres-thuir.com/de/"},{"@type":"ListItem","position":2,"name":"Événements","item":"https://aspres-thuir.com/de/evenement/"},{"@type":"ListItem","position":3,"name":"ATELIER AFFABLE"}]},{"@type":"WebSite","@id":"https://aspres-thuir.com/de/#website","url":"https://aspres-thuir.com/de/","name":"Office de Tourisme Aspres-Thuir","description":"","potentialAction":[{"@type":"SearchAction","target":{"@type":"EntryPoint","urlTemplate":"https://aspres-thuir.com/de/?s={search_term_string}"},"query-input":{"@type":"PropertyValueSpecification","valueRequired":true,"valueName":"search_term_string"}}],"inLanguage":"de-DE"}]}</script>
<!-- / Yoast SEO plugin. -->

L&#8217;atelier de L&#8217;affable ouvre ses portes sur Thuir. Nous vous invitons de 21h à 22h15 pour écouter des contes. C&#8217;est pour adulte et sur réservation. 4 mercredis : le 6 mai, le 20 mai, le 3 juin et le 17 juin. Venez nombreux!

Événements
