{"id":78373,"date":"2026-03-26T13:48:08","date_gmt":"2026-03-26T12:48:08","guid":{"rendered":"https:\/\/aspres-thuir.com\/hebergement\/gite-del-pla-de-ralla-6-pers-4\/"},"modified":"2026-04-22T17:22:37","modified_gmt":"2026-04-22T15:22:37","slug":"gite-del-pla-de-ralla-6-pers-4","status":"publish","type":"tsc_hebergement","link":"https:\/\/aspres-thuir.com\/de\/hebergement\/gite-del-pla-de-ralla-6-pers-4\/","title":{"rendered":"G\u00ceTE DEL PLA DE RALLA &#8211; 6 PERS"},"content":{"rendered":"<p>Die Gartenm\u00f6bel laden zu geselligen Mahlzeiten oder entspannenden Momenten im Schatten der B\u00e4ume ein.<\/p>\n<p>Erdgeschoss :<br \/>\nDie K\u00fcche und das Esszimmer \u00f6ffnen sich zur Terrasse an der Vorderseite mit Gartenm\u00f6beln und zum Garten mit B\u00e4umen und Blumen, der mit einem Trampolin und Sonnenliegen ausgestattet ist.<br \/>\nDas Wohnzimmer \u00f6ffnet sich nach hinten auf eine zweite Terrasse mit Gartenm\u00f6beln und Plancha.<br \/>\nSchlafzimmer 1 : 1 Bett 160 x 190 und privates, offenes Badezimmer.<br \/>\nWc<\/p>\n<p>Obergeschoss:<br \/>\nDas Pallier ist als Entspannungsecke mit Bibliothek und Spielen eingerichtet.<br \/>\nSchlafzimmer 2: 2 Betten 90 x 190<br \/>\nZimmer 3: 1 Bett 160 x 190<br \/>\nBadezimmer mit doppeltem Waschbecken und WC.<br \/>\nWaschk\u00fcche: kombinierte Waschmaschine\/Trockner, WC.<br \/>\nEin Parkplatz steht Ihnen auf dem durch ein Tor verschlossenen Grundst\u00fcck zur Verf\u00fcgung.<\/p>\n","protected":false},"featured_media":0,"template":"","meta":{"_acf_changed":false,"_et_pb_use_builder":"","_et_pb_old_content":"","_et_gb_content_width":""},"tsc_cat_hebergement":[],"class_list":["post-78373","tsc_hebergement","type-tsc_hebergement","status-publish","hentry"],"acf":[],"yoast_head":"<!-- This site is optimized with the Yoast SEO plugin v26.9 - https:\/\/yoast.com\/product\/yoast-seo-wordpress\/ -->\n<title>G\u00ceTE DEL PLA DE RALLA - 6 PERS - Office de Tourisme Aspres-Thuir<\/title>\n<meta name=\"robots\" content=\"index, follow, max-snippet:-1, max-image-preview:large, max-video-preview:-1\" \/>\n<link rel=\"canonical\" href=\"https:\/\/aspres-thuir.com\/de\/hebergement\/gite-del-pla-de-ralla-6-pers-4\/\" \/>\n<meta property=\"og:locale\" content=\"de_DE\" \/>\n<meta property=\"og:type\" content=\"article\" \/>\n<meta property=\"og:title\" content=\"G\u00ceTE DEL PLA DE RALLA - 6 PERS - Office de Tourisme Aspres-Thuir\" \/>\n<meta property=\"og:description\" content=\"Die Gartenm\u00f6bel laden zu geselligen Mahlzeiten oder entspannenden Momenten im Schatten der B\u00e4ume ein. Erdgeschoss : Die K\u00fcche und das Esszimmer \u00f6ffnen sich zur Terrasse an der Vorderseite mit Gartenm\u00f6beln und zum Garten mit B\u00e4umen und Blumen, der mit einem Trampolin und Sonnenliegen ausgestattet ist. Das Wohnzimmer \u00f6ffnet sich nach hinten auf eine zweite Terrasse [&hellip;]\" \/>\n<meta property=\"og:site_name\" content=\"Office de Tourisme Aspres-Thuir\" \/>\n<meta property=\"article:modified_time\" content=\"2026-04-22T15:22:37+00:00\" \/>\n<meta name=\"twitter:card\" content=\"summary_large_image\" \/>\n<meta name=\"twitter:label1\" content=\"Est. reading time\" \/>\n\t<meta name=\"twitter:data1\" content=\"1 minute\" \/>\n<script type=\"application\/ld+json\" class=\"yoast-schema-graph\">{\"@context\":\"https:\/\/schema.org\",\"@graph\":[{\"@type\":\"WebPage\",\"@id\":\"https:\/\/aspres-thuir.com\/de\/hebergement\/gite-del-pla-de-ralla-6-pers-4\/\",\"url\":\"https:\/\/aspres-thuir.com\/de\/hebergement\/gite-del-pla-de-ralla-6-pers-4\/\",\"name\":\"G\u00ceTE DEL PLA DE RALLA - 6 PERS - Office de Tourisme Aspres-Thuir\",\"isPartOf\":{\"@id\":\"https:\/\/aspres-thuir.com\/de\/#website\"},\"datePublished\":\"2026-03-26T12:48:08+00:00\",\"dateModified\":\"2026-04-22T15:22:37+00:00\",\"breadcrumb\":{\"@id\":\"https:\/\/aspres-thuir.com\/de\/hebergement\/gite-del-pla-de-ralla-6-pers-4\/#breadcrumb\"},\"inLanguage\":\"de-DE\",\"potentialAction\":[{\"@type\":\"ReadAction\",\"target\":[\"https:\/\/aspres-thuir.com\/de\/hebergement\/gite-del-pla-de-ralla-6-pers-4\/\"]}]},{\"@type\":\"BreadcrumbList\",\"@id\":\"https:\/\/aspres-thuir.com\/de\/hebergement\/gite-del-pla-de-ralla-6-pers-4\/#breadcrumb\",\"itemListElement\":[{\"@type\":\"ListItem\",\"position\":1,\"name\":\"\",\"item\":\"https:\/\/aspres-thuir.com\/de\/\"},{\"@type\":\"ListItem\",\"position\":2,\"name\":\"H\u00e9bergements\",\"item\":\"https:\/\/aspres-thuir.com\/de\/hebergement\/\"},{\"@type\":\"ListItem\",\"position\":3,\"name\":\"G\u00ceTE DEL PLA DE RALLA &#8211; 6 PERS\"}]},{\"@type\":\"WebSite\",\"@id\":\"https:\/\/aspres-thuir.com\/de\/#website\",\"url\":\"https:\/\/aspres-thuir.com\/de\/\",\"name\":\"Office de Tourisme Aspres-Thuir\",\"description\":\"\",\"potentialAction\":[{\"@type\":\"SearchAction\",\"target\":{\"@type\":\"EntryPoint\",\"urlTemplate\":\"https:\/\/aspres-thuir.com\/de\/?s={search_term_string}\"},\"query-input\":{\"@type\":\"PropertyValueSpecification\",\"valueRequired\":true,\"valueName\":\"search_term_string\"}}],\"inLanguage\":\"de-DE\"}]}<\/script>\n<!-- \/ Yoast SEO plugin. -->","yoast_head_json":{"title":"G\u00ceTE DEL PLA DE RALLA - 6 PERS - Office de Tourisme Aspres-Thuir","robots":{"index":"index","follow":"follow","max-snippet":"max-snippet:-1","max-image-preview":"max-image-preview:large","max-video-preview":"max-video-preview:-1"},"canonical":"https:\/\/aspres-thuir.com\/de\/hebergement\/gite-del-pla-de-ralla-6-pers-4\/","og_locale":"de_DE","og_type":"article","og_title":"G\u00ceTE DEL PLA DE RALLA - 6 PERS - Office de Tourisme Aspres-Thuir","og_description":"Die Gartenm\u00f6bel laden zu geselligen Mahlzeiten oder entspannenden Momenten im Schatten der B\u00e4ume ein. Erdgeschoss : Die K\u00fcche und das Esszimmer \u00f6ffnen sich zur Terrasse an der Vorderseite mit Gartenm\u00f6beln und zum Garten mit B\u00e4umen und Blumen, der mit einem Trampolin und Sonnenliegen ausgestattet ist. Das Wohnzimmer \u00f6ffnet sich nach hinten auf eine zweite Terrasse [&hellip;]","og_site_name":"Office de Tourisme Aspres-Thuir","article_modified_time":"2026-04-22T15:22:37+00:00","twitter_card":"summary_large_image","twitter_misc":{"Est. reading time":"1 minute"},"schema":{"@context":"https:\/\/schema.org","@graph":[{"@type":"WebPage","@id":"https:\/\/aspres-thuir.com\/de\/hebergement\/gite-del-pla-de-ralla-6-pers-4\/","url":"https:\/\/aspres-thuir.com\/de\/hebergement\/gite-del-pla-de-ralla-6-pers-4\/","name":"G\u00ceTE DEL PLA DE RALLA - 6 PERS - Office de Tourisme Aspres-Thuir","isPartOf":{"@id":"https:\/\/aspres-thuir.com\/de\/#website"},"datePublished":"2026-03-26T12:48:08+00:00","dateModified":"2026-04-22T15:22:37+00:00","breadcrumb":{"@id":"https:\/\/aspres-thuir.com\/de\/hebergement\/gite-del-pla-de-ralla-6-pers-4\/#breadcrumb"},"inLanguage":"de-DE","potentialAction":[{"@type":"ReadAction","target":["https:\/\/aspres-thuir.com\/de\/hebergement\/gite-del-pla-de-ralla-6-pers-4\/"]}]},{"@type":"BreadcrumbList","@id":"https:\/\/aspres-thuir.com\/de\/hebergement\/gite-del-pla-de-ralla-6-pers-4\/#breadcrumb","itemListElement":[{"@type":"ListItem","position":1,"name":"","item":"https:\/\/aspres-thuir.com\/de\/"},{"@type":"ListItem","position":2,"name":"H\u00e9bergements","item":"https:\/\/aspres-thuir.com\/de\/hebergement\/"},{"@type":"ListItem","position":3,"name":"G\u00ceTE DEL PLA DE RALLA &#8211; 6 PERS"}]},{"@type":"WebSite","@id":"https:\/\/aspres-thuir.com\/de\/#website","url":"https:\/\/aspres-thuir.com\/de\/","name":"Office de Tourisme Aspres-Thuir","description":"","potentialAction":[{"@type":"SearchAction","target":{"@type":"EntryPoint","urlTemplate":"https:\/\/aspres-thuir.com\/de\/?s={search_term_string}"},"query-input":{"@type":"PropertyValueSpecification","valueRequired":true,"valueName":"search_term_string"}}],"inLanguage":"de-DE"}]}},"_links":{"self":[{"href":"https:\/\/aspres-thuir.com\/de\/wp-json\/wp\/v2\/tsc_hebergement\/78373","targetHints":{"allow":["GET"]}}],"collection":[{"href":"https:\/\/aspres-thuir.com\/de\/wp-json\/wp\/v2\/tsc_hebergement"}],"about":[{"href":"https:\/\/aspres-thuir.com\/de\/wp-json\/wp\/v2\/types\/tsc_hebergement"}],"wp:attachment":[{"href":"https:\/\/aspres-thuir.com\/de\/wp-json\/wp\/v2\/media?parent=78373"}],"wp:term":[{"taxonomy":"tsc_cat_hebergement","embeddable":true,"href":"https:\/\/aspres-thuir.com\/de\/wp-json\/wp\/v2\/tsc_cat_hebergement?post=78373"}],"curies":[{"name":"wp","href":"https:\/\/api.w.org\/{rel}","templated":true}]}}

GÎTE DEL PLA DE RALLA &#8211; 6 PERS

<p>Die Gartenmöbel laden zu geselligen Mahlzeiten oder entspannenden Momenten im Schatten der Bäume ein.</p>
<p>Erdgeschoss :<br />
Die Küche und das Esszimmer öffnen sich zur Terrasse an der Vorderseite mit Gartenmöbeln und zum Garten mit Bäumen und Blumen, der mit einem Trampolin und Sonnenliegen ausgestattet ist.<br />
Das Wohnzimmer öffnet sich nach hinten auf eine zweite Terrasse mit Gartenmöbeln und Plancha.<br />
Schlafzimmer 1 : 1 Bett 160 x 190 und privates, offenes Badezimmer.<br />
Wc</p>
<p>Obergeschoss:<br />
Das Pallier ist als Entspannungsecke mit Bibliothek und Spielen eingerichtet.<br />
Schlafzimmer 2: 2 Betten 90 x 190<br />
Zimmer 3: 1 Bett 160 x 190<br />
Badezimmer mit doppeltem Waschbecken und WC.<br />
Waschküche: kombinierte Waschmaschine/Trockner, WC.<br />
Ein Parkplatz steht Ihnen auf dem durch ein Tor verschlossenen Grundstück zur Verfügung.</p>

<!-- This site is optimized with the Yoast SEO plugin v26.9 - https://yoast.com/product/yoast-seo-wordpress/ -->
<title>GÎTE DEL PLA DE RALLA - 6 PERS - Office de Tourisme Aspres-Thuir</title>
<meta name="robots" content="index, follow, max-snippet:-1, max-image-preview:large, max-video-preview:-1" />
<link rel="canonical" href="https://aspres-thuir.com/de/hebergement/gite-del-pla-de-ralla-6-pers-4/" />
<meta property="og:locale" content="de_DE" />
<meta property="og:type" content="article" />
<meta property="og:title" content="GÎTE DEL PLA DE RALLA - 6 PERS - Office de Tourisme Aspres-Thuir" />
<meta property="og:description" content="Die Gartenmöbel laden zu geselligen Mahlzeiten oder entspannenden Momenten im Schatten der Bäume ein. Erdgeschoss : Die Küche und das Esszimmer öffnen sich zur Terrasse an der Vorderseite mit Gartenmöbeln und zum Garten mit Bäumen und Blumen, der mit einem Trampolin und Sonnenliegen ausgestattet ist. Das Wohnzimmer öffnet sich nach hinten auf eine zweite Terrasse [&hellip;]" />
<meta property="og:site_name" content="Office de Tourisme Aspres-Thuir" />
<meta property="article:modified_time" content="2026-04-22T15:22:37+00:00" />
<meta name="twitter:card" content="summary_large_image" />
<meta name="twitter:label1" content="Est. reading time" />
	<meta name="twitter:data1" content="1 minute" />
<script type="application/ld+json" class="yoast-schema-graph">{"@context":"https://schema.org","@graph":[{"@type":"WebPage","@id":"https://aspres-thuir.com/de/hebergement/gite-del-pla-de-ralla-6-pers-4/","url":"https://aspres-thuir.com/de/hebergement/gite-del-pla-de-ralla-6-pers-4/","name":"GÎTE DEL PLA DE RALLA - 6 PERS - Office de Tourisme Aspres-Thuir","isPartOf":{"@id":"https://aspres-thuir.com/de/#website"},"datePublished":"2026-03-26T12:48:08+00:00","dateModified":"2026-04-22T15:22:37+00:00","breadcrumb":{"@id":"https://aspres-thuir.com/de/hebergement/gite-del-pla-de-ralla-6-pers-4/#breadcrumb"},"inLanguage":"de-DE","potentialAction":[{"@type":"ReadAction","target":["https://aspres-thuir.com/de/hebergement/gite-del-pla-de-ralla-6-pers-4/"]}]},{"@type":"BreadcrumbList","@id":"https://aspres-thuir.com/de/hebergement/gite-del-pla-de-ralla-6-pers-4/#breadcrumb","itemListElement":[{"@type":"ListItem","position":1,"name":"","item":"https://aspres-thuir.com/de/"},{"@type":"ListItem","position":2,"name":"Hébergements","item":"https://aspres-thuir.com/de/hebergement/"},{"@type":"ListItem","position":3,"name":"GÎTE DEL PLA DE RALLA &#8211; 6 PERS"}]},{"@type":"WebSite","@id":"https://aspres-thuir.com/de/#website","url":"https://aspres-thuir.com/de/","name":"Office de Tourisme Aspres-Thuir","description":"","potentialAction":[{"@type":"SearchAction","target":{"@type":"EntryPoint","urlTemplate":"https://aspres-thuir.com/de/?s={search_term_string}"},"query-input":{"@type":"PropertyValueSpecification","valueRequired":true,"valueName":"search_term_string"}}],"inLanguage":"de-DE"}]}</script>
<!-- / Yoast SEO plugin. -->

GÎTE DEL PLA DE RALLA - 6 PERS - Office de Tourisme Aspres-Thuir

Die Gartenmöbel laden zu geselligen Mahlzeiten oder entspannenden Momenten im Schatten der Bäume ein. Erdgeschoss : Die Küche und das Esszimmer öffnen sich zur Terrasse an der Vorderseite mit Gartenmöbeln und zum Garten mit Bäumen und Blumen, der mit einem Trampolin und Sonnenliegen ausgestattet ist. Das Wohnzimmer öffnet sich nach hinten auf eine zweite Terrasse [&hellip;]

Hébergements
