{"id":84409,"date":"2026-04-28T03:15:14","date_gmt":"2026-04-28T01:15:14","guid":{"rendered":"https:\/\/aspres-thuir.com\/evenement\/ripailles-sonores\/"},"modified":"2026-04-29T03:15:15","modified_gmt":"2026-04-29T01:15:15","slug":"ripailles-sonores","status":"publish","type":"tsc_evenement","link":"https:\/\/aspres-thuir.com\/en\/evenement\/ripailles-sonores\/","title":{"rendered":"RIPAILLES SONORES"},"content":{"rendered":"<p>Les Ripailles Sonores du Bistrot de Castelnou sont de retour !<\/p>\n<p>Vendredi 1er mai \u00e0 partir de 18h, Pla\u00e7a de Mallorca \u00e0 Castelnou. D\u00e9but du repas \u00e0 20h.<\/p>\n<p>Paella g\u00e9ante (entr\u00e9e + dessert -boissons non incluses-) 18\u20ac<\/p>\n<p>Places limit\u00e9es \u00e0 60 personnes : R\u00e9servation conseill\u00e9e au 07 78 38 72 37.<\/p>\n<p>Une soir\u00e9e pour se retrouver, partager, manger, boire un verre\u2026 avec de la musique et une belle ambiance comme on les aime <\/p>\n","protected":false},"featured_media":0,"template":"","meta":{"_acf_changed":false,"_et_pb_use_builder":"","_et_pb_old_content":"","_et_gb_content_width":""},"tsc_cat_evenement":[1299],"class_list":["post-84409","tsc_evenement","type-tsc_evenement","status-publish","hentry","tsc_cat_evenement-repas-spectacle"],"acf":[],"yoast_head":"<!-- This site is optimized with the Yoast SEO plugin v26.9 - https:\/\/yoast.com\/product\/yoast-seo-wordpress\/ -->\n<title>RIPAILLES SONORES - Office de Tourisme Aspres-Thuir<\/title>\n<meta name=\"robots\" content=\"index, follow, max-snippet:-1, max-image-preview:large, max-video-preview:-1\" \/>\n<link rel=\"canonical\" href=\"https:\/\/aspres-thuir.com\/en\/evenement\/ripailles-sonores\/\" \/>\n<meta property=\"og:locale\" content=\"en_US\" \/>\n<meta property=\"og:type\" content=\"article\" \/>\n<meta property=\"og:title\" content=\"RIPAILLES SONORES - Office de Tourisme Aspres-Thuir\" \/>\n<meta property=\"og:description\" content=\"Les Ripailles Sonores du Bistrot de Castelnou sont de retour ! Vendredi 1er mai \u00e0 partir de 18h, Pla\u00e7a de Mallorca \u00e0 Castelnou. D\u00e9but du repas \u00e0 20h. Paella g\u00e9ante (entr\u00e9e + dessert -boissons non incluses-) 18\u20ac Places limit\u00e9es \u00e0 60 personnes : R\u00e9servation conseill\u00e9e au 07 78 38 72 37. Une soir\u00e9e pour se [&hellip;]\" \/>\n<meta property=\"og:site_name\" content=\"Office de Tourisme Aspres-Thuir\" \/>\n<meta property=\"article:modified_time\" content=\"2026-04-29T01:15:15+00:00\" \/>\n<meta name=\"twitter:card\" content=\"summary_large_image\" \/>\n<script type=\"application\/ld+json\" class=\"yoast-schema-graph\">{\"@context\":\"https:\/\/schema.org\",\"@graph\":[{\"@type\":\"WebPage\",\"@id\":\"https:\/\/aspres-thuir.com\/en\/evenement\/ripailles-sonores\/\",\"url\":\"https:\/\/aspres-thuir.com\/en\/evenement\/ripailles-sonores\/\",\"name\":\"RIPAILLES SONORES - Office de Tourisme Aspres-Thuir\",\"isPartOf\":{\"@id\":\"https:\/\/aspres-thuir.com\/en\/#website\"},\"datePublished\":\"2026-04-28T01:15:14+00:00\",\"dateModified\":\"2026-04-29T01:15:15+00:00\",\"breadcrumb\":{\"@id\":\"https:\/\/aspres-thuir.com\/en\/evenement\/ripailles-sonores\/#breadcrumb\"},\"inLanguage\":\"en-US\",\"potentialAction\":[{\"@type\":\"ReadAction\",\"target\":[\"https:\/\/aspres-thuir.com\/en\/evenement\/ripailles-sonores\/\"]}]},{\"@type\":\"BreadcrumbList\",\"@id\":\"https:\/\/aspres-thuir.com\/en\/evenement\/ripailles-sonores\/#breadcrumb\",\"itemListElement\":[{\"@type\":\"ListItem\",\"position\":1,\"name\":\"\",\"item\":\"https:\/\/aspres-thuir.com\/en\/\"},{\"@type\":\"ListItem\",\"position\":2,\"name\":\"\u00c9v\u00e9nements\",\"item\":\"https:\/\/aspres-thuir.com\/en\/evenement\/\"},{\"@type\":\"ListItem\",\"position\":3,\"name\":\"RIPAILLES SONORES\"}]},{\"@type\":\"WebSite\",\"@id\":\"https:\/\/aspres-thuir.com\/en\/#website\",\"url\":\"https:\/\/aspres-thuir.com\/en\/\",\"name\":\"Office de Tourisme Aspres-Thuir\",\"description\":\"\",\"potentialAction\":[{\"@type\":\"SearchAction\",\"target\":{\"@type\":\"EntryPoint\",\"urlTemplate\":\"https:\/\/aspres-thuir.com\/en\/?s={search_term_string}\"},\"query-input\":{\"@type\":\"PropertyValueSpecification\",\"valueRequired\":true,\"valueName\":\"search_term_string\"}}],\"inLanguage\":\"en-US\"}]}<\/script>\n<!-- \/ Yoast SEO plugin. -->","yoast_head_json":{"title":"RIPAILLES SONORES - Office de Tourisme Aspres-Thuir","robots":{"index":"index","follow":"follow","max-snippet":"max-snippet:-1","max-image-preview":"max-image-preview:large","max-video-preview":"max-video-preview:-1"},"canonical":"https:\/\/aspres-thuir.com\/en\/evenement\/ripailles-sonores\/","og_locale":"en_US","og_type":"article","og_title":"RIPAILLES SONORES - Office de Tourisme Aspres-Thuir","og_description":"Les Ripailles Sonores du Bistrot de Castelnou sont de retour ! Vendredi 1er mai \u00e0 partir de 18h, Pla\u00e7a de Mallorca \u00e0 Castelnou. D\u00e9but du repas \u00e0 20h. Paella g\u00e9ante (entr\u00e9e + dessert -boissons non incluses-) 18\u20ac Places limit\u00e9es \u00e0 60 personnes : R\u00e9servation conseill\u00e9e au 07 78 38 72 37. Une soir\u00e9e pour se [&hellip;]","og_site_name":"Office de Tourisme Aspres-Thuir","article_modified_time":"2026-04-29T01:15:15+00:00","twitter_card":"summary_large_image","schema":{"@context":"https:\/\/schema.org","@graph":[{"@type":"WebPage","@id":"https:\/\/aspres-thuir.com\/en\/evenement\/ripailles-sonores\/","url":"https:\/\/aspres-thuir.com\/en\/evenement\/ripailles-sonores\/","name":"RIPAILLES SONORES - Office de Tourisme Aspres-Thuir","isPartOf":{"@id":"https:\/\/aspres-thuir.com\/en\/#website"},"datePublished":"2026-04-28T01:15:14+00:00","dateModified":"2026-04-29T01:15:15+00:00","breadcrumb":{"@id":"https:\/\/aspres-thuir.com\/en\/evenement\/ripailles-sonores\/#breadcrumb"},"inLanguage":"en-US","potentialAction":[{"@type":"ReadAction","target":["https:\/\/aspres-thuir.com\/en\/evenement\/ripailles-sonores\/"]}]},{"@type":"BreadcrumbList","@id":"https:\/\/aspres-thuir.com\/en\/evenement\/ripailles-sonores\/#breadcrumb","itemListElement":[{"@type":"ListItem","position":1,"name":"","item":"https:\/\/aspres-thuir.com\/en\/"},{"@type":"ListItem","position":2,"name":"\u00c9v\u00e9nements","item":"https:\/\/aspres-thuir.com\/en\/evenement\/"},{"@type":"ListItem","position":3,"name":"RIPAILLES SONORES"}]},{"@type":"WebSite","@id":"https:\/\/aspres-thuir.com\/en\/#website","url":"https:\/\/aspres-thuir.com\/en\/","name":"Office de Tourisme Aspres-Thuir","description":"","potentialAction":[{"@type":"SearchAction","target":{"@type":"EntryPoint","urlTemplate":"https:\/\/aspres-thuir.com\/en\/?s={search_term_string}"},"query-input":{"@type":"PropertyValueSpecification","valueRequired":true,"valueName":"search_term_string"}}],"inLanguage":"en-US"}]}},"_links":{"self":[{"href":"https:\/\/aspres-thuir.com\/en\/wp-json\/wp\/v2\/tsc_evenement\/84409","targetHints":{"allow":["GET"]}}],"collection":[{"href":"https:\/\/aspres-thuir.com\/en\/wp-json\/wp\/v2\/tsc_evenement"}],"about":[{"href":"https:\/\/aspres-thuir.com\/en\/wp-json\/wp\/v2\/types\/tsc_evenement"}],"wp:attachment":[{"href":"https:\/\/aspres-thuir.com\/en\/wp-json\/wp\/v2\/media?parent=84409"}],"wp:term":[{"taxonomy":"tsc_cat_evenement","embeddable":true,"href":"https:\/\/aspres-thuir.com\/en\/wp-json\/wp\/v2\/tsc_cat_evenement?post=84409"}],"curies":[{"name":"wp","href":"https:\/\/api.w.org\/{rel}","templated":true}]}}

<p>Les Ripailles Sonores du Bistrot de Castelnou sont de retour !</p>
<p>Vendredi 1er mai à partir de 18h, Plaça de Mallorca à Castelnou. Début du repas à 20h.</p>
<p>Paella géante (entrée + dessert -boissons non incluses-) 18€</p>
<p>Places limitées à 60 personnes : Réservation conseillée au 07 78 38 72 37.</p>
<p>Une soirée pour se retrouver, partager, manger, boire un verre… avec de la musique et une belle ambiance comme on les aime </p>

<!-- This site is optimized with the Yoast SEO plugin v26.9 - https://yoast.com/product/yoast-seo-wordpress/ -->
<title>RIPAILLES SONORES - Office de Tourisme Aspres-Thuir</title>
<meta name="robots" content="index, follow, max-snippet:-1, max-image-preview:large, max-video-preview:-1" />
<link rel="canonical" href="https://aspres-thuir.com/en/evenement/ripailles-sonores/" />
<meta property="og:locale" content="en_US" />
<meta property="og:type" content="article" />
<meta property="og:title" content="RIPAILLES SONORES - Office de Tourisme Aspres-Thuir" />
<meta property="og:description" content="Les Ripailles Sonores du Bistrot de Castelnou sont de retour ! Vendredi 1er mai à partir de 18h, Plaça de Mallorca à Castelnou. Début du repas à 20h. Paella géante (entrée + dessert -boissons non incluses-) 18€ Places limitées à 60 personnes : Réservation conseillée au 07 78 38 72 37. Une soirée pour se [&hellip;]" />
<meta property="og:site_name" content="Office de Tourisme Aspres-Thuir" />
<meta property="article:modified_time" content="2026-04-29T01:15:15+00:00" />
<meta name="twitter:card" content="summary_large_image" />
<script type="application/ld+json" class="yoast-schema-graph">{"@context":"https://schema.org","@graph":[{"@type":"WebPage","@id":"https://aspres-thuir.com/en/evenement/ripailles-sonores/","url":"https://aspres-thuir.com/en/evenement/ripailles-sonores/","name":"RIPAILLES SONORES - Office de Tourisme Aspres-Thuir","isPartOf":{"@id":"https://aspres-thuir.com/en/#website"},"datePublished":"2026-04-28T01:15:14+00:00","dateModified":"2026-04-29T01:15:15+00:00","breadcrumb":{"@id":"https://aspres-thuir.com/en/evenement/ripailles-sonores/#breadcrumb"},"inLanguage":"en-US","potentialAction":[{"@type":"ReadAction","target":["https://aspres-thuir.com/en/evenement/ripailles-sonores/"]}]},{"@type":"BreadcrumbList","@id":"https://aspres-thuir.com/en/evenement/ripailles-sonores/#breadcrumb","itemListElement":[{"@type":"ListItem","position":1,"name":"","item":"https://aspres-thuir.com/en/"},{"@type":"ListItem","position":2,"name":"Événements","item":"https://aspres-thuir.com/en/evenement/"},{"@type":"ListItem","position":3,"name":"RIPAILLES SONORES"}]},{"@type":"WebSite","@id":"https://aspres-thuir.com/en/#website","url":"https://aspres-thuir.com/en/","name":"Office de Tourisme Aspres-Thuir","description":"","potentialAction":[{"@type":"SearchAction","target":{"@type":"EntryPoint","urlTemplate":"https://aspres-thuir.com/en/?s={search_term_string}"},"query-input":{"@type":"PropertyValueSpecification","valueRequired":true,"valueName":"search_term_string"}}],"inLanguage":"en-US"}]}</script>
<!-- / Yoast SEO plugin. -->

Les Ripailles Sonores du Bistrot de Castelnou sont de retour ! Vendredi 1er mai à partir de 18h, Plaça de Mallorca à Castelnou. Début du repas à 20h. Paella géante (entrée + dessert -boissons non incluses-) 18€ Places limitées à 60 personnes : Réservation conseillée au 07 78 38 72 37. Une soirée pour se [&hellip;]

Événements
