{"id":84411,"date":"2026-04-28T03:15:15","date_gmt":"2026-04-28T01:15:15","guid":{"rendered":"https:\/\/aspres-thuir.com\/evenement\/cinema-thuir-mai\/"},"modified":"2026-04-30T03:15:11","modified_gmt":"2026-04-30T01:15:11","slug":"cinema-thuir-mai","status":"publish","type":"tsc_evenement","link":"https:\/\/aspres-thuir.com\/en\/evenement\/cinema-thuir-mai\/","title":{"rendered":"CIN\u00c9MA THUIR MAI"},"content":{"rendered":"<p>Mai 2026!<br \/>\nLe cin\u00e9ma continue \u00e0 Thuir au Th\u00e9\u00e2tre des Aspres!<\/p>\n<p>Au programme:<br \/>\nDimanche 10 mai \u00e0 16h<br \/>\nFanon<br \/>\nFrantz Fanon, un psychiatre fran\u00e7ais originaire de la Martinique, vient d&#8217;\u00eatre nomm\u00e9 chef de service \u00e0 l&#8217;h\u00f4pital psychiatrique de Blida en Alg\u00e9rie. Ses m\u00e9thodes contrastent avec celles des autres m\u00e9decins dans un contexte de colonisation.<\/p>\n<p>Mercredi 27 mai \u00e0 18h30.<br \/>\nJuste une illusion.<br \/>\nNous sommes en 1985. Vincent, bient\u00f4t 13 ans, vit en banlieue parisienne dans une famille de la classe moyenne, entre un grand fr\u00e8re distant et des parents en conflit permanent. Alors qu&#8217;il n&#8217;est &#8220;d\u00e9j\u00e0 plus&#8221; un enfant et qu&#8217;il n&#8217;est &#8220;pas encore&#8221; un adulte, nous allons partager ses questions et ses doutes sur l&#8217;identit\u00e9, l&#8217;amiti\u00e9, la famille, la religion, le d\u00e9sir et les premiers \u00e9lans amoureux.<\/p>\n<p>Tarifs Cin\u00e9maginaire :<br \/>\n\u2022 6\u20ac \u2013 adultes<br \/>\n\u2022 5\u20ac \u2013 jusqu\u2019\u00e0 18ans, \u00e9tudiants, demandeurs d\u2019emploi<br \/>\n\u2022 30\u20ac \u2013 carte abonnement pour 6 s\u00e9ances + 1 offerte<br \/>\nPas de r\u00e9servation possible<\/p>\n","protected":false},"featured_media":0,"template":"","meta":{"_acf_changed":false,"_et_pb_use_builder":"","_et_pb_old_content":"","_et_gb_content_width":""},"tsc_cat_evenement":[1117],"class_list":["post-84411","tsc_evenement","type-tsc_evenement","status-publish","hentry","tsc_cat_evenement-projection-cinema"],"acf":[],"yoast_head":"<!-- This site is optimized with the Yoast SEO plugin v26.9 - https:\/\/yoast.com\/product\/yoast-seo-wordpress\/ -->\n<title>CIN\u00c9MA THUIR MAI - Office de Tourisme Aspres-Thuir<\/title>\n<meta name=\"robots\" content=\"index, follow, max-snippet:-1, max-image-preview:large, max-video-preview:-1\" \/>\n<link rel=\"canonical\" href=\"https:\/\/aspres-thuir.com\/en\/evenement\/cinema-thuir-mai\/\" \/>\n<meta property=\"og:locale\" content=\"en_US\" \/>\n<meta property=\"og:type\" content=\"article\" \/>\n<meta property=\"og:title\" content=\"CIN\u00c9MA THUIR MAI - Office de Tourisme Aspres-Thuir\" \/>\n<meta property=\"og:description\" content=\"Mai 2026! Le cin\u00e9ma continue \u00e0 Thuir au Th\u00e9\u00e2tre des Aspres! Au programme: Dimanche 10 mai \u00e0 16h Fanon Frantz Fanon, un psychiatre fran\u00e7ais originaire de la Martinique, vient d&#8217;\u00eatre nomm\u00e9 chef de service \u00e0 l&#8217;h\u00f4pital psychiatrique de Blida en Alg\u00e9rie. Ses m\u00e9thodes contrastent avec celles des autres m\u00e9decins dans un contexte de colonisation. Mercredi [&hellip;]\" \/>\n<meta property=\"og:site_name\" content=\"Office de Tourisme Aspres-Thuir\" \/>\n<meta property=\"article:modified_time\" content=\"2026-04-30T01:15:11+00:00\" \/>\n<meta name=\"twitter:card\" content=\"summary_large_image\" \/>\n<meta name=\"twitter:label1\" content=\"Est. reading time\" \/>\n\t<meta name=\"twitter:data1\" content=\"1 minute\" \/>\n<script type=\"application\/ld+json\" class=\"yoast-schema-graph\">{\"@context\":\"https:\/\/schema.org\",\"@graph\":[{\"@type\":\"WebPage\",\"@id\":\"https:\/\/aspres-thuir.com\/en\/evenement\/cinema-thuir-mai\/\",\"url\":\"https:\/\/aspres-thuir.com\/en\/evenement\/cinema-thuir-mai\/\",\"name\":\"CIN\u00c9MA THUIR MAI - Office de Tourisme Aspres-Thuir\",\"isPartOf\":{\"@id\":\"https:\/\/aspres-thuir.com\/en\/#website\"},\"datePublished\":\"2026-04-28T01:15:15+00:00\",\"dateModified\":\"2026-04-30T01:15:11+00:00\",\"breadcrumb\":{\"@id\":\"https:\/\/aspres-thuir.com\/en\/evenement\/cinema-thuir-mai\/#breadcrumb\"},\"inLanguage\":\"en-US\",\"potentialAction\":[{\"@type\":\"ReadAction\",\"target\":[\"https:\/\/aspres-thuir.com\/en\/evenement\/cinema-thuir-mai\/\"]}]},{\"@type\":\"BreadcrumbList\",\"@id\":\"https:\/\/aspres-thuir.com\/en\/evenement\/cinema-thuir-mai\/#breadcrumb\",\"itemListElement\":[{\"@type\":\"ListItem\",\"position\":1,\"name\":\"\",\"item\":\"https:\/\/aspres-thuir.com\/en\/\"},{\"@type\":\"ListItem\",\"position\":2,\"name\":\"\u00c9v\u00e9nements\",\"item\":\"https:\/\/aspres-thuir.com\/en\/evenement\/\"},{\"@type\":\"ListItem\",\"position\":3,\"name\":\"CIN\u00c9MA THUIR MAI\"}]},{\"@type\":\"WebSite\",\"@id\":\"https:\/\/aspres-thuir.com\/en\/#website\",\"url\":\"https:\/\/aspres-thuir.com\/en\/\",\"name\":\"Office de Tourisme Aspres-Thuir\",\"description\":\"\",\"potentialAction\":[{\"@type\":\"SearchAction\",\"target\":{\"@type\":\"EntryPoint\",\"urlTemplate\":\"https:\/\/aspres-thuir.com\/en\/?s={search_term_string}\"},\"query-input\":{\"@type\":\"PropertyValueSpecification\",\"valueRequired\":true,\"valueName\":\"search_term_string\"}}],\"inLanguage\":\"en-US\"}]}<\/script>\n<!-- \/ Yoast SEO plugin. -->","yoast_head_json":{"title":"CIN\u00c9MA THUIR MAI - Office de Tourisme Aspres-Thuir","robots":{"index":"index","follow":"follow","max-snippet":"max-snippet:-1","max-image-preview":"max-image-preview:large","max-video-preview":"max-video-preview:-1"},"canonical":"https:\/\/aspres-thuir.com\/en\/evenement\/cinema-thuir-mai\/","og_locale":"en_US","og_type":"article","og_title":"CIN\u00c9MA THUIR MAI - Office de Tourisme Aspres-Thuir","og_description":"Mai 2026! Le cin\u00e9ma continue \u00e0 Thuir au Th\u00e9\u00e2tre des Aspres! Au programme: Dimanche 10 mai \u00e0 16h Fanon Frantz Fanon, un psychiatre fran\u00e7ais originaire de la Martinique, vient d&#8217;\u00eatre nomm\u00e9 chef de service \u00e0 l&#8217;h\u00f4pital psychiatrique de Blida en Alg\u00e9rie. Ses m\u00e9thodes contrastent avec celles des autres m\u00e9decins dans un contexte de colonisation. Mercredi [&hellip;]","og_site_name":"Office de Tourisme Aspres-Thuir","article_modified_time":"2026-04-30T01:15:11+00:00","twitter_card":"summary_large_image","twitter_misc":{"Est. reading time":"1 minute"},"schema":{"@context":"https:\/\/schema.org","@graph":[{"@type":"WebPage","@id":"https:\/\/aspres-thuir.com\/en\/evenement\/cinema-thuir-mai\/","url":"https:\/\/aspres-thuir.com\/en\/evenement\/cinema-thuir-mai\/","name":"CIN\u00c9MA THUIR MAI - Office de Tourisme Aspres-Thuir","isPartOf":{"@id":"https:\/\/aspres-thuir.com\/en\/#website"},"datePublished":"2026-04-28T01:15:15+00:00","dateModified":"2026-04-30T01:15:11+00:00","breadcrumb":{"@id":"https:\/\/aspres-thuir.com\/en\/evenement\/cinema-thuir-mai\/#breadcrumb"},"inLanguage":"en-US","potentialAction":[{"@type":"ReadAction","target":["https:\/\/aspres-thuir.com\/en\/evenement\/cinema-thuir-mai\/"]}]},{"@type":"BreadcrumbList","@id":"https:\/\/aspres-thuir.com\/en\/evenement\/cinema-thuir-mai\/#breadcrumb","itemListElement":[{"@type":"ListItem","position":1,"name":"","item":"https:\/\/aspres-thuir.com\/en\/"},{"@type":"ListItem","position":2,"name":"\u00c9v\u00e9nements","item":"https:\/\/aspres-thuir.com\/en\/evenement\/"},{"@type":"ListItem","position":3,"name":"CIN\u00c9MA THUIR MAI"}]},{"@type":"WebSite","@id":"https:\/\/aspres-thuir.com\/en\/#website","url":"https:\/\/aspres-thuir.com\/en\/","name":"Office de Tourisme Aspres-Thuir","description":"","potentialAction":[{"@type":"SearchAction","target":{"@type":"EntryPoint","urlTemplate":"https:\/\/aspres-thuir.com\/en\/?s={search_term_string}"},"query-input":{"@type":"PropertyValueSpecification","valueRequired":true,"valueName":"search_term_string"}}],"inLanguage":"en-US"}]}},"_links":{"self":[{"href":"https:\/\/aspres-thuir.com\/en\/wp-json\/wp\/v2\/tsc_evenement\/84411","targetHints":{"allow":["GET"]}}],"collection":[{"href":"https:\/\/aspres-thuir.com\/en\/wp-json\/wp\/v2\/tsc_evenement"}],"about":[{"href":"https:\/\/aspres-thuir.com\/en\/wp-json\/wp\/v2\/types\/tsc_evenement"}],"wp:attachment":[{"href":"https:\/\/aspres-thuir.com\/en\/wp-json\/wp\/v2\/media?parent=84411"}],"wp:term":[{"taxonomy":"tsc_cat_evenement","embeddable":true,"href":"https:\/\/aspres-thuir.com\/en\/wp-json\/wp\/v2\/tsc_cat_evenement?post=84411"}],"curies":[{"name":"wp","href":"https:\/\/api.w.org\/{rel}","templated":true}]}}

CINÉMA THUIR MAI

<p>Mai 2026!<br />
Le cinéma continue à Thuir au Théâtre des Aspres!</p>
<p>Au programme:<br />
Dimanche 10 mai à 16h<br />
Fanon<br />
Frantz Fanon, un psychiatre français originaire de la Martinique, vient d&#8217;être nommé chef de service à l&#8217;hôpital psychiatrique de Blida en Algérie. Ses méthodes contrastent avec celles des autres médecins dans un contexte de colonisation.</p>
<p>Mercredi 27 mai à 18h30.<br />
Juste une illusion.<br />
Nous sommes en 1985. Vincent, bientôt 13 ans, vit en banlieue parisienne dans une famille de la classe moyenne, entre un grand frère distant et des parents en conflit permanent. Alors qu&#8217;il n&#8217;est &#8220;déjà plus&#8221; un enfant et qu&#8217;il n&#8217;est &#8220;pas encore&#8221; un adulte, nous allons partager ses questions et ses doutes sur l&#8217;identité, l&#8217;amitié, la famille, la religion, le désir et les premiers élans amoureux.</p>
<p>Tarifs Cinémaginaire :<br />
• 6€ – adultes<br />
• 5€ – jusqu’à 18ans, étudiants, demandeurs d’emploi<br />
• 30€ – carte abonnement pour 6 séances + 1 offerte<br />
Pas de réservation possible</p>

<!-- This site is optimized with the Yoast SEO plugin v26.9 - https://yoast.com/product/yoast-seo-wordpress/ -->
<title>CINÉMA THUIR MAI - Office de Tourisme Aspres-Thuir</title>
<meta name="robots" content="index, follow, max-snippet:-1, max-image-preview:large, max-video-preview:-1" />
<link rel="canonical" href="https://aspres-thuir.com/en/evenement/cinema-thuir-mai/" />
<meta property="og:locale" content="en_US" />
<meta property="og:type" content="article" />
<meta property="og:title" content="CINÉMA THUIR MAI - Office de Tourisme Aspres-Thuir" />
<meta property="og:description" content="Mai 2026! Le cinéma continue à Thuir au Théâtre des Aspres! Au programme: Dimanche 10 mai à 16h Fanon Frantz Fanon, un psychiatre français originaire de la Martinique, vient d&#8217;être nommé chef de service à l&#8217;hôpital psychiatrique de Blida en Algérie. Ses méthodes contrastent avec celles des autres médecins dans un contexte de colonisation. Mercredi [&hellip;]" />
<meta property="og:site_name" content="Office de Tourisme Aspres-Thuir" />
<meta property="article:modified_time" content="2026-04-30T01:15:11+00:00" />
<meta name="twitter:card" content="summary_large_image" />
<meta name="twitter:label1" content="Est. reading time" />
	<meta name="twitter:data1" content="1 minute" />
<script type="application/ld+json" class="yoast-schema-graph">{"@context":"https://schema.org","@graph":[{"@type":"WebPage","@id":"https://aspres-thuir.com/en/evenement/cinema-thuir-mai/","url":"https://aspres-thuir.com/en/evenement/cinema-thuir-mai/","name":"CINÉMA THUIR MAI - Office de Tourisme Aspres-Thuir","isPartOf":{"@id":"https://aspres-thuir.com/en/#website"},"datePublished":"2026-04-28T01:15:15+00:00","dateModified":"2026-04-30T01:15:11+00:00","breadcrumb":{"@id":"https://aspres-thuir.com/en/evenement/cinema-thuir-mai/#breadcrumb"},"inLanguage":"en-US","potentialAction":[{"@type":"ReadAction","target":["https://aspres-thuir.com/en/evenement/cinema-thuir-mai/"]}]},{"@type":"BreadcrumbList","@id":"https://aspres-thuir.com/en/evenement/cinema-thuir-mai/#breadcrumb","itemListElement":[{"@type":"ListItem","position":1,"name":"","item":"https://aspres-thuir.com/en/"},{"@type":"ListItem","position":2,"name":"Événements","item":"https://aspres-thuir.com/en/evenement/"},{"@type":"ListItem","position":3,"name":"CINÉMA THUIR MAI"}]},{"@type":"WebSite","@id":"https://aspres-thuir.com/en/#website","url":"https://aspres-thuir.com/en/","name":"Office de Tourisme Aspres-Thuir","description":"","potentialAction":[{"@type":"SearchAction","target":{"@type":"EntryPoint","urlTemplate":"https://aspres-thuir.com/en/?s={search_term_string}"},"query-input":{"@type":"PropertyValueSpecification","valueRequired":true,"valueName":"search_term_string"}}],"inLanguage":"en-US"}]}</script>
<!-- / Yoast SEO plugin. -->

CINÉMA THUIR MAI - Office de Tourisme Aspres-Thuir

Mai 2026! Le cinéma continue à Thuir au Théâtre des Aspres! Au programme: Dimanche 10 mai à 16h Fanon Frantz Fanon, un psychiatre français originaire de la Martinique, vient d&#8217;être nommé chef de service à l&#8217;hôpital psychiatrique de Blida en Algérie. Ses méthodes contrastent avec celles des autres médecins dans un contexte de colonisation. Mercredi [&hellip;]

Événements
