{"id":84412,"date":"2026-04-28T03:15:15","date_gmt":"2026-04-28T01:15:15","guid":{"rendered":"https:\/\/aspres-thuir.com\/evenement\/rando-vert-cheval-a-la-carte\/"},"modified":"2026-04-30T03:15:11","modified_gmt":"2026-04-30T01:15:11","slug":"rando-vert-cheval-a-la-carte","status":"publish","type":"tsc_evenement","link":"https:\/\/aspres-thuir.com\/en\/evenement\/rando-vert-cheval-a-la-carte\/","title":{"rendered":"RANDO CHEVAL \u00c0 LA CARTE"},"content":{"rendered":"<p>PARTEZ EN VACANCES DANS LES PYR\u00c9N\u00c9ES ORIENTALES 66 AVEC VOTRE CHEVAL<br \/>\n Envie d&#8217;\u00e9vasion au coeur des Aspres avec votre compagnon \u00e0 quatre sabots ? <br \/>\nNous vous proposons :<br \/>\n&#8211; L&#8217;h\u00e9bergement de vos chevaux dans une structure s\u00e9curis\u00e9e.<br \/>\n&#8211; Possibilit\u00e9 de planter la tente sur place ou de nombreux gites aux alentours.<br \/>\n&#8211; Randonn\u00e9es en \u00e9toile avec ou sans Guide <br \/>\nQue vous cherchiez une balade tranquille ou une vraie aventure \u00e9questre, nous avons la formule id\u00e9ale pour vous.<br \/>\n N&#8217;h\u00e9sitez pas \u00e0 me contacter au 06 81 69 43 01 pour toute information.<\/p>\n<p>leclandepona@yahoo.com <\/p>\n","protected":false},"featured_media":0,"template":"","meta":{"_acf_changed":false,"_et_pb_use_builder":"","_et_pb_old_content":"","_et_gb_content_width":""},"tsc_cat_evenement":[1125,1129],"class_list":["post-84412","tsc_evenement","type-tsc_evenement","status-publish","hentry","tsc_cat_evenement-competition","tsc_cat_evenement-concours"],"acf":[],"yoast_head":"<!-- This site is optimized with the Yoast SEO plugin v26.9 - https:\/\/yoast.com\/product\/yoast-seo-wordpress\/ -->\n<title>RANDO CHEVAL \u00c0 LA CARTE - Office de Tourisme Aspres-Thuir<\/title>\n<meta name=\"robots\" content=\"index, follow, max-snippet:-1, max-image-preview:large, max-video-preview:-1\" \/>\n<link rel=\"canonical\" href=\"https:\/\/aspres-thuir.com\/en\/evenement\/rando-vert-cheval-a-la-carte\/\" \/>\n<meta property=\"og:locale\" content=\"en_US\" \/>\n<meta property=\"og:type\" content=\"article\" \/>\n<meta property=\"og:title\" content=\"RANDO CHEVAL \u00c0 LA CARTE - Office de Tourisme Aspres-Thuir\" \/>\n<meta property=\"og:description\" content=\"PARTEZ EN VACANCES DANS LES PYR\u00c9N\u00c9ES ORIENTALES 66 AVEC VOTRE CHEVAL Envie d&#8217;\u00e9vasion au coeur des Aspres avec votre compagnon \u00e0 quatre sabots ? Nous vous proposons : &#8211; L&#8217;h\u00e9bergement de vos chevaux dans une structure s\u00e9curis\u00e9e. &#8211; Possibilit\u00e9 de planter la tente sur place ou de nombreux gites aux alentours. &#8211; Randonn\u00e9es en \u00e9toile [&hellip;]\" \/>\n<meta property=\"og:site_name\" content=\"Office de Tourisme Aspres-Thuir\" \/>\n<meta property=\"article:modified_time\" content=\"2026-04-30T01:15:11+00:00\" \/>\n<meta name=\"twitter:card\" content=\"summary_large_image\" \/>\n<script type=\"application\/ld+json\" class=\"yoast-schema-graph\">{\"@context\":\"https:\/\/schema.org\",\"@graph\":[{\"@type\":\"WebPage\",\"@id\":\"https:\/\/aspres-thuir.com\/en\/evenement\/rando-vert-cheval-a-la-carte\/\",\"url\":\"https:\/\/aspres-thuir.com\/en\/evenement\/rando-vert-cheval-a-la-carte\/\",\"name\":\"RANDO CHEVAL \u00c0 LA CARTE - Office de Tourisme Aspres-Thuir\",\"isPartOf\":{\"@id\":\"https:\/\/aspres-thuir.com\/en\/#website\"},\"datePublished\":\"2026-04-28T01:15:15+00:00\",\"dateModified\":\"2026-04-30T01:15:11+00:00\",\"breadcrumb\":{\"@id\":\"https:\/\/aspres-thuir.com\/en\/evenement\/rando-vert-cheval-a-la-carte\/#breadcrumb\"},\"inLanguage\":\"en-US\",\"potentialAction\":[{\"@type\":\"ReadAction\",\"target\":[\"https:\/\/aspres-thuir.com\/en\/evenement\/rando-vert-cheval-a-la-carte\/\"]}]},{\"@type\":\"BreadcrumbList\",\"@id\":\"https:\/\/aspres-thuir.com\/en\/evenement\/rando-vert-cheval-a-la-carte\/#breadcrumb\",\"itemListElement\":[{\"@type\":\"ListItem\",\"position\":1,\"name\":\"\",\"item\":\"https:\/\/aspres-thuir.com\/en\/\"},{\"@type\":\"ListItem\",\"position\":2,\"name\":\"\u00c9v\u00e9nements\",\"item\":\"https:\/\/aspres-thuir.com\/en\/evenement\/\"},{\"@type\":\"ListItem\",\"position\":3,\"name\":\"RANDO CHEVAL \u00c0 LA CARTE\"}]},{\"@type\":\"WebSite\",\"@id\":\"https:\/\/aspres-thuir.com\/en\/#website\",\"url\":\"https:\/\/aspres-thuir.com\/en\/\",\"name\":\"Office de Tourisme Aspres-Thuir\",\"description\":\"\",\"potentialAction\":[{\"@type\":\"SearchAction\",\"target\":{\"@type\":\"EntryPoint\",\"urlTemplate\":\"https:\/\/aspres-thuir.com\/en\/?s={search_term_string}\"},\"query-input\":{\"@type\":\"PropertyValueSpecification\",\"valueRequired\":true,\"valueName\":\"search_term_string\"}}],\"inLanguage\":\"en-US\"}]}<\/script>\n<!-- \/ Yoast SEO plugin. -->","yoast_head_json":{"title":"RANDO CHEVAL \u00c0 LA CARTE - Office de Tourisme Aspres-Thuir","robots":{"index":"index","follow":"follow","max-snippet":"max-snippet:-1","max-image-preview":"max-image-preview:large","max-video-preview":"max-video-preview:-1"},"canonical":"https:\/\/aspres-thuir.com\/en\/evenement\/rando-vert-cheval-a-la-carte\/","og_locale":"en_US","og_type":"article","og_title":"RANDO CHEVAL \u00c0 LA CARTE - Office de Tourisme Aspres-Thuir","og_description":"PARTEZ EN VACANCES DANS LES PYR\u00c9N\u00c9ES ORIENTALES 66 AVEC VOTRE CHEVAL Envie d&#8217;\u00e9vasion au coeur des Aspres avec votre compagnon \u00e0 quatre sabots ? Nous vous proposons : &#8211; L&#8217;h\u00e9bergement de vos chevaux dans une structure s\u00e9curis\u00e9e. &#8211; Possibilit\u00e9 de planter la tente sur place ou de nombreux gites aux alentours. &#8211; Randonn\u00e9es en \u00e9toile [&hellip;]","og_site_name":"Office de Tourisme Aspres-Thuir","article_modified_time":"2026-04-30T01:15:11+00:00","twitter_card":"summary_large_image","schema":{"@context":"https:\/\/schema.org","@graph":[{"@type":"WebPage","@id":"https:\/\/aspres-thuir.com\/en\/evenement\/rando-vert-cheval-a-la-carte\/","url":"https:\/\/aspres-thuir.com\/en\/evenement\/rando-vert-cheval-a-la-carte\/","name":"RANDO CHEVAL \u00c0 LA CARTE - Office de Tourisme Aspres-Thuir","isPartOf":{"@id":"https:\/\/aspres-thuir.com\/en\/#website"},"datePublished":"2026-04-28T01:15:15+00:00","dateModified":"2026-04-30T01:15:11+00:00","breadcrumb":{"@id":"https:\/\/aspres-thuir.com\/en\/evenement\/rando-vert-cheval-a-la-carte\/#breadcrumb"},"inLanguage":"en-US","potentialAction":[{"@type":"ReadAction","target":["https:\/\/aspres-thuir.com\/en\/evenement\/rando-vert-cheval-a-la-carte\/"]}]},{"@type":"BreadcrumbList","@id":"https:\/\/aspres-thuir.com\/en\/evenement\/rando-vert-cheval-a-la-carte\/#breadcrumb","itemListElement":[{"@type":"ListItem","position":1,"name":"","item":"https:\/\/aspres-thuir.com\/en\/"},{"@type":"ListItem","position":2,"name":"\u00c9v\u00e9nements","item":"https:\/\/aspres-thuir.com\/en\/evenement\/"},{"@type":"ListItem","position":3,"name":"RANDO CHEVAL \u00c0 LA CARTE"}]},{"@type":"WebSite","@id":"https:\/\/aspres-thuir.com\/en\/#website","url":"https:\/\/aspres-thuir.com\/en\/","name":"Office de Tourisme Aspres-Thuir","description":"","potentialAction":[{"@type":"SearchAction","target":{"@type":"EntryPoint","urlTemplate":"https:\/\/aspres-thuir.com\/en\/?s={search_term_string}"},"query-input":{"@type":"PropertyValueSpecification","valueRequired":true,"valueName":"search_term_string"}}],"inLanguage":"en-US"}]}},"_links":{"self":[{"href":"https:\/\/aspres-thuir.com\/en\/wp-json\/wp\/v2\/tsc_evenement\/84412","targetHints":{"allow":["GET"]}}],"collection":[{"href":"https:\/\/aspres-thuir.com\/en\/wp-json\/wp\/v2\/tsc_evenement"}],"about":[{"href":"https:\/\/aspres-thuir.com\/en\/wp-json\/wp\/v2\/types\/tsc_evenement"}],"wp:attachment":[{"href":"https:\/\/aspres-thuir.com\/en\/wp-json\/wp\/v2\/media?parent=84412"}],"wp:term":[{"taxonomy":"tsc_cat_evenement","embeddable":true,"href":"https:\/\/aspres-thuir.com\/en\/wp-json\/wp\/v2\/tsc_cat_evenement?post=84412"}],"curies":[{"name":"wp","href":"https:\/\/api.w.org\/{rel}","templated":true}]}}

RANDO CHEVAL À LA CARTE

<p>PARTEZ EN VACANCES DANS LES PYRÉNÉES ORIENTALES 66 AVEC VOTRE CHEVAL<br />
 Envie d&#8217;évasion au coeur des Aspres avec votre compagnon à quatre sabots ? <br />
Nous vous proposons :<br />
&#8211; L&#8217;hébergement de vos chevaux dans une structure sécurisée.<br />
&#8211; Possibilité de planter la tente sur place ou de nombreux gites aux alentours.<br />
&#8211; Randonnées en étoile avec ou sans Guide <br />
Que vous cherchiez une balade tranquille ou une vraie aventure équestre, nous avons la formule idéale pour vous.<br />
 N&#8217;hésitez pas à me contacter au 06 81 69 43 01 pour toute information.</p>
<p>leclandepona@yahoo.com </p>

<!-- This site is optimized with the Yoast SEO plugin v26.9 - https://yoast.com/product/yoast-seo-wordpress/ -->
<title>RANDO CHEVAL À LA CARTE - Office de Tourisme Aspres-Thuir</title>
<meta name="robots" content="index, follow, max-snippet:-1, max-image-preview:large, max-video-preview:-1" />
<link rel="canonical" href="https://aspres-thuir.com/en/evenement/rando-vert-cheval-a-la-carte/" />
<meta property="og:locale" content="en_US" />
<meta property="og:type" content="article" />
<meta property="og:title" content="RANDO CHEVAL À LA CARTE - Office de Tourisme Aspres-Thuir" />
<meta property="og:description" content="PARTEZ EN VACANCES DANS LES PYRÉNÉES ORIENTALES 66 AVEC VOTRE CHEVAL Envie d&#8217;évasion au coeur des Aspres avec votre compagnon à quatre sabots ? Nous vous proposons : &#8211; L&#8217;hébergement de vos chevaux dans une structure sécurisée. &#8211; Possibilité de planter la tente sur place ou de nombreux gites aux alentours. &#8211; Randonnées en étoile [&hellip;]" />
<meta property="og:site_name" content="Office de Tourisme Aspres-Thuir" />
<meta property="article:modified_time" content="2026-04-30T01:15:11+00:00" />
<meta name="twitter:card" content="summary_large_image" />
<script type="application/ld+json" class="yoast-schema-graph">{"@context":"https://schema.org","@graph":[{"@type":"WebPage","@id":"https://aspres-thuir.com/en/evenement/rando-vert-cheval-a-la-carte/","url":"https://aspres-thuir.com/en/evenement/rando-vert-cheval-a-la-carte/","name":"RANDO CHEVAL À LA CARTE - Office de Tourisme Aspres-Thuir","isPartOf":{"@id":"https://aspres-thuir.com/en/#website"},"datePublished":"2026-04-28T01:15:15+00:00","dateModified":"2026-04-30T01:15:11+00:00","breadcrumb":{"@id":"https://aspres-thuir.com/en/evenement/rando-vert-cheval-a-la-carte/#breadcrumb"},"inLanguage":"en-US","potentialAction":[{"@type":"ReadAction","target":["https://aspres-thuir.com/en/evenement/rando-vert-cheval-a-la-carte/"]}]},{"@type":"BreadcrumbList","@id":"https://aspres-thuir.com/en/evenement/rando-vert-cheval-a-la-carte/#breadcrumb","itemListElement":[{"@type":"ListItem","position":1,"name":"","item":"https://aspres-thuir.com/en/"},{"@type":"ListItem","position":2,"name":"Événements","item":"https://aspres-thuir.com/en/evenement/"},{"@type":"ListItem","position":3,"name":"RANDO CHEVAL À LA CARTE"}]},{"@type":"WebSite","@id":"https://aspres-thuir.com/en/#website","url":"https://aspres-thuir.com/en/","name":"Office de Tourisme Aspres-Thuir","description":"","potentialAction":[{"@type":"SearchAction","target":{"@type":"EntryPoint","urlTemplate":"https://aspres-thuir.com/en/?s={search_term_string}"},"query-input":{"@type":"PropertyValueSpecification","valueRequired":true,"valueName":"search_term_string"}}],"inLanguage":"en-US"}]}</script>
<!-- / Yoast SEO plugin. -->

RANDO CHEVAL À LA CARTE - Office de Tourisme Aspres-Thuir

PARTEZ EN VACANCES DANS LES PYRÉNÉES ORIENTALES 66 AVEC VOTRE CHEVAL Envie d&#8217;évasion au coeur des Aspres avec votre compagnon à quatre sabots ? Nous vous proposons : &#8211; L&#8217;hébergement de vos chevaux dans une structure sécurisée. &#8211; Possibilité de planter la tente sur place ou de nombreux gites aux alentours. &#8211; Randonnées en étoile [&hellip;]

Événements
