{"id":78140,"date":"2026-03-26T13:47:45","date_gmt":"2026-03-26T12:47:45","guid":{"rendered":"https:\/\/aspres-thuir.com\/hebergement\/mas-margouillat-del-cami-7\/"},"modified":"2026-04-22T17:21:03","modified_gmt":"2026-04-22T15:21:03","slug":"mas-margouillat-del-cami-7","status":"publish","type":"tsc_hebergement","link":"https:\/\/aspres-thuir.com\/en\/hebergement\/mas-margouillat-del-cami-7\/","title":{"rendered":"MAS MARGOUILLAT DEL CAMI"},"content":{"rendered":"<p>Welcome to our self-catering g\u00eete set in a peaceful vineyard in an exceptional setting, with no neighbours or neighbours opposite, facing the Alb\u00e8res and Canigou mountains. The g\u00eete adjoins the farmhouse where the owners live, and they are always on hand to help make your stay as pleasant as possible. Just a few kilometres from the coast and seaside resorts. Also nearby is the spa town of Le Boulou, which offers spa and wellness breaks. On site, you&#8217;ll enjoy the swimming pool and relaxing surroundings, as well as the petanque pitch and table tennis table in a wooded park. Ground floor with separate entrance: Large living room opening onto a shaded terrace (summer kitchen, garden furniture and gas barbecue). 1st floor: kitchen, 1 attic bedroom (1 x 160cm bed), shower room (WC). Parking on the property.<\/p>\n","protected":false},"featured_media":0,"template":"","meta":{"_acf_changed":false,"_et_pb_use_builder":"","_et_pb_old_content":"","_et_gb_content_width":""},"tsc_cat_hebergement":[],"class_list":["post-78140","tsc_hebergement","type-tsc_hebergement","status-publish","hentry"],"acf":[],"yoast_head":"<!-- This site is optimized with the Yoast SEO plugin v26.9 - https:\/\/yoast.com\/product\/yoast-seo-wordpress\/ -->\n<title>MAS MARGOUILLAT DEL CAMI - Office de Tourisme Aspres-Thuir<\/title>\n<meta name=\"robots\" content=\"index, follow, max-snippet:-1, max-image-preview:large, max-video-preview:-1\" \/>\n<link rel=\"canonical\" href=\"https:\/\/aspres-thuir.com\/en\/hebergement\/mas-margouillat-del-cami-7\/\" \/>\n<meta property=\"og:locale\" content=\"en_US\" \/>\n<meta property=\"og:type\" content=\"article\" \/>\n<meta property=\"og:title\" content=\"MAS MARGOUILLAT DEL CAMI - Office de Tourisme Aspres-Thuir\" \/>\n<meta property=\"og:description\" content=\"Welcome to our self-catering g\u00eete set in a peaceful vineyard in an exceptional setting, with no neighbours or neighbours opposite, facing the Alb\u00e8res and Canigou mountains. The g\u00eete adjoins the farmhouse where the owners live, and they are always on hand to help make your stay as pleasant as possible. Just a few kilometres from [&hellip;]\" \/>\n<meta property=\"og:site_name\" content=\"Office de Tourisme Aspres-Thuir\" \/>\n<meta property=\"article:modified_time\" content=\"2026-04-22T15:21:03+00:00\" \/>\n<meta name=\"twitter:card\" content=\"summary_large_image\" \/>\n<meta name=\"twitter:label1\" content=\"Est. reading time\" \/>\n\t<meta name=\"twitter:data1\" content=\"1 minute\" \/>\n<script type=\"application\/ld+json\" class=\"yoast-schema-graph\">{\"@context\":\"https:\/\/schema.org\",\"@graph\":[{\"@type\":\"WebPage\",\"@id\":\"https:\/\/aspres-thuir.com\/en\/hebergement\/mas-margouillat-del-cami-7\/\",\"url\":\"https:\/\/aspres-thuir.com\/en\/hebergement\/mas-margouillat-del-cami-7\/\",\"name\":\"MAS MARGOUILLAT DEL CAMI - Office de Tourisme Aspres-Thuir\",\"isPartOf\":{\"@id\":\"https:\/\/aspres-thuir.com\/en\/#website\"},\"datePublished\":\"2026-03-26T12:47:45+00:00\",\"dateModified\":\"2026-04-22T15:21:03+00:00\",\"breadcrumb\":{\"@id\":\"https:\/\/aspres-thuir.com\/en\/hebergement\/mas-margouillat-del-cami-7\/#breadcrumb\"},\"inLanguage\":\"en-US\",\"potentialAction\":[{\"@type\":\"ReadAction\",\"target\":[\"https:\/\/aspres-thuir.com\/en\/hebergement\/mas-margouillat-del-cami-7\/\"]}]},{\"@type\":\"BreadcrumbList\",\"@id\":\"https:\/\/aspres-thuir.com\/en\/hebergement\/mas-margouillat-del-cami-7\/#breadcrumb\",\"itemListElement\":[{\"@type\":\"ListItem\",\"position\":1,\"name\":\"\",\"item\":\"https:\/\/aspres-thuir.com\/en\/\"},{\"@type\":\"ListItem\",\"position\":2,\"name\":\"H\u00e9bergements\",\"item\":\"https:\/\/aspres-thuir.com\/en\/hebergement\/\"},{\"@type\":\"ListItem\",\"position\":3,\"name\":\"MAS MARGOUILLAT DEL CAMI\"}]},{\"@type\":\"WebSite\",\"@id\":\"https:\/\/aspres-thuir.com\/en\/#website\",\"url\":\"https:\/\/aspres-thuir.com\/en\/\",\"name\":\"Office de Tourisme Aspres-Thuir\",\"description\":\"\",\"potentialAction\":[{\"@type\":\"SearchAction\",\"target\":{\"@type\":\"EntryPoint\",\"urlTemplate\":\"https:\/\/aspres-thuir.com\/en\/?s={search_term_string}\"},\"query-input\":{\"@type\":\"PropertyValueSpecification\",\"valueRequired\":true,\"valueName\":\"search_term_string\"}}],\"inLanguage\":\"en-US\"}]}<\/script>\n<!-- \/ Yoast SEO plugin. -->","yoast_head_json":{"title":"MAS MARGOUILLAT DEL CAMI - Office de Tourisme Aspres-Thuir","robots":{"index":"index","follow":"follow","max-snippet":"max-snippet:-1","max-image-preview":"max-image-preview:large","max-video-preview":"max-video-preview:-1"},"canonical":"https:\/\/aspres-thuir.com\/en\/hebergement\/mas-margouillat-del-cami-7\/","og_locale":"en_US","og_type":"article","og_title":"MAS MARGOUILLAT DEL CAMI - Office de Tourisme Aspres-Thuir","og_description":"Welcome to our self-catering g\u00eete set in a peaceful vineyard in an exceptional setting, with no neighbours or neighbours opposite, facing the Alb\u00e8res and Canigou mountains. The g\u00eete adjoins the farmhouse where the owners live, and they are always on hand to help make your stay as pleasant as possible. Just a few kilometres from [&hellip;]","og_site_name":"Office de Tourisme Aspres-Thuir","article_modified_time":"2026-04-22T15:21:03+00:00","twitter_card":"summary_large_image","twitter_misc":{"Est. reading time":"1 minute"},"schema":{"@context":"https:\/\/schema.org","@graph":[{"@type":"WebPage","@id":"https:\/\/aspres-thuir.com\/en\/hebergement\/mas-margouillat-del-cami-7\/","url":"https:\/\/aspres-thuir.com\/en\/hebergement\/mas-margouillat-del-cami-7\/","name":"MAS MARGOUILLAT DEL CAMI - Office de Tourisme Aspres-Thuir","isPartOf":{"@id":"https:\/\/aspres-thuir.com\/en\/#website"},"datePublished":"2026-03-26T12:47:45+00:00","dateModified":"2026-04-22T15:21:03+00:00","breadcrumb":{"@id":"https:\/\/aspres-thuir.com\/en\/hebergement\/mas-margouillat-del-cami-7\/#breadcrumb"},"inLanguage":"en-US","potentialAction":[{"@type":"ReadAction","target":["https:\/\/aspres-thuir.com\/en\/hebergement\/mas-margouillat-del-cami-7\/"]}]},{"@type":"BreadcrumbList","@id":"https:\/\/aspres-thuir.com\/en\/hebergement\/mas-margouillat-del-cami-7\/#breadcrumb","itemListElement":[{"@type":"ListItem","position":1,"name":"","item":"https:\/\/aspres-thuir.com\/en\/"},{"@type":"ListItem","position":2,"name":"H\u00e9bergements","item":"https:\/\/aspres-thuir.com\/en\/hebergement\/"},{"@type":"ListItem","position":3,"name":"MAS MARGOUILLAT DEL CAMI"}]},{"@type":"WebSite","@id":"https:\/\/aspres-thuir.com\/en\/#website","url":"https:\/\/aspres-thuir.com\/en\/","name":"Office de Tourisme Aspres-Thuir","description":"","potentialAction":[{"@type":"SearchAction","target":{"@type":"EntryPoint","urlTemplate":"https:\/\/aspres-thuir.com\/en\/?s={search_term_string}"},"query-input":{"@type":"PropertyValueSpecification","valueRequired":true,"valueName":"search_term_string"}}],"inLanguage":"en-US"}]}},"_links":{"self":[{"href":"https:\/\/aspres-thuir.com\/en\/wp-json\/wp\/v2\/tsc_hebergement\/78140","targetHints":{"allow":["GET"]}}],"collection":[{"href":"https:\/\/aspres-thuir.com\/en\/wp-json\/wp\/v2\/tsc_hebergement"}],"about":[{"href":"https:\/\/aspres-thuir.com\/en\/wp-json\/wp\/v2\/types\/tsc_hebergement"}],"wp:attachment":[{"href":"https:\/\/aspres-thuir.com\/en\/wp-json\/wp\/v2\/media?parent=78140"}],"wp:term":[{"taxonomy":"tsc_cat_hebergement","embeddable":true,"href":"https:\/\/aspres-thuir.com\/en\/wp-json\/wp\/v2\/tsc_cat_hebergement?post=78140"}],"curies":[{"name":"wp","href":"https:\/\/api.w.org\/{rel}","templated":true}]}}

<p>Welcome to our self-catering gîte set in a peaceful vineyard in an exceptional setting, with no neighbours or neighbours opposite, facing the Albères and Canigou mountains. The gîte adjoins the farmhouse where the owners live, and they are always on hand to help make your stay as pleasant as possible. Just a few kilometres from the coast and seaside resorts. Also nearby is the spa town of Le Boulou, which offers spa and wellness breaks. On site, you&#8217;ll enjoy the swimming pool and relaxing surroundings, as well as the petanque pitch and table tennis table in a wooded park. Ground floor with separate entrance: Large living room opening onto a shaded terrace (summer kitchen, garden furniture and gas barbecue). 1st floor: kitchen, 1 attic bedroom (1 x 160cm bed), shower room (WC). Parking on the property.</p>

<!-- This site is optimized with the Yoast SEO plugin v26.9 - https://yoast.com/product/yoast-seo-wordpress/ -->
<title>MAS MARGOUILLAT DEL CAMI - Office de Tourisme Aspres-Thuir</title>
<meta name="robots" content="index, follow, max-snippet:-1, max-image-preview:large, max-video-preview:-1" />
<link rel="canonical" href="https://aspres-thuir.com/en/hebergement/mas-margouillat-del-cami-7/" />
<meta property="og:locale" content="en_US" />
<meta property="og:type" content="article" />
<meta property="og:title" content="MAS MARGOUILLAT DEL CAMI - Office de Tourisme Aspres-Thuir" />
<meta property="og:description" content="Welcome to our self-catering gîte set in a peaceful vineyard in an exceptional setting, with no neighbours or neighbours opposite, facing the Albères and Canigou mountains. The gîte adjoins the farmhouse where the owners live, and they are always on hand to help make your stay as pleasant as possible. Just a few kilometres from [&hellip;]" />
<meta property="og:site_name" content="Office de Tourisme Aspres-Thuir" />
<meta property="article:modified_time" content="2026-04-22T15:21:03+00:00" />
<meta name="twitter:card" content="summary_large_image" />
<meta name="twitter:label1" content="Est. reading time" />
	<meta name="twitter:data1" content="1 minute" />
<script type="application/ld+json" class="yoast-schema-graph">{"@context":"https://schema.org","@graph":[{"@type":"WebPage","@id":"https://aspres-thuir.com/en/hebergement/mas-margouillat-del-cami-7/","url":"https://aspres-thuir.com/en/hebergement/mas-margouillat-del-cami-7/","name":"MAS MARGOUILLAT DEL CAMI - Office de Tourisme Aspres-Thuir","isPartOf":{"@id":"https://aspres-thuir.com/en/#website"},"datePublished":"2026-03-26T12:47:45+00:00","dateModified":"2026-04-22T15:21:03+00:00","breadcrumb":{"@id":"https://aspres-thuir.com/en/hebergement/mas-margouillat-del-cami-7/#breadcrumb"},"inLanguage":"en-US","potentialAction":[{"@type":"ReadAction","target":["https://aspres-thuir.com/en/hebergement/mas-margouillat-del-cami-7/"]}]},{"@type":"BreadcrumbList","@id":"https://aspres-thuir.com/en/hebergement/mas-margouillat-del-cami-7/#breadcrumb","itemListElement":[{"@type":"ListItem","position":1,"name":"","item":"https://aspres-thuir.com/en/"},{"@type":"ListItem","position":2,"name":"Hébergements","item":"https://aspres-thuir.com/en/hebergement/"},{"@type":"ListItem","position":3,"name":"MAS MARGOUILLAT DEL CAMI"}]},{"@type":"WebSite","@id":"https://aspres-thuir.com/en/#website","url":"https://aspres-thuir.com/en/","name":"Office de Tourisme Aspres-Thuir","description":"","potentialAction":[{"@type":"SearchAction","target":{"@type":"EntryPoint","urlTemplate":"https://aspres-thuir.com/en/?s={search_term_string}"},"query-input":{"@type":"PropertyValueSpecification","valueRequired":true,"valueName":"search_term_string"}}],"inLanguage":"en-US"}]}</script>
<!-- / Yoast SEO plugin. -->

Welcome to our self-catering gîte set in a peaceful vineyard in an exceptional setting, with no neighbours or neighbours opposite, facing the Albères and Canigou mountains. The gîte adjoins the farmhouse where the owners live, and they are always on hand to help make your stay as pleasant as possible. Just a few kilometres from [&hellip;]

Hébergements
