{"version":"1.0","provider_name":"Office de Tourisme Aspres-Thuir","provider_url":"https:\/\/aspres-thuir.com\/es\/","author_name":"adminAT66","author_url":"https:\/\/aspres-thuir.com\/es\/author\/adminat66\/","title":"MR\u00a0VALZY\u00a0GILBERT - Office de Tourisme Aspres-Thuir","type":"rich","width":600,"height":338,"html":"<blockquote class=\"wp-embedded-content\" data-secret=\"qa0lgCxR0J\"><a href=\"https:\/\/aspres-thuir.com\/es\/meubles-classes\/mr-valzy-gilbert\/\">MR\u00a0VALZY\u00a0GILBERT<\/a><\/blockquote><iframe sandbox=\"allow-scripts\" security=\"restricted\" src=\"https:\/\/aspres-thuir.com\/es\/meubles-classes\/mr-valzy-gilbert\/embed\/#?secret=qa0lgCxR0J\" width=\"600\" height=\"338\" title=\"&#8220;MR\u00a0VALZY\u00a0GILBERT&#8221; &#8212; Office de Tourisme Aspres-Thuir\" data-secret=\"qa0lgCxR0J\" frameborder=\"0\" marginwidth=\"0\" marginheight=\"0\" scrolling=\"no\" class=\"wp-embedded-content\"><\/iframe><script type=\"text\/javascript\">\n\/* <![CDATA[ *\/\n\/*! This file is auto-generated *\/\n!function(d,l){\"use strict\";l.querySelector&&d.addEventListener&&\"undefined\"!=typeof URL&&(d.wp=d.wp||{},d.wp.receiveEmbedMessage||(d.wp.receiveEmbedMessage=function(e){var t=e.data;if((t||t.secret||t.message||t.value)&&!\/[^a-zA-Z0-9]\/.test(t.secret)){for(var s,r,n,a=l.querySelectorAll('iframe[data-secret=\"'+t.secret+'\"]'),o=l.querySelectorAll('blockquote[data-secret=\"'+t.secret+'\"]'),c=new RegExp(\"^https?:$\",\"i\"),i=0;i<o.length;i++)o[i].style.display=\"none\";for(i=0;i<a.length;i++)s=a[i],e.source===s.contentWindow&&(s.removeAttribute(\"style\"),\"height\"===t.message?(1e3<(r=parseInt(t.value,10))?r=1e3:~~r<200&&(r=200),s.height=r):\"link\"===t.message&&(r=new URL(s.getAttribute(\"src\")),n=new URL(t.value),c.test(n.protocol))&&n.host===r.host&&l.activeElement===s&&(d.top.location.href=t.value))}},d.addEventListener(\"message\",d.wp.receiveEmbedMessage,!1),l.addEventListener(\"DOMContentLoaded\",function(){for(var e,t,s=l.querySelectorAll(\"iframe.wp-embedded-content\"),r=0;r<s.length;r++)(t=(e=s[r]).getAttribute(\"data-secret\"))||(t=Math.random().toString(36).substring(2,12),e.src+=\"#?secret=\"+t,e.setAttribute(\"data-secret\",t)),e.contentWindow.postMessage({message:\"ready\",secret:t},\"*\")},!1)))}(window,document);\n\/* ]]> *\/\n<\/script>\n","thumbnail_url":"https:\/\/aspres-thuir.com\/wp-content\/uploads\/2023\/04\/HLOLAR066NO21476-b0.jpg","thumbnail_width":1086,"thumbnail_height":724,"description":"En el coraz\u00f3n del pueblo de Banyuls dels Aspres, &#8220;Clos Adrienne&#8221; le encantar\u00e1 durante su estancia en nuestra hermosa regi\u00f3n. En la planta baja encontrar\u00e1 un amplio sal\u00f3n con cocina americana equipada. En la primera planta encontrar\u00e1 un primer dormitorio con una cama de 160 cm, que puede o no estar conectado a un dormitorio [&hellip;]"}

En el corazón del pueblo de Banyuls dels Aspres, &#8220;Clos Adrienne&#8221; le encantará durante su estancia en nuestra hermosa región. En la planta baja encontrará un amplio salón con cocina americana equipada. En la primera planta encontrará un primer dormitorio con una cama de 160 cm, que puede o no estar conectado a un dormitorio [&hellip;]
