{"id":84414,"date":"2026-04-28T03:15:16","date_gmt":"2026-04-28T01:15:16","guid":{"rendered":"https:\/\/aspres-thuir.com\/evenement\/fete-de-la-nature\/"},"modified":"2026-04-30T03:15:11","modified_gmt":"2026-04-30T01:15:11","slug":"fete-de-la-nature","status":"publish","type":"tsc_evenement","link":"https:\/\/aspres-thuir.com\/es\/evenement\/fete-de-la-nature\/","title":{"rendered":"F\u00caTE DE LA NATURE"},"content":{"rendered":"<p>Du 20 au 25 mai 2026,  laissez-vous porter par une exp\u00e9rience unique, au plus pr\u00e8s de paysages pr\u00e9serv\u00e9s et d\u2019une biodiversit\u00e9 exceptionnelle.<br \/>\nRalentissez, respirez\u2026 et reconnectez-vous \u00e0 l\u2019essentiel.<br \/>\nLaissez-vous envo\u00fbter par les merveilles de la nature, pr\u00eates \u00e0 d\u00e9voiler leurs secrets les plus fascinants !<\/p>\n<p>\nLa F\u00eate de la Nature c\u2019est 57 activit\u00e9s propos\u00e9es sur 22 sites du d\u00e9partement !<\/p>\n<p>Le programme \u00e0 Castelnou:<\/p>\n<p>23 et 24 mai<br \/>\nGESTION DES RESSOURCES NATURELLES<br \/>\nATELIERS PARTICIPATIFS<br \/>\nde 14h30 \u00e0 17h30<br \/>\nA travers plusieurs outils p\u00e9dagogiques, venez comprendre comment faire face<br \/>\nau d\u00e9r\u00e8glement climatique (pr\u00e9vention des incendies, s\u00e9cheresse et biodiversit\u00e9)<br \/>\net d\u00e9couvrir des gestes de pr\u00e9vention simples.<\/p>\n<p>\n\u00c0 LA D\u00c9COUVERTE DU CHANT DES OISEAUX<br \/>\nBALADE ORNITHOLOGIQUE<br \/>\n\u00e0 14h et \u00e0 16h<br \/>\nVenez participer \u00e0 une balade d\u00e9couverte du chant des oiseaux dans<br \/>\nles jardins du ch\u00e2teau.<\/p>\n<p>PLANTES COMESTIBLES ET MEDICINALES<br \/>\nBALADE BOTANIQUE<br \/>\n\u00e0 11h et \u00e0 14h30<br \/>\nSuivez notre sp\u00e9cialiste dans les jardins du parc du ch\u00e2teau pour d\u00e9couvrir les<br \/>\nplantes end\u00e9miques et celles qui ornent nos paysages.<\/p>\n","protected":false},"featured_media":0,"template":"","meta":{"_acf_changed":false,"_et_pb_use_builder":"","_et_pb_old_content":"","_et_gb_content_width":""},"tsc_cat_evenement":[1114],"class_list":["post-84414","tsc_evenement","type-tsc_evenement","status-publish","hentry","tsc_cat_evenement-stage-atelier"],"acf":[],"yoast_head":"<!-- This site is optimized with the Yoast SEO plugin v26.9 - https:\/\/yoast.com\/product\/yoast-seo-wordpress\/ -->\n<title>F\u00caTE DE LA NATURE - Office de Tourisme Aspres-Thuir<\/title>\n<meta name=\"robots\" content=\"index, follow, max-snippet:-1, max-image-preview:large, max-video-preview:-1\" \/>\n<link rel=\"canonical\" href=\"https:\/\/aspres-thuir.com\/es\/evenement\/fete-de-la-nature\/\" \/>\n<meta property=\"og:locale\" content=\"es_ES\" \/>\n<meta property=\"og:type\" content=\"article\" \/>\n<meta property=\"og:title\" content=\"F\u00caTE DE LA NATURE - Office de Tourisme Aspres-Thuir\" \/>\n<meta property=\"og:description\" content=\"Du 20 au 25 mai 2026, laissez-vous porter par une exp\u00e9rience unique, au plus pr\u00e8s de paysages pr\u00e9serv\u00e9s et d\u2019une biodiversit\u00e9 exceptionnelle. Ralentissez, respirez\u2026 et reconnectez-vous \u00e0 l\u2019essentiel. Laissez-vous envo\u00fbter par les merveilles de la nature, pr\u00eates \u00e0 d\u00e9voiler leurs secrets les plus fascinants ! La F\u00eate de la Nature c\u2019est 57 activit\u00e9s propos\u00e9es sur [&hellip;]\" \/>\n<meta property=\"og:site_name\" content=\"Office de Tourisme Aspres-Thuir\" \/>\n<meta property=\"article:modified_time\" content=\"2026-04-30T01:15:11+00:00\" \/>\n<meta name=\"twitter:card\" content=\"summary_large_image\" \/>\n<meta name=\"twitter:label1\" content=\"Est. reading time\" \/>\n\t<meta name=\"twitter:data1\" content=\"1 minute\" \/>\n<script type=\"application\/ld+json\" class=\"yoast-schema-graph\">{\"@context\":\"https:\/\/schema.org\",\"@graph\":[{\"@type\":\"WebPage\",\"@id\":\"https:\/\/aspres-thuir.com\/es\/evenement\/fete-de-la-nature\/\",\"url\":\"https:\/\/aspres-thuir.com\/es\/evenement\/fete-de-la-nature\/\",\"name\":\"F\u00caTE DE LA NATURE - Office de Tourisme Aspres-Thuir\",\"isPartOf\":{\"@id\":\"https:\/\/aspres-thuir.com\/es\/#website\"},\"datePublished\":\"2026-04-28T01:15:16+00:00\",\"dateModified\":\"2026-04-30T01:15:11+00:00\",\"breadcrumb\":{\"@id\":\"https:\/\/aspres-thuir.com\/es\/evenement\/fete-de-la-nature\/#breadcrumb\"},\"inLanguage\":\"es-ES\",\"potentialAction\":[{\"@type\":\"ReadAction\",\"target\":[\"https:\/\/aspres-thuir.com\/es\/evenement\/fete-de-la-nature\/\"]}]},{\"@type\":\"BreadcrumbList\",\"@id\":\"https:\/\/aspres-thuir.com\/es\/evenement\/fete-de-la-nature\/#breadcrumb\",\"itemListElement\":[{\"@type\":\"ListItem\",\"position\":1,\"name\":\"\",\"item\":\"https:\/\/aspres-thuir.com\/es\/\"},{\"@type\":\"ListItem\",\"position\":2,\"name\":\"\u00c9v\u00e9nements\",\"item\":\"https:\/\/aspres-thuir.com\/es\/evenement\/\"},{\"@type\":\"ListItem\",\"position\":3,\"name\":\"F\u00caTE DE LA NATURE\"}]},{\"@type\":\"WebSite\",\"@id\":\"https:\/\/aspres-thuir.com\/es\/#website\",\"url\":\"https:\/\/aspres-thuir.com\/es\/\",\"name\":\"Office de Tourisme Aspres-Thuir\",\"description\":\"\",\"potentialAction\":[{\"@type\":\"SearchAction\",\"target\":{\"@type\":\"EntryPoint\",\"urlTemplate\":\"https:\/\/aspres-thuir.com\/es\/?s={search_term_string}\"},\"query-input\":{\"@type\":\"PropertyValueSpecification\",\"valueRequired\":true,\"valueName\":\"search_term_string\"}}],\"inLanguage\":\"es-ES\"}]}<\/script>\n<!-- \/ Yoast SEO plugin. -->","yoast_head_json":{"title":"F\u00caTE DE LA NATURE - Office de Tourisme Aspres-Thuir","robots":{"index":"index","follow":"follow","max-snippet":"max-snippet:-1","max-image-preview":"max-image-preview:large","max-video-preview":"max-video-preview:-1"},"canonical":"https:\/\/aspres-thuir.com\/es\/evenement\/fete-de-la-nature\/","og_locale":"es_ES","og_type":"article","og_title":"F\u00caTE DE LA NATURE - Office de Tourisme Aspres-Thuir","og_description":"Du 20 au 25 mai 2026, laissez-vous porter par une exp\u00e9rience unique, au plus pr\u00e8s de paysages pr\u00e9serv\u00e9s et d\u2019une biodiversit\u00e9 exceptionnelle. Ralentissez, respirez\u2026 et reconnectez-vous \u00e0 l\u2019essentiel. Laissez-vous envo\u00fbter par les merveilles de la nature, pr\u00eates \u00e0 d\u00e9voiler leurs secrets les plus fascinants ! La F\u00eate de la Nature c\u2019est 57 activit\u00e9s propos\u00e9es sur [&hellip;]","og_site_name":"Office de Tourisme Aspres-Thuir","article_modified_time":"2026-04-30T01:15:11+00:00","twitter_card":"summary_large_image","twitter_misc":{"Est. reading time":"1 minute"},"schema":{"@context":"https:\/\/schema.org","@graph":[{"@type":"WebPage","@id":"https:\/\/aspres-thuir.com\/es\/evenement\/fete-de-la-nature\/","url":"https:\/\/aspres-thuir.com\/es\/evenement\/fete-de-la-nature\/","name":"F\u00caTE DE LA NATURE - Office de Tourisme Aspres-Thuir","isPartOf":{"@id":"https:\/\/aspres-thuir.com\/es\/#website"},"datePublished":"2026-04-28T01:15:16+00:00","dateModified":"2026-04-30T01:15:11+00:00","breadcrumb":{"@id":"https:\/\/aspres-thuir.com\/es\/evenement\/fete-de-la-nature\/#breadcrumb"},"inLanguage":"es-ES","potentialAction":[{"@type":"ReadAction","target":["https:\/\/aspres-thuir.com\/es\/evenement\/fete-de-la-nature\/"]}]},{"@type":"BreadcrumbList","@id":"https:\/\/aspres-thuir.com\/es\/evenement\/fete-de-la-nature\/#breadcrumb","itemListElement":[{"@type":"ListItem","position":1,"name":"","item":"https:\/\/aspres-thuir.com\/es\/"},{"@type":"ListItem","position":2,"name":"\u00c9v\u00e9nements","item":"https:\/\/aspres-thuir.com\/es\/evenement\/"},{"@type":"ListItem","position":3,"name":"F\u00caTE DE LA NATURE"}]},{"@type":"WebSite","@id":"https:\/\/aspres-thuir.com\/es\/#website","url":"https:\/\/aspres-thuir.com\/es\/","name":"Office de Tourisme Aspres-Thuir","description":"","potentialAction":[{"@type":"SearchAction","target":{"@type":"EntryPoint","urlTemplate":"https:\/\/aspres-thuir.com\/es\/?s={search_term_string}"},"query-input":{"@type":"PropertyValueSpecification","valueRequired":true,"valueName":"search_term_string"}}],"inLanguage":"es-ES"}]}},"_links":{"self":[{"href":"https:\/\/aspres-thuir.com\/es\/wp-json\/wp\/v2\/tsc_evenement\/84414","targetHints":{"allow":["GET"]}}],"collection":[{"href":"https:\/\/aspres-thuir.com\/es\/wp-json\/wp\/v2\/tsc_evenement"}],"about":[{"href":"https:\/\/aspres-thuir.com\/es\/wp-json\/wp\/v2\/types\/tsc_evenement"}],"wp:attachment":[{"href":"https:\/\/aspres-thuir.com\/es\/wp-json\/wp\/v2\/media?parent=84414"}],"wp:term":[{"taxonomy":"tsc_cat_evenement","embeddable":true,"href":"https:\/\/aspres-thuir.com\/es\/wp-json\/wp\/v2\/tsc_cat_evenement?post=84414"}],"curies":[{"name":"wp","href":"https:\/\/api.w.org\/{rel}","templated":true}]}}

FÊTE DE LA NATURE

<p>Du 20 au 25 mai 2026,  laissez-vous porter par une expérience unique, au plus près de paysages préservés et d’une biodiversité exceptionnelle.<br />
Ralentissez, respirez… et reconnectez-vous à l’essentiel.<br />
Laissez-vous envoûter par les merveilles de la nature, prêtes à dévoiler leurs secrets les plus fascinants !</p>
<p>
La Fête de la Nature c’est 57 activités proposées sur 22 sites du département !</p>
<p>Le programme à Castelnou:</p>
<p>23 et 24 mai<br />
GESTION DES RESSOURCES NATURELLES<br />
ATELIERS PARTICIPATIFS<br />
de 14h30 à 17h30<br />
A travers plusieurs outils pédagogiques, venez comprendre comment faire face<br />
au dérèglement climatique (prévention des incendies, sécheresse et biodiversité)<br />
et découvrir des gestes de prévention simples.</p>
<p>
À LA DÉCOUVERTE DU CHANT DES OISEAUX<br />
BALADE ORNITHOLOGIQUE<br />
à 14h et à 16h<br />
Venez participer à une balade découverte du chant des oiseaux dans<br />
les jardins du château.</p>
<p>PLANTES COMESTIBLES ET MEDICINALES<br />
BALADE BOTANIQUE<br />
à 11h et à 14h30<br />
Suivez notre spécialiste dans les jardins du parc du château pour découvrir les<br />
plantes endémiques et celles qui ornent nos paysages.</p>

<!-- This site is optimized with the Yoast SEO plugin v26.9 - https://yoast.com/product/yoast-seo-wordpress/ -->
<title>FÊTE DE LA NATURE - Office de Tourisme Aspres-Thuir</title>
<meta name="robots" content="index, follow, max-snippet:-1, max-image-preview:large, max-video-preview:-1" />
<link rel="canonical" href="https://aspres-thuir.com/es/evenement/fete-de-la-nature/" />
<meta property="og:locale" content="es_ES" />
<meta property="og:type" content="article" />
<meta property="og:title" content="FÊTE DE LA NATURE - Office de Tourisme Aspres-Thuir" />
<meta property="og:description" content="Du 20 au 25 mai 2026, laissez-vous porter par une expérience unique, au plus près de paysages préservés et d’une biodiversité exceptionnelle. Ralentissez, respirez… et reconnectez-vous à l’essentiel. Laissez-vous envoûter par les merveilles de la nature, prêtes à dévoiler leurs secrets les plus fascinants ! La Fête de la Nature c’est 57 activités proposées sur [&hellip;]" />
<meta property="og:site_name" content="Office de Tourisme Aspres-Thuir" />
<meta property="article:modified_time" content="2026-04-30T01:15:11+00:00" />
<meta name="twitter:card" content="summary_large_image" />
<meta name="twitter:label1" content="Est. reading time" />
	<meta name="twitter:data1" content="1 minute" />
<script type="application/ld+json" class="yoast-schema-graph">{"@context":"https://schema.org","@graph":[{"@type":"WebPage","@id":"https://aspres-thuir.com/es/evenement/fete-de-la-nature/","url":"https://aspres-thuir.com/es/evenement/fete-de-la-nature/","name":"FÊTE DE LA NATURE - Office de Tourisme Aspres-Thuir","isPartOf":{"@id":"https://aspres-thuir.com/es/#website"},"datePublished":"2026-04-28T01:15:16+00:00","dateModified":"2026-04-30T01:15:11+00:00","breadcrumb":{"@id":"https://aspres-thuir.com/es/evenement/fete-de-la-nature/#breadcrumb"},"inLanguage":"es-ES","potentialAction":[{"@type":"ReadAction","target":["https://aspres-thuir.com/es/evenement/fete-de-la-nature/"]}]},{"@type":"BreadcrumbList","@id":"https://aspres-thuir.com/es/evenement/fete-de-la-nature/#breadcrumb","itemListElement":[{"@type":"ListItem","position":1,"name":"","item":"https://aspres-thuir.com/es/"},{"@type":"ListItem","position":2,"name":"Événements","item":"https://aspres-thuir.com/es/evenement/"},{"@type":"ListItem","position":3,"name":"FÊTE DE LA NATURE"}]},{"@type":"WebSite","@id":"https://aspres-thuir.com/es/#website","url":"https://aspres-thuir.com/es/","name":"Office de Tourisme Aspres-Thuir","description":"","potentialAction":[{"@type":"SearchAction","target":{"@type":"EntryPoint","urlTemplate":"https://aspres-thuir.com/es/?s={search_term_string}"},"query-input":{"@type":"PropertyValueSpecification","valueRequired":true,"valueName":"search_term_string"}}],"inLanguage":"es-ES"}]}</script>
<!-- / Yoast SEO plugin. -->

FÊTE DE LA NATURE - Office de Tourisme Aspres-Thuir

Du 20 au 25 mai 2026, laissez-vous porter par une expérience unique, au plus près de paysages préservés et d’une biodiversité exceptionnelle. Ralentissez, respirez… et reconnectez-vous à l’essentiel. Laissez-vous envoûter par les merveilles de la nature, prêtes à dévoiler leurs secrets les plus fascinants ! La Fête de la Nature c’est 57 activités proposées sur [&hellip;]

Événements
