{"id":84444,"date":"2026-04-29T03:15:11","date_gmt":"2026-04-29T01:15:11","guid":{"rendered":"https:\/\/aspres-thuir.com\/evenement\/gala-de-danse-de-latelier-danse-moderne-thuir\/"},"modified":"2026-04-29T03:15:11","modified_gmt":"2026-04-29T01:15:11","slug":"gala-de-danse-de-latelier-danse-moderne-thuir","status":"publish","type":"tsc_evenement","link":"https:\/\/aspres-thuir.com\/es\/evenement\/gala-de-danse-de-latelier-danse-moderne-thuir\/","title":{"rendered":"GALA DE DANSE DE L&#8217;ATELIER DANSE MODERNE THUIR"},"content":{"rendered":"<p>\u200bL\u2019Atelier de Danse Moderne de Thuir pr\u00e9sente son gala 2026 : &#8220;Silence, \u00e7a danse !&#8221; <\/p>\n<p>\u200bUn voyage au c\u0153ur du 7\u00e8me art que nous pr\u00e9parons avec passion avec tous nos \u00e9l\u00e8ves !<br \/>\n Ouverture de la billetterie en ligne prochainement&#8230; restez \u00e0 l&#8217;aff\u00fbt <\/p>\n<p>\u200b Partagez l&#8217;affiche sans mod\u00e9ration ! Graphisme r\u00e9alis\u00e9 par @manonsala. <\/p>\n<p>LES DATES :<br \/>\n* Samedi 27juin \u00e0 20h30<br \/>\n* Dimanche 28 juin \u00e0 16h<br \/>\nDur\u00e9e : 1h30 + 20min d&#8217;entracte.<br \/>\nLe gala se d\u00e9roulera au magnifique Th\u00e9\u00e2tre des Aspres \u00e0 Thuir.<br \/>\nLa billetterie sera prochainement en ligne !<br \/>\nVenez nombreux applaudir nos artistes et partager un moment de danse et d&#8217;\u00e9motion !<\/p>\n","protected":false},"featured_media":0,"template":"","meta":{"_acf_changed":false,"_et_pb_use_builder":"","_et_pb_old_content":"","_et_gb_content_width":""},"tsc_cat_evenement":[1113],"class_list":["post-84444","tsc_evenement","type-tsc_evenement","status-publish","hentry","tsc_cat_evenement-spectacle"],"acf":[],"yoast_head":"<!-- This site is optimized with the Yoast SEO plugin v26.9 - https:\/\/yoast.com\/product\/yoast-seo-wordpress\/ -->\n<title>GALA DE DANSE DE L&#039;ATELIER DANSE MODERNE THUIR - Office de Tourisme Aspres-Thuir<\/title>\n<meta name=\"robots\" content=\"index, follow, max-snippet:-1, max-image-preview:large, max-video-preview:-1\" \/>\n<link rel=\"canonical\" href=\"https:\/\/aspres-thuir.com\/es\/evenement\/gala-de-danse-de-latelier-danse-moderne-thuir\/\" \/>\n<meta property=\"og:locale\" content=\"es_ES\" \/>\n<meta property=\"og:type\" content=\"article\" \/>\n<meta property=\"og:title\" content=\"GALA DE DANSE DE L&#039;ATELIER DANSE MODERNE THUIR - Office de Tourisme Aspres-Thuir\" \/>\n<meta property=\"og:description\" content=\"\u200bL\u2019Atelier de Danse Moderne de Thuir pr\u00e9sente son gala 2026 : &#8220;Silence, \u00e7a danse !&#8221; \u200bUn voyage au c\u0153ur du 7\u00e8me art que nous pr\u00e9parons avec passion avec tous nos \u00e9l\u00e8ves ! Ouverture de la billetterie en ligne prochainement&#8230; restez \u00e0 l&#8217;aff\u00fbt \u200b Partagez l&#8217;affiche sans mod\u00e9ration ! Graphisme r\u00e9alis\u00e9 par @manonsala. LES DATES : [&hellip;]\" \/>\n<meta property=\"og:site_name\" content=\"Office de Tourisme Aspres-Thuir\" \/>\n<meta name=\"twitter:card\" content=\"summary_large_image\" \/>\n<script type=\"application\/ld+json\" class=\"yoast-schema-graph\">{\"@context\":\"https:\/\/schema.org\",\"@graph\":[{\"@type\":\"WebPage\",\"@id\":\"https:\/\/aspres-thuir.com\/es\/evenement\/gala-de-danse-de-latelier-danse-moderne-thuir\/\",\"url\":\"https:\/\/aspres-thuir.com\/es\/evenement\/gala-de-danse-de-latelier-danse-moderne-thuir\/\",\"name\":\"GALA DE DANSE DE L'ATELIER DANSE MODERNE THUIR - Office de Tourisme Aspres-Thuir\",\"isPartOf\":{\"@id\":\"https:\/\/aspres-thuir.com\/es\/#website\"},\"datePublished\":\"2026-04-29T01:15:11+00:00\",\"breadcrumb\":{\"@id\":\"https:\/\/aspres-thuir.com\/es\/evenement\/gala-de-danse-de-latelier-danse-moderne-thuir\/#breadcrumb\"},\"inLanguage\":\"es-ES\",\"potentialAction\":[{\"@type\":\"ReadAction\",\"target\":[\"https:\/\/aspres-thuir.com\/es\/evenement\/gala-de-danse-de-latelier-danse-moderne-thuir\/\"]}]},{\"@type\":\"BreadcrumbList\",\"@id\":\"https:\/\/aspres-thuir.com\/es\/evenement\/gala-de-danse-de-latelier-danse-moderne-thuir\/#breadcrumb\",\"itemListElement\":[{\"@type\":\"ListItem\",\"position\":1,\"name\":\"\",\"item\":\"https:\/\/aspres-thuir.com\/es\/\"},{\"@type\":\"ListItem\",\"position\":2,\"name\":\"\u00c9v\u00e9nements\",\"item\":\"https:\/\/aspres-thuir.com\/es\/evenement\/\"},{\"@type\":\"ListItem\",\"position\":3,\"name\":\"GALA DE DANSE DE L&#8217;ATELIER DANSE MODERNE THUIR\"}]},{\"@type\":\"WebSite\",\"@id\":\"https:\/\/aspres-thuir.com\/es\/#website\",\"url\":\"https:\/\/aspres-thuir.com\/es\/\",\"name\":\"Office de Tourisme Aspres-Thuir\",\"description\":\"\",\"potentialAction\":[{\"@type\":\"SearchAction\",\"target\":{\"@type\":\"EntryPoint\",\"urlTemplate\":\"https:\/\/aspres-thuir.com\/es\/?s={search_term_string}\"},\"query-input\":{\"@type\":\"PropertyValueSpecification\",\"valueRequired\":true,\"valueName\":\"search_term_string\"}}],\"inLanguage\":\"es-ES\"}]}<\/script>\n<!-- \/ Yoast SEO plugin. -->","yoast_head_json":{"title":"GALA DE DANSE DE L'ATELIER DANSE MODERNE THUIR - Office de Tourisme Aspres-Thuir","robots":{"index":"index","follow":"follow","max-snippet":"max-snippet:-1","max-image-preview":"max-image-preview:large","max-video-preview":"max-video-preview:-1"},"canonical":"https:\/\/aspres-thuir.com\/es\/evenement\/gala-de-danse-de-latelier-danse-moderne-thuir\/","og_locale":"es_ES","og_type":"article","og_title":"GALA DE DANSE DE L'ATELIER DANSE MODERNE THUIR - Office de Tourisme Aspres-Thuir","og_description":"\u200bL\u2019Atelier de Danse Moderne de Thuir pr\u00e9sente son gala 2026 : &#8220;Silence, \u00e7a danse !&#8221; \u200bUn voyage au c\u0153ur du 7\u00e8me art que nous pr\u00e9parons avec passion avec tous nos \u00e9l\u00e8ves ! Ouverture de la billetterie en ligne prochainement&#8230; restez \u00e0 l&#8217;aff\u00fbt \u200b Partagez l&#8217;affiche sans mod\u00e9ration ! Graphisme r\u00e9alis\u00e9 par @manonsala. LES DATES : [&hellip;]","og_site_name":"Office de Tourisme Aspres-Thuir","twitter_card":"summary_large_image","schema":{"@context":"https:\/\/schema.org","@graph":[{"@type":"WebPage","@id":"https:\/\/aspres-thuir.com\/es\/evenement\/gala-de-danse-de-latelier-danse-moderne-thuir\/","url":"https:\/\/aspres-thuir.com\/es\/evenement\/gala-de-danse-de-latelier-danse-moderne-thuir\/","name":"GALA DE DANSE DE L'ATELIER DANSE MODERNE THUIR - Office de Tourisme Aspres-Thuir","isPartOf":{"@id":"https:\/\/aspres-thuir.com\/es\/#website"},"datePublished":"2026-04-29T01:15:11+00:00","breadcrumb":{"@id":"https:\/\/aspres-thuir.com\/es\/evenement\/gala-de-danse-de-latelier-danse-moderne-thuir\/#breadcrumb"},"inLanguage":"es-ES","potentialAction":[{"@type":"ReadAction","target":["https:\/\/aspres-thuir.com\/es\/evenement\/gala-de-danse-de-latelier-danse-moderne-thuir\/"]}]},{"@type":"BreadcrumbList","@id":"https:\/\/aspres-thuir.com\/es\/evenement\/gala-de-danse-de-latelier-danse-moderne-thuir\/#breadcrumb","itemListElement":[{"@type":"ListItem","position":1,"name":"","item":"https:\/\/aspres-thuir.com\/es\/"},{"@type":"ListItem","position":2,"name":"\u00c9v\u00e9nements","item":"https:\/\/aspres-thuir.com\/es\/evenement\/"},{"@type":"ListItem","position":3,"name":"GALA DE DANSE DE L&#8217;ATELIER DANSE MODERNE THUIR"}]},{"@type":"WebSite","@id":"https:\/\/aspres-thuir.com\/es\/#website","url":"https:\/\/aspres-thuir.com\/es\/","name":"Office de Tourisme Aspres-Thuir","description":"","potentialAction":[{"@type":"SearchAction","target":{"@type":"EntryPoint","urlTemplate":"https:\/\/aspres-thuir.com\/es\/?s={search_term_string}"},"query-input":{"@type":"PropertyValueSpecification","valueRequired":true,"valueName":"search_term_string"}}],"inLanguage":"es-ES"}]}},"_links":{"self":[{"href":"https:\/\/aspres-thuir.com\/es\/wp-json\/wp\/v2\/tsc_evenement\/84444","targetHints":{"allow":["GET"]}}],"collection":[{"href":"https:\/\/aspres-thuir.com\/es\/wp-json\/wp\/v2\/tsc_evenement"}],"about":[{"href":"https:\/\/aspres-thuir.com\/es\/wp-json\/wp\/v2\/types\/tsc_evenement"}],"wp:attachment":[{"href":"https:\/\/aspres-thuir.com\/es\/wp-json\/wp\/v2\/media?parent=84444"}],"wp:term":[{"taxonomy":"tsc_cat_evenement","embeddable":true,"href":"https:\/\/aspres-thuir.com\/es\/wp-json\/wp\/v2\/tsc_cat_evenement?post=84444"}],"curies":[{"name":"wp","href":"https:\/\/api.w.org\/{rel}","templated":true}]}}

<p>​L’Atelier de Danse Moderne de Thuir présente son gala 2026 : &#8220;Silence, ça danse !&#8221; </p>
<p>​Un voyage au cœur du 7ème art que nous préparons avec passion avec tous nos élèves !<br />
 Ouverture de la billetterie en ligne prochainement&#8230; restez à l&#8217;affût </p>
<p>​ Partagez l&#8217;affiche sans modération ! Graphisme réalisé par @manonsala. </p>
<p>LES DATES :<br />
* Samedi 27juin à 20h30<br />
* Dimanche 28 juin à 16h<br />
Durée : 1h30 + 20min d&#8217;entracte.<br />
Le gala se déroulera au magnifique Théâtre des Aspres à Thuir.<br />
La billetterie sera prochainement en ligne !<br />
Venez nombreux applaudir nos artistes et partager un moment de danse et d&#8217;émotion !</p>

<!-- This site is optimized with the Yoast SEO plugin v26.9 - https://yoast.com/product/yoast-seo-wordpress/ -->
<title>GALA DE DANSE DE L&#039;ATELIER DANSE MODERNE THUIR - Office de Tourisme Aspres-Thuir</title>
<meta name="robots" content="index, follow, max-snippet:-1, max-image-preview:large, max-video-preview:-1" />
<link rel="canonical" href="https://aspres-thuir.com/es/evenement/gala-de-danse-de-latelier-danse-moderne-thuir/" />
<meta property="og:locale" content="es_ES" />
<meta property="og:type" content="article" />
<meta property="og:title" content="GALA DE DANSE DE L&#039;ATELIER DANSE MODERNE THUIR - Office de Tourisme Aspres-Thuir" />
<meta property="og:description" content="​L’Atelier de Danse Moderne de Thuir présente son gala 2026 : &#8220;Silence, ça danse !&#8221; ​Un voyage au cœur du 7ème art que nous préparons avec passion avec tous nos élèves ! Ouverture de la billetterie en ligne prochainement&#8230; restez à l&#8217;affût ​ Partagez l&#8217;affiche sans modération ! Graphisme réalisé par @manonsala. LES DATES : [&hellip;]" />
<meta property="og:site_name" content="Office de Tourisme Aspres-Thuir" />
<meta name="twitter:card" content="summary_large_image" />
<script type="application/ld+json" class="yoast-schema-graph">{"@context":"https://schema.org","@graph":[{"@type":"WebPage","@id":"https://aspres-thuir.com/es/evenement/gala-de-danse-de-latelier-danse-moderne-thuir/","url":"https://aspres-thuir.com/es/evenement/gala-de-danse-de-latelier-danse-moderne-thuir/","name":"GALA DE DANSE DE L'ATELIER DANSE MODERNE THUIR - Office de Tourisme Aspres-Thuir","isPartOf":{"@id":"https://aspres-thuir.com/es/#website"},"datePublished":"2026-04-29T01:15:11+00:00","breadcrumb":{"@id":"https://aspres-thuir.com/es/evenement/gala-de-danse-de-latelier-danse-moderne-thuir/#breadcrumb"},"inLanguage":"es-ES","potentialAction":[{"@type":"ReadAction","target":["https://aspres-thuir.com/es/evenement/gala-de-danse-de-latelier-danse-moderne-thuir/"]}]},{"@type":"BreadcrumbList","@id":"https://aspres-thuir.com/es/evenement/gala-de-danse-de-latelier-danse-moderne-thuir/#breadcrumb","itemListElement":[{"@type":"ListItem","position":1,"name":"","item":"https://aspres-thuir.com/es/"},{"@type":"ListItem","position":2,"name":"Événements","item":"https://aspres-thuir.com/es/evenement/"},{"@type":"ListItem","position":3,"name":"GALA DE DANSE DE L&#8217;ATELIER DANSE MODERNE THUIR"}]},{"@type":"WebSite","@id":"https://aspres-thuir.com/es/#website","url":"https://aspres-thuir.com/es/","name":"Office de Tourisme Aspres-Thuir","description":"","potentialAction":[{"@type":"SearchAction","target":{"@type":"EntryPoint","urlTemplate":"https://aspres-thuir.com/es/?s={search_term_string}"},"query-input":{"@type":"PropertyValueSpecification","valueRequired":true,"valueName":"search_term_string"}}],"inLanguage":"es-ES"}]}</script>
<!-- / Yoast SEO plugin. -->

​L’Atelier de Danse Moderne de Thuir présente son gala 2026 : &#8220;Silence, ça danse !&#8221; ​Un voyage au cœur du 7ème art que nous préparons avec passion avec tous nos élèves ! Ouverture de la billetterie en ligne prochainement&#8230; restez à l&#8217;affût ​ Partagez l&#8217;affiche sans modération ! Graphisme réalisé par @manonsala. LES DATES : [&hellip;]

Événements
