{"id":77962,"date":"2026-03-26T13:47:31","date_gmt":"2026-03-26T12:47:31","guid":{"rendered":"https:\/\/aspres-thuir.com\/hebergement\/hotel-cortie-2\/"},"modified":"2026-04-22T17:20:02","modified_gmt":"2026-04-22T15:20:02","slug":"hotel-cortie-2","status":"publish","type":"tsc_hebergement","link":"https:\/\/aspres-thuir.com\/es\/hebergement\/hotel-cortie-2\/","title":{"rendered":"HOTEL CORTIE"},"content":{"rendered":"<p>El Hotel Restaurante CORTIE le da la bienvenida todo el a\u00f1o desde 1902 y desde 2011 de la mano de la familia MAYEUX. <br \/>\nEste establecimiento, situado en pleno centro de Thuir, es perfecto para los viajeros que buscan reponer fuerzas durante su estancia. Reconocido por su ambiente familiar, su ubicaci\u00f3n tranquila en un callej\u00f3n sin salida y la calidad de su restaurante, que s\u00f3lo utiliza productos frescos, en la medida de lo posible de nuestra hermosa regi\u00f3n, y est\u00e1 cerca de muchas atracciones, el H\u00f4tel Cortie le permite disfrutar plenamente de lo mejor que Thuir tiene para ofrecer. <br \/>\nEquipadas con TV de pantalla plana, aire acondicionado y escritorio, las habitaciones ofrecen todo el confort que necesita.  Algunas habitaciones disponen de terraza privada y otras de balc\u00f3n, para que las noches de verano sean un placer.<\/p>\n","protected":false},"featured_media":0,"template":"","meta":{"_acf_changed":false,"_et_pb_use_builder":"","_et_pb_old_content":"","_et_gb_content_width":""},"tsc_cat_hebergement":[],"class_list":["post-77962","tsc_hebergement","type-tsc_hebergement","status-publish","hentry"],"acf":[],"yoast_head":"<!-- This site is optimized with the Yoast SEO plugin v26.9 - https:\/\/yoast.com\/product\/yoast-seo-wordpress\/ -->\n<title>HOTEL CORTIE - Office de Tourisme Aspres-Thuir<\/title>\n<meta name=\"robots\" content=\"index, follow, max-snippet:-1, max-image-preview:large, max-video-preview:-1\" \/>\n<link rel=\"canonical\" href=\"https:\/\/aspres-thuir.com\/es\/hebergement\/hotel-cortie-2\/\" \/>\n<meta property=\"og:locale\" content=\"es_ES\" \/>\n<meta property=\"og:type\" content=\"article\" \/>\n<meta property=\"og:title\" content=\"HOTEL CORTIE - Office de Tourisme Aspres-Thuir\" \/>\n<meta property=\"og:description\" content=\"El Hotel Restaurante CORTIE le da la bienvenida todo el a\u00f1o desde 1902 y desde 2011 de la mano de la familia MAYEUX. Este establecimiento, situado en pleno centro de Thuir, es perfecto para los viajeros que buscan reponer fuerzas durante su estancia. Reconocido por su ambiente familiar, su ubicaci\u00f3n tranquila en un callej\u00f3n sin [&hellip;]\" \/>\n<meta property=\"og:site_name\" content=\"Office de Tourisme Aspres-Thuir\" \/>\n<meta property=\"article:modified_time\" content=\"2026-04-22T15:20:02+00:00\" \/>\n<meta name=\"twitter:card\" content=\"summary_large_image\" \/>\n<meta name=\"twitter:label1\" content=\"Est. reading time\" \/>\n\t<meta name=\"twitter:data1\" content=\"1 minute\" \/>\n<script type=\"application\/ld+json\" class=\"yoast-schema-graph\">{\"@context\":\"https:\/\/schema.org\",\"@graph\":[{\"@type\":\"WebPage\",\"@id\":\"https:\/\/aspres-thuir.com\/es\/hebergement\/hotel-cortie-2\/\",\"url\":\"https:\/\/aspres-thuir.com\/es\/hebergement\/hotel-cortie-2\/\",\"name\":\"HOTEL CORTIE - Office de Tourisme Aspres-Thuir\",\"isPartOf\":{\"@id\":\"https:\/\/aspres-thuir.com\/es\/#website\"},\"datePublished\":\"2026-03-26T12:47:31+00:00\",\"dateModified\":\"2026-04-22T15:20:02+00:00\",\"breadcrumb\":{\"@id\":\"https:\/\/aspres-thuir.com\/es\/hebergement\/hotel-cortie-2\/#breadcrumb\"},\"inLanguage\":\"es-ES\",\"potentialAction\":[{\"@type\":\"ReadAction\",\"target\":[\"https:\/\/aspres-thuir.com\/es\/hebergement\/hotel-cortie-2\/\"]}]},{\"@type\":\"BreadcrumbList\",\"@id\":\"https:\/\/aspres-thuir.com\/es\/hebergement\/hotel-cortie-2\/#breadcrumb\",\"itemListElement\":[{\"@type\":\"ListItem\",\"position\":1,\"name\":\"\",\"item\":\"https:\/\/aspres-thuir.com\/es\/\"},{\"@type\":\"ListItem\",\"position\":2,\"name\":\"H\u00e9bergements\",\"item\":\"https:\/\/aspres-thuir.com\/es\/hebergement\/\"},{\"@type\":\"ListItem\",\"position\":3,\"name\":\"HOTEL CORTIE\"}]},{\"@type\":\"WebSite\",\"@id\":\"https:\/\/aspres-thuir.com\/es\/#website\",\"url\":\"https:\/\/aspres-thuir.com\/es\/\",\"name\":\"Office de Tourisme Aspres-Thuir\",\"description\":\"\",\"potentialAction\":[{\"@type\":\"SearchAction\",\"target\":{\"@type\":\"EntryPoint\",\"urlTemplate\":\"https:\/\/aspres-thuir.com\/es\/?s={search_term_string}\"},\"query-input\":{\"@type\":\"PropertyValueSpecification\",\"valueRequired\":true,\"valueName\":\"search_term_string\"}}],\"inLanguage\":\"es-ES\"}]}<\/script>\n<!-- \/ Yoast SEO plugin. -->","yoast_head_json":{"title":"HOTEL CORTIE - Office de Tourisme Aspres-Thuir","robots":{"index":"index","follow":"follow","max-snippet":"max-snippet:-1","max-image-preview":"max-image-preview:large","max-video-preview":"max-video-preview:-1"},"canonical":"https:\/\/aspres-thuir.com\/es\/hebergement\/hotel-cortie-2\/","og_locale":"es_ES","og_type":"article","og_title":"HOTEL CORTIE - Office de Tourisme Aspres-Thuir","og_description":"El Hotel Restaurante CORTIE le da la bienvenida todo el a\u00f1o desde 1902 y desde 2011 de la mano de la familia MAYEUX. Este establecimiento, situado en pleno centro de Thuir, es perfecto para los viajeros que buscan reponer fuerzas durante su estancia. Reconocido por su ambiente familiar, su ubicaci\u00f3n tranquila en un callej\u00f3n sin [&hellip;]","og_site_name":"Office de Tourisme Aspres-Thuir","article_modified_time":"2026-04-22T15:20:02+00:00","twitter_card":"summary_large_image","twitter_misc":{"Est. reading time":"1 minute"},"schema":{"@context":"https:\/\/schema.org","@graph":[{"@type":"WebPage","@id":"https:\/\/aspres-thuir.com\/es\/hebergement\/hotel-cortie-2\/","url":"https:\/\/aspres-thuir.com\/es\/hebergement\/hotel-cortie-2\/","name":"HOTEL CORTIE - Office de Tourisme Aspres-Thuir","isPartOf":{"@id":"https:\/\/aspres-thuir.com\/es\/#website"},"datePublished":"2026-03-26T12:47:31+00:00","dateModified":"2026-04-22T15:20:02+00:00","breadcrumb":{"@id":"https:\/\/aspres-thuir.com\/es\/hebergement\/hotel-cortie-2\/#breadcrumb"},"inLanguage":"es-ES","potentialAction":[{"@type":"ReadAction","target":["https:\/\/aspres-thuir.com\/es\/hebergement\/hotel-cortie-2\/"]}]},{"@type":"BreadcrumbList","@id":"https:\/\/aspres-thuir.com\/es\/hebergement\/hotel-cortie-2\/#breadcrumb","itemListElement":[{"@type":"ListItem","position":1,"name":"","item":"https:\/\/aspres-thuir.com\/es\/"},{"@type":"ListItem","position":2,"name":"H\u00e9bergements","item":"https:\/\/aspres-thuir.com\/es\/hebergement\/"},{"@type":"ListItem","position":3,"name":"HOTEL CORTIE"}]},{"@type":"WebSite","@id":"https:\/\/aspres-thuir.com\/es\/#website","url":"https:\/\/aspres-thuir.com\/es\/","name":"Office de Tourisme Aspres-Thuir","description":"","potentialAction":[{"@type":"SearchAction","target":{"@type":"EntryPoint","urlTemplate":"https:\/\/aspres-thuir.com\/es\/?s={search_term_string}"},"query-input":{"@type":"PropertyValueSpecification","valueRequired":true,"valueName":"search_term_string"}}],"inLanguage":"es-ES"}]}},"_links":{"self":[{"href":"https:\/\/aspres-thuir.com\/es\/wp-json\/wp\/v2\/tsc_hebergement\/77962","targetHints":{"allow":["GET"]}}],"collection":[{"href":"https:\/\/aspres-thuir.com\/es\/wp-json\/wp\/v2\/tsc_hebergement"}],"about":[{"href":"https:\/\/aspres-thuir.com\/es\/wp-json\/wp\/v2\/types\/tsc_hebergement"}],"wp:attachment":[{"href":"https:\/\/aspres-thuir.com\/es\/wp-json\/wp\/v2\/media?parent=77962"}],"wp:term":[{"taxonomy":"tsc_cat_hebergement","embeddable":true,"href":"https:\/\/aspres-thuir.com\/es\/wp-json\/wp\/v2\/tsc_cat_hebergement?post=77962"}],"curies":[{"name":"wp","href":"https:\/\/api.w.org\/{rel}","templated":true}]}}

<p>El Hotel Restaurante CORTIE le da la bienvenida todo el año desde 1902 y desde 2011 de la mano de la familia MAYEUX. <br />
Este establecimiento, situado en pleno centro de Thuir, es perfecto para los viajeros que buscan reponer fuerzas durante su estancia. Reconocido por su ambiente familiar, su ubicación tranquila en un callejón sin salida y la calidad de su restaurante, que sólo utiliza productos frescos, en la medida de lo posible de nuestra hermosa región, y está cerca de muchas atracciones, el Hôtel Cortie le permite disfrutar plenamente de lo mejor que Thuir tiene para ofrecer. <br />
Equipadas con TV de pantalla plana, aire acondicionado y escritorio, las habitaciones ofrecen todo el confort que necesita.  Algunas habitaciones disponen de terraza privada y otras de balcón, para que las noches de verano sean un placer.</p>

<!-- This site is optimized with the Yoast SEO plugin v26.9 - https://yoast.com/product/yoast-seo-wordpress/ -->
<title>HOTEL CORTIE - Office de Tourisme Aspres-Thuir</title>
<meta name="robots" content="index, follow, max-snippet:-1, max-image-preview:large, max-video-preview:-1" />
<link rel="canonical" href="https://aspres-thuir.com/es/hebergement/hotel-cortie-2/" />
<meta property="og:locale" content="es_ES" />
<meta property="og:type" content="article" />
<meta property="og:title" content="HOTEL CORTIE - Office de Tourisme Aspres-Thuir" />
<meta property="og:description" content="El Hotel Restaurante CORTIE le da la bienvenida todo el año desde 1902 y desde 2011 de la mano de la familia MAYEUX. Este establecimiento, situado en pleno centro de Thuir, es perfecto para los viajeros que buscan reponer fuerzas durante su estancia. Reconocido por su ambiente familiar, su ubicación tranquila en un callejón sin [&hellip;]" />
<meta property="og:site_name" content="Office de Tourisme Aspres-Thuir" />
<meta property="article:modified_time" content="2026-04-22T15:20:02+00:00" />
<meta name="twitter:card" content="summary_large_image" />
<meta name="twitter:label1" content="Est. reading time" />
	<meta name="twitter:data1" content="1 minute" />
<script type="application/ld+json" class="yoast-schema-graph">{"@context":"https://schema.org","@graph":[{"@type":"WebPage","@id":"https://aspres-thuir.com/es/hebergement/hotel-cortie-2/","url":"https://aspres-thuir.com/es/hebergement/hotel-cortie-2/","name":"HOTEL CORTIE - Office de Tourisme Aspres-Thuir","isPartOf":{"@id":"https://aspres-thuir.com/es/#website"},"datePublished":"2026-03-26T12:47:31+00:00","dateModified":"2026-04-22T15:20:02+00:00","breadcrumb":{"@id":"https://aspres-thuir.com/es/hebergement/hotel-cortie-2/#breadcrumb"},"inLanguage":"es-ES","potentialAction":[{"@type":"ReadAction","target":["https://aspres-thuir.com/es/hebergement/hotel-cortie-2/"]}]},{"@type":"BreadcrumbList","@id":"https://aspres-thuir.com/es/hebergement/hotel-cortie-2/#breadcrumb","itemListElement":[{"@type":"ListItem","position":1,"name":"","item":"https://aspres-thuir.com/es/"},{"@type":"ListItem","position":2,"name":"Hébergements","item":"https://aspres-thuir.com/es/hebergement/"},{"@type":"ListItem","position":3,"name":"HOTEL CORTIE"}]},{"@type":"WebSite","@id":"https://aspres-thuir.com/es/#website","url":"https://aspres-thuir.com/es/","name":"Office de Tourisme Aspres-Thuir","description":"","potentialAction":[{"@type":"SearchAction","target":{"@type":"EntryPoint","urlTemplate":"https://aspres-thuir.com/es/?s={search_term_string}"},"query-input":{"@type":"PropertyValueSpecification","valueRequired":true,"valueName":"search_term_string"}}],"inLanguage":"es-ES"}]}</script>
<!-- / Yoast SEO plugin. -->

El Hotel Restaurante CORTIE le da la bienvenida todo el año desde 1902 y desde 2011 de la mano de la familia MAYEUX. Este establecimiento, situado en pleno centro de Thuir, es perfecto para los viajeros que buscan reponer fuerzas durante su estancia. Reconocido por su ambiente familiar, su ubicación tranquila en un callejón sin [&hellip;]

Hébergements
